{"id":1161,"date":"2023-02-01T14:58:55","date_gmt":"2023-02-01T13:58:55","guid":{"rendered":"https:\/\/agora.xtec.cat\/ins-latalaia\/?page_id=1161"},"modified":"2025-03-17T09:30:42","modified_gmt":"2025-03-17T08:30:42","slug":"preinscripcio-i-matricula","status":"publish","type":"page","link":"https:\/\/agora.xtec.cat\/ins-latalaia\/secretaria\/preinscripcio-i-matricula\/","title":{"rendered":"Preinscripci\u00f3 i matr\u00edcula"},"content":{"rendered":"<p><a href=\"https:\/\/agora.xtec.cat\/ins-latalaia\/wp-content\/uploads\/usu2131\/2023\/02\/Preinscripcio-matricula.jpg\"><img loading=\"lazy\" decoding=\"async\" class=\"alignnone size-full wp-image-1243\" src=\"https:\/\/agora.xtec.cat\/ins-latalaia\/wp-content\/uploads\/usu2131\/2023\/02\/Preinscripcio-matricula.jpg\" alt=\"\" width=\"227\" height=\"222\" \/><\/a><\/p>\n<ul>\n<li><a href=\"https:\/\/agora.xtec.cat\/ins-latalaia\/secretaria\/preinscripcio-i-matricula-a-leso\/\">Preinscripci\u00f3 i matr\u00edcula a l&#8217;Educaci\u00f3 Secund\u00e0ria Obligat\u00f2ria (<strong>ESO<\/strong>)<\/a><\/li>\n<li><a href=\"https:\/\/agora.xtec.cat\/ins-latalaia\/secretaria\/preinscripcio-i-matricula\/preinscripcio-i-matricula-al-batxillerat\/\">Preinscripci\u00f3 i matr\u00edcula al <strong>Batxillerat<\/strong><\/a>. Oferim tres modalitats de Batxillerat: Arts, Ci\u00e8ncies i tecnologia, i Humanitats i ci\u00e8ncies socials.<\/li>\n<li><a href=\"https:\/\/agora.xtec.cat\/ins-latalaia\/secretaria\/preinscripcio-i-matricula\/preinscripcio-i-matricula-al-cicle-formatiu-de-grau-mitja-cfgm-de-jardineria-i-floristeria\/\">Preinscripci\u00f3 i matr\u00edcula al Cicle Formatiu de Grau Mitj\u00e0 (CFGM) de <strong><strong><strong>Jardineria i Floristeria<\/strong><\/strong><\/strong><\/a><\/li>\n<li><a href=\"https:\/\/agora.xtec.cat\/ins-latalaia\/secretaria\/preinscripcio-i-matricula\/preinscripcio-i-matricula_ptt\/\">Preinscripci\u00f3 i matr\u00edcula al Pla de Transici\u00f3 al Treball (PTT) d&#8217;<strong>Auxiliar de Vivers i Jardins<\/strong><\/a>, que \u00e9s un tipus de Programa de Formaci\u00f3 i Inserci\u00f3 (PFI)<\/li>\n<\/ul>\n<h4>Dates de preinscripci\u00f3 i matr\u00edcula del curs 2025-2026<\/h4>\n<p align=\"justify\"><b>Educaci\u00f3 secund\u00e0ria obligat\u00f2ria<\/b><\/p>\n<p style=\"padding-left: 40px;\" align=\"justify\">Presentaci\u00f3 de sol\u00b7licituds: del <strong>14 <\/strong><strong>al 26 de mar\u00e7<\/strong>, ambd\u00f3s inclosos.<\/p>\n<p style=\"padding-left: 40px;\" align=\"justify\">Matr\u00edcula: del <strong>25 de juny al 3 de juliol<\/strong>, ambd\u00f3s inclosos.<\/p>\n<p align=\"justify\"><b>Batxillerat<\/b><\/p>\n<p style=\"padding-left: 40px;\" align=\"justify\">Presentaci\u00f3 de sol\u00b7licituds: del <strong>3 al 10 d&#8217;abril<\/strong>, ambd\u00f3s inclosos.<\/p>\n<p style=\"padding-left: 40px;\" align=\"justify\">Matr\u00edcula: del <strong>20 al 30 de juny<\/strong>, ambd\u00f3s inclosos.<\/p>\n<p align=\"justify\"><b>Cicles de formaci\u00f3 professional de grau mitj\u00e0<\/b><\/p>\n<p style=\"padding-left: 40px;\" align=\"justify\">Presentaci\u00f3 de sol\u00b7licituds: del <strong>23 al 29 de maig<\/strong>, ambd\u00f3s inclosos<\/p>\n<p style=\"padding-left: 40px;\" align=\"justify\">Taules d&#8217;assignaci\u00f3: 10 de juliol, 18 de juliol, 29 de juliol.<\/p>\n<p align=\"justify\"><b>Pla de Transici\u00f3 al Treball (PTT) d\u2019Auxiliar de Vivers i Jardins<\/b><\/p>\n<p style=\"padding-left: 40px;\" align=\"justify\">Presentaci\u00f3 de sol\u00b7licituds: del <strong>6 al 13 de maig<\/strong>, ambd\u00f3s inclosos.<\/p>\n<p style=\"padding-left: 40px;\" align=\"justify\">Entrevistes d&#8217;orientaci\u00f3 i valoraci\u00f3: del <strong>6 al 27 de maig<\/strong>, ambd\u00f3s inclosos.<\/p>\n<p style=\"padding-left: 40px;\" align=\"justify\">Matr\u00edcula: del <strong>7 a l&#8217;11 de juliol<\/strong>, ambd\u00f3s inclosos.<\/p>\n<p align=\"justify\">Podeu trobar m\u00e9s informaci\u00f3\u00a0al <a href=\"https:\/\/preinscripcio.gencat.cat\/ca\/inici\/\" target=\"_blank\" rel=\"noopener noreferrer\"><strong>lloc web de PREINSCRIPCI\u00d3 del Departament d&#8217;Educaci\u00f3 i Formaci\u00f3 Professional<\/strong><\/a>.<\/p>\n<p style=\"text-align: right;\" align=\"justify\">Actualitzat a data: 17.03.2025<\/p>\n","protected":false},"excerpt":{"rendered":"<p><a href=\"https:\/\/agora.xtec.cat\/ins-latalaia\/wp-content\/uploads\/usu2131\/2023\/02\/Preinscripcio-matricula.jpg\"><\/a><\/p>\n<ul>\n<li><a href=\"https:\/\/agora.xtec.cat\/ins-latalaia\/secretaria\/preinscripcio-i-matricula-a-leso\/\">Preinscripci\u00f3 i matr\u00edcula a l&#8217;Educaci\u00f3 Secund\u00e0ria Obligat\u00f2ria (ESO)<\/a><\/li>\n<li><a href=\"https:\/\/agora.xtec.cat\/ins-latalaia\/secretaria\/preinscripcio-i-matricula\/preinscripcio-i-matricula-al-batxillerat\/\">Preinscripci\u00f3 i matr\u00edcula al Batxillerat<\/a>. Oferim tres modalitats de Batxillerat: Arts, Ci\u00e8ncies i tecnologia, i Humanitats i ci\u00e8ncies socials.<\/li>\n<li><a href=\"https:\/\/agora.xtec.cat\/ins-latalaia\/secretaria\/preinscripcio-i-matricula\/preinscripcio-i-matricula-al-cicle-formatiu-de-grau-mitja-cfgm-de-jardineria-i-floristeria\/\">Preinscripci\u00f3 i matr\u00edcula al Cicle Formatiu de Grau Mitj\u00e0 (CFGM) de Jardineria i Floristeria<\/a><\/li>\n<li><a href=\"https:\/\/agora.xtec.cat\/ins-latalaia\/secretaria\/preinscripcio-i-matricula\/preinscripcio-i-matricula_ptt\/\">Preinscripci\u00f3 i&hellip;  <a href=\"https:\/\/agora.xtec.cat\/ins-latalaia\/secretaria\/preinscripcio-i-matricula\/\" title=\"Read Preinscripci\u00f3 i matr\u00edcula\">Llegeix m\u00e9s\u00bb<\/a><br \/>\n","protected":false},"author":50,"featured_media":0,"parent":81,"menu_order":0,"comment_status":"closed","ping_status":"closed","template":"","meta":{"_bbp_topic_count":0,"_bbp_reply_count":0,"_bbp_total_topic_count":0,"_bbp_total_reply_count":0,"_bbp_voice_count":0,"_bbp_anonymous_reply_count":0,"_bbp_topic_count_hidden":0,"_bbp_reply_count_hidden":0,"_bbp_forum_subforum_count":0,"footnotes":""},"class_list":["post-1161","page","type-page","status-publish","hentry"],"post_mailing_queue_ids":[],"_links":{"self":[{"href":"https:\/\/agora.xtec.cat\/ins-latalaia\/wp-json\/wp\/v2\/pages\/1161","targetHints":{"allow":["GET"]}}],"collection":[{"href":"https:\/\/agora.xtec.cat\/ins-latalaia\/wp-json\/wp\/v2\/pages"}],"about":[{"href":"https:\/\/agora.xtec.cat\/ins-latalaia\/wp-json\/wp\/v2\/types\/page"}],"author":[{"embeddable":true,"href":"https:\/\/agora.xtec.cat\/ins-latalaia\/wp-json\/wp\/v2\/users\/50"}],"replies":[{"embeddable":true,"href":"https:\/\/agora.xtec.cat\/ins-latalaia\/wp-json\/wp\/v2\/comments?post=1161"}],"version-history":[{"count":7,"href":"https:\/\/agora.xtec.cat\/ins-latalaia\/wp-json\/wp\/v2\/pages\/1161\/revisions"}],"predecessor-version":[{"id":1897,"href":"https:\/\/agora.xtec.cat\/ins-latalaia\/wp-json\/wp\/v2\/pages\/1161\/revisions\/1897"}],"up":[{"embeddable":true,"href":"https:\/\/agora.xtec.cat\/ins-latalaia\/wp-json\/wp\/v2\/pages\/81"}],"wp:attachment":[{"href":"https:\/\/agora.xtec.cat\/ins-latalaia\/wp-json\/wp\/v2\/media?parent=1161"}],"curies":[{"name":"wp","href":"https:\/\/api.w.org\/{rel}","templated":true}]}}