{"id":427,"date":"2017-03-08T16:51:52","date_gmt":"2017-03-08T15:51:52","guid":{"rendered":"http:\/\/agora.xtec.cat\/ins-lamitjana\/?page_id=427"},"modified":"2017-03-08T16:51:52","modified_gmt":"2017-03-08T15:51:52","slug":"salut-i-escola","status":"publish","type":"page","link":"https:\/\/agora.xtec.cat\/ins-lamitjana\/serveis\/salut-i-escola\/","title":{"rendered":"Salut i escola"},"content":{"rendered":"<div class=\"border-start bgGrey\">\n<div id=\"impacteContainer\">\n<div class=\"fpca_subcapcalera bgGrey\">\n<div class=\"container\">\n<div class=\"row\">\n<div class=\"capcelera_basica col-sm-12\">\n<div class=\"capcelera_basica_cont\">\n<h1 class=\"titulo-capcalera\" style=\"text-align: justify;\"><img loading=\"lazy\" decoding=\"async\" class=\"size-full wp-image-428 aligncenter\" src=\"http:\/\/agora.xtec.cat\/ins-lamitjana\/wp-content\/uploads\/usu108\/2017\/03\/salut_escola.jpg\" alt=\"salut_escola\" width=\"372\" height=\"135\" srcset=\"https:\/\/agora.xtec.cat\/ins-lamitjana\/wp-content\/uploads\/usu108\/2017\/03\/salut_escola.jpg 372w, https:\/\/agora.xtec.cat\/ins-lamitjana\/wp-content\/uploads\/usu108\/2017\/03\/salut_escola-300x109.jpg 300w\" sizes=\"auto, (max-width: 372px) 100vw, 372px\" \/><\/h1>\n<\/div>\n<\/div>\n<\/div>\n<\/div>\n<\/div>\n<\/div>\n<\/div>\n<section class=\"padding-xs padding-sm padding-md colorSectionEven\">\n<article class=\"container fullcontainer-xs\">\n<div class=\"row\">\n<div>\n<div id=\"center_1R\">\n<div id=\"90b5188d-32c9-11e4-b688-000c29b9da6a\" class=\"fpca_article pd-15\">\n<div style=\"text-align: justify;\">\n<div>\n<div class=\"row\">\n<div class=\"basic_text col-xs-12 pd-30 off-margin-bottom pd-15\"><\/div>\n<div class=\"basic_text_peq col-xs-12\">\n<div class=\"pd-15x\">\n<p>Els nous reptes que afronta la societat a causa de la transformaci\u00f3 de les estructures, els valors i les funcions familiars, comunit\u00e0ries i socials tenen en el medi escolar una manifestaci\u00f3 especial.<\/p>\n<p>El centre educatiu, com a espai natural per a l&#8217;aprenentatge, l&#8217;educaci\u00f3 i la formaci\u00f3 integral de la persona, \u00e9s tamb\u00e9 el lloc on es manifesten m\u00e9s preco\u00e7ment els signes d&#8217;alerta sobre problemes de salut, en els quals una detecci\u00f3 preco\u00e7 pot ser la primera acci\u00f3 per iniciar un proc\u00e9s d&#8217;ajuda a les necessitats, sovint no expressades, per\u00f2 s\u00ed manifestades per mitj\u00e0 de conductes.<\/p>\n<p>\u00c9s per aix\u00f2 que el Departament d&#8217;Educaci\u00f3 i el Departament de Salut posen en marxa, l&#8217;octubre de 2004, el programa &#8220;Salut i escola&#8221; (PSiE), amb el prop\u00f2sit de potenciar la coordinaci\u00f3 dels centres docents, els serveis educatius i els serveis sanitaris en accions de promoci\u00f3 de la salut i d&#8217;atenci\u00f3 a l&#8217;alumnat.<\/p>\n<\/div>\n<\/div>\n<\/div>\n<\/div>\n<\/div>\n<div style=\"text-align: justify;\">\n<div>\n<div class=\"row\">\n<h2 class=\"basic_title col-sm-12 pd-10\">Objectius<\/h2>\n<div class=\"col-xs-12\">\n<div class=\"cos_bloc basic_text_peq pd-15\">\n<ul>\n<li>Apropar els serveis de salut als centres docents i als adolescents, mitjan\u00e7ant la consulta oberta als centres d&#8217;educaci\u00f3 secund\u00e0ria amb les m\u00e0ximes garanties d&#8217;intimitat.<\/li>\n<li>Facilitar la promoci\u00f3 d&#8217;actituds i h\u00e0bits saludables (factors protectors) amb actuacions d&#8217;educaci\u00f3 per a la salut.<\/li>\n<li>Reduir els comportaments que poden afectar negativament la salut (factors de risc).<\/li>\n<li>Detecci\u00f3 preco\u00e7 dels problemes de salut a fi d&#8217;intervenir al m\u00e9s aviat possible.<\/li>\n<\/ul>\n<\/div>\n<\/div>\n<\/div>\n<\/div>\n<\/div>\n<div style=\"text-align: justify;\">\n<div>\n<div class=\"row\">\n<h2 class=\"basic_title col-sm-12 pd-10\">Eixos fonamentals<\/h2>\n<div class=\"col-xs-12\">\n<div class=\"cos_bloc basic_text_peq pd-15\">Els eixos fonamentals d&#8217;actuaci\u00f3 del PSiE s\u00f3n:<\/p>\n<ul>\n<li>la salut mental<\/li>\n<li>la salut afectiva i sexual<\/li>\n<li>el consum de drogues legals i il\u00b7legals<\/li>\n<li>els trastorns de la conducta aliment\u00e0ria<\/li>\n<\/ul>\n<\/div>\n<\/div>\n<\/div>\n<\/div>\n<\/div>\n<div>\n<div>\n<div class=\"row\">\n<h2 class=\"basic_title col-sm-12 pd-10\" style=\"text-align: justify;\">Material relacionat<\/h2>\n<div class=\"col-sm-8\" style=\"text-align: justify;\"><\/div>\n<div class=\"col-sm-12 col-xs-12\">\n<div class=\"inform_relacionada\">\n<div>\n<div class=\"llistat_enllacos_filet\">\n<ul class=\"llistat_enllacos_filet_cont list-group llista-subhome one-column\">\n<li class=\"list-group-item col-sm-12 ico_\" style=\"text-align: justify;\"><a title=\"Guia d'implantaci\u00f3\" href=\"http:\/\/salutweb.gencat.cat\/web\/.content\/home\/ambits_tematics\/per_perfils\/centres_educatius\/programa_salut_i_escola\/documents\/arxius\/salutescola.pdf\"> Guia d&#8217;implantaci\u00f3 <img decoding=\"async\" class=\"icon-document\" src=\"http:\/\/salutweb.gencat.cat\/web\/resources\/fwkResponsives\/common\/img\/NG_ico_pdf.png\" alt=\"pdf icon\" \/> <span class=\"size-document\">[671,04 KB ]<\/span> <\/a>\n<div class=\"descEnllac\">El document que presentem a continuaci\u00f3 representa, en el marc general del PSiE, una guia que serveix d&#8217;instrument d&#8217;orientaci\u00f3 amb relaci\u00f3 a les accions que cal dur a terme per a la implantaci\u00f3 del PSiE i el seguiment i l&#8217;avaluaci\u00f3 del programa als centres sanitaris i educatius de Catalunya. Aquesta guia pret\u00e9n convertir-se en una eina de treball \u00e0gil i \u00fatil per al territori i en una refer\u00e8ncia per a l&#8217;acci\u00f3 dels diferents agents implicats.<\/div>\n<\/li>\n<li class=\"list-group-item col-sm-12 ico_\" style=\"text-align: justify;\"><a title=\"Orientacions per a l'educaci\u00f3 afectiva i sexual\" href=\"http:\/\/salutweb.gencat.cat\/web\/.content\/home\/ambits_tematics\/per_perfils\/centres_educatius\/programa_salut_i_escola\/documents\/arxius\/sansex.pdf\"> Orientacions per a l&#8217;educaci\u00f3 afectiva i sexual <img decoding=\"async\" class=\"icon-document\" src=\"http:\/\/salutweb.gencat.cat\/web\/resources\/fwkResponsives\/common\/img\/NG_ico_pdf.png\" alt=\"pdf icon\" \/> <span class=\"size-document\">[854,81 KB ]<\/span> <\/a>\n<div class=\"descEnllac\">La finalitat d&#8217;aquest material \u00e9s proporcionar a diversos tipus de professionals de l&#8217;educaci\u00f3 i de la salut un conjunt d&#8217;orientacions i recursos per desenvolupar activitats relacionades amb l&#8217;educaci\u00f3 afectiva i sexual en el segon cicle d&#8217;ESO.<\/div>\n<\/li>\n<li class=\"list-group-item col-sm-12 ico_\"><a title=\"Estudi sobre conductes relacionades amb la salut dels alumnes de 3r i 4t d'ESO a Catalunya. Curs escolar 2005-2006\" href=\"http:\/\/salutweb.gencat.cat\/web\/.content\/home\/ambits_tematics\/per_perfils\/centres_educatius\/programa_salut_i_escola\/documents\/arxius\/34eso.pdf\"> Estudi sobre conductes relacionades amb la salut dels alumnes de 3r i 4t d&#8217;ESO a Catalunya. Curs escolar 2005-2006 <img decoding=\"async\" class=\"icon-document\" src=\"http:\/\/salutweb.gencat.cat\/web\/resources\/fwkResponsives\/common\/img\/NG_ico_pdf.png\" alt=\"pdf icon\" \/> <span class=\"size-document\">[511,15 KB ]<\/span> <\/a>\n<div class=\"descEnllac\" style=\"text-align: justify;\">Aquest estudi permet mesurar i avaluar la magnitud i la distribuci\u00f3 dels h\u00e0bits i conductes relacionades amb la salut dels alumnes als quals s\u2019adre\u00e7a el PSiE a una mostra de la poblaci\u00f3 diana representativa de Catalunya i de les regions sanit\u00e0ries, amb l&#8217;objectiu de tenir dades i elements de suport per a la presa de decisions pel que fa a la planificaci\u00f3 i a la gesti\u00f3 del programa.<\/div>\n<\/li>\n<\/ul>\n<\/div>\n<\/div>\n<\/div>\n<\/div>\n<\/div>\n<\/div>\n<\/div>\n<\/div>\n<\/div>\n<\/div>\n<\/div>\n<\/article>\n<\/section>\n","protected":false},"excerpt":{"rendered":"<p>Els nous reptes que afronta la societat a causa de la transformaci\u00f3 de les estructures, els valors i les funcions familiars, comunit\u00e0ries i socials tenen en el medi escolar una manifestaci\u00f3 especial.<br \/>\nEl centre educatiu, com a espai natural per a l&#8217;aprenentatge, l&#8217;educaci\u00f3 i la formaci\u00f3&hellip;  <a href=\"https:\/\/agora.xtec.cat\/ins-lamitjana\/serveis\/salut-i-escola\/\" title=\"Read Salut i escola\">Llegeix m\u00e9s\u00bb<\/a><\/p>\n","protected":false},"author":1,"featured_media":0,"parent":63,"menu_order":0,"comment_status":"closed","ping_status":"closed","template":"page-templates\/side-menu.php","meta":{"_bbp_topic_count":0,"_bbp_reply_count":0,"_bbp_total_topic_count":0,"_bbp_total_reply_count":0,"_bbp_voice_count":0,"_bbp_anonymous_reply_count":0,"_bbp_topic_count_hidden":0,"_bbp_reply_count_hidden":0,"_bbp_forum_subforum_count":0,"footnotes":""},"class_list":["post-427","page","type-page","status-publish","hentry"],"post_mailing_queue_ids":[],"_links":{"self":[{"href":"https:\/\/agora.xtec.cat\/ins-lamitjana\/wp-json\/wp\/v2\/pages\/427","targetHints":{"allow":["GET"]}}],"collection":[{"href":"https:\/\/agora.xtec.cat\/ins-lamitjana\/wp-json\/wp\/v2\/pages"}],"about":[{"href":"https:\/\/agora.xtec.cat\/ins-lamitjana\/wp-json\/wp\/v2\/types\/page"}],"author":[{"embeddable":true,"href":"https:\/\/agora.xtec.cat\/ins-lamitjana\/wp-json\/wp\/v2\/users\/1"}],"replies":[{"embeddable":true,"href":"https:\/\/agora.xtec.cat\/ins-lamitjana\/wp-json\/wp\/v2\/comments?post=427"}],"version-history":[{"count":1,"href":"https:\/\/agora.xtec.cat\/ins-lamitjana\/wp-json\/wp\/v2\/pages\/427\/revisions"}],"predecessor-version":[{"id":429,"href":"https:\/\/agora.xtec.cat\/ins-lamitjana\/wp-json\/wp\/v2\/pages\/427\/revisions\/429"}],"up":[{"embeddable":true,"href":"https:\/\/agora.xtec.cat\/ins-lamitjana\/wp-json\/wp\/v2\/pages\/63"}],"wp:attachment":[{"href":"https:\/\/agora.xtec.cat\/ins-lamitjana\/wp-json\/wp\/v2\/media?parent=427"}],"curies":[{"name":"wp","href":"https:\/\/api.w.org\/{rel}","templated":true}]}}