{"id":10954,"date":"2019-12-17T18:49:18","date_gmt":"2019-12-17T17:49:18","guid":{"rendered":"https:\/\/agora.xtec.cat\/ins-lamitjana\/?page_id=10954"},"modified":"2019-12-17T18:51:14","modified_gmt":"2019-12-17T17:51:14","slug":"servei-de-menjador","status":"publish","type":"page","link":"https:\/\/agora.xtec.cat\/ins-lamitjana\/serveis\/servei-de-menjador\/","title":{"rendered":"Servei de menjador"},"content":{"rendered":"<h4 style=\"text-align: justify;\"><strong>El servei de menjador.<\/strong><\/h4>\n<p style=\"text-align: justify;\">Pot utilitzar-se de manera continuada o espor\u00e0dica. Per ambd\u00f3s casos cal avisar als encarregats\/des de cuina. El servei de menjador t\u00e9 un horari de 15:00h a 16:00h<\/p>\n<p style=\"text-align: center;\"><a href=\"http:\/\/agora.xtec.cat\/ins-lamitjana\/general\/nova-app-servei-de-menjador\/\"><img loading=\"lazy\" decoding=\"async\" class=\"aligncenter wp-image-435\" src=\"http:\/\/agora.xtec.cat\/ins-lamitjana\/wp-content\/uploads\/usu108\/2014\/09\/MENJADOR.png\" alt=\"menjador\" width=\"132\" height=\"153\" srcset=\"https:\/\/agora.xtec.cat\/ins-lamitjana\/wp-content\/uploads\/usu108\/2014\/09\/MENJADOR.png 268w, https:\/\/agora.xtec.cat\/ins-lamitjana\/wp-content\/uploads\/usu108\/2014\/09\/MENJADOR-259x300.png 259w\" sizes=\"auto, (max-width: 132px) 100vw, 132px\" \/><\/a><a href=\"http:\/\/agora.xtec.cat\/ins-lamitjana\/general\/nova-app-servei-de-menjador\/\"><img loading=\"lazy\" decoding=\"async\" class=\"aligncenter wp-image-9830 size-full\" src=\"http:\/\/agora.xtec.cat\/ins-lamitjana\/wp-content\/uploads\/usu108\/2018\/09\/2018-09-05_183010.jpg\" alt=\"\" width=\"184\" height=\"149\" \/><\/a><a href=\"http:\/\/agora.xtec.cat\/ins-lamitjana\/app-sercodaga\/\" target=\"_blank\" rel=\"noopener noreferrer\">DESCARREGA L&#8217;APP PER CON\u00c8IXER ELS MEN\u00daS<\/a><\/p>\n<p style=\"text-align: justify;\"><span style=\"color: #0000ff;\"><sub>RESOLUCI\u00d3 ENS\/1479\/2015, de 23 de juny, per la qual es determina el preu m\u00e0xim de la prestaci\u00f3 del servei escolar de menjador dels centres educatius de titularitat del Departament d&#8217;Ensenyament per al curs 2015-2016.<\/sub><\/span><br \/>\n<span style=\"color: #0000ff;\"><sub>Es fixar el preu m\u00e0xim de la prestaci\u00f3 del servei escolar de menjador dels centres educatius de titularitat del Departament d\u2019Ensenyament per al curs escolar 2017-2018, amb car\u00e0cter general en la quantitat de 6,50 euros\/alumne\/dia, IVA incl\u00f2s.<\/sub><\/span><br \/>\n<span style=\"color: #0000ff;\"><sub>El preu m\u00e0xim d\u2019aquesta prestaci\u00f3 es pot augmentar, excepcionalment, mitjan\u00e7ant l\u2019autoritzaci\u00f3 pr\u00e8via dels serveis territorials corresponents.<\/sub><\/span><\/p>\n<p><span style=\"color: #0000ff;\"><sub>El preu m\u00e0xim compren:<\/sub><\/span><br \/>\n<span style=\"color: #0000ff;\"><sub>&#8211; l\u2019\u00e0pat,<\/sub><\/span><br \/>\n<span style=\"color: #0000ff;\"><sub>&#8211; l\u2019atenci\u00f3 directa a l\u2019alumnat durant el temps de la prestaci\u00f3 del servei de menjador i els per\u00edodes de temps anteriors i posteriors, des de que acaben les classes del mat\u00ed fins que comencen les ACTIVITATS de la tarda amb una durada m\u00e0xima de dues hores i mitja en total.<\/sub><\/span><\/p>\n","protected":false},"excerpt":{"rendered":"<p>El servei de menjador.<br \/>\nPot utilitzar-se de manera continuada o espor\u00e0dica. Per ambd\u00f3s casos cal avisar als encarregats\/des de cuina. El servei de menjador t\u00e9 un horari de 15:00h a 16:00h<br \/>\n<a href=\"http:\/\/agora.xtec.cat\/ins-lamitjana\/general\/nova-app-servei-de-menjador\/\"><\/a><a href=\"http:\/\/agora.xtec.cat\/ins-lamitjana\/general\/nova-app-servei-de-menjador\/\"><\/a><a href=\"http:\/\/agora.xtec.cat\/ins-lamitjana\/app-sercodaga\/\" target=\"_blank\" rel=\"noopener noreferrer\">DESCARREGA L&#8217;APP PER CON\u00c8IXER ELS MEN\u00daS<\/a><br \/>\nRESOLUCI\u00d3 ENS\/1479\/2015, de 23 de&hellip;  <a href=\"https:\/\/agora.xtec.cat\/ins-lamitjana\/serveis\/servei-de-menjador\/\" title=\"Read Servei de menjador\">Llegeix m\u00e9s\u00bb<\/a><\/p>\n","protected":false},"author":1,"featured_media":0,"parent":63,"menu_order":0,"comment_status":"closed","ping_status":"closed","template":"page-templates\/side-menu.php","meta":{"_bbp_topic_count":0,"_bbp_reply_count":0,"_bbp_total_topic_count":0,"_bbp_total_reply_count":0,"_bbp_voice_count":0,"_bbp_anonymous_reply_count":0,"_bbp_topic_count_hidden":0,"_bbp_reply_count_hidden":0,"_bbp_forum_subforum_count":0,"footnotes":""},"class_list":["post-10954","page","type-page","status-publish","hentry"],"post_mailing_queue_ids":[],"_links":{"self":[{"href":"https:\/\/agora.xtec.cat\/ins-lamitjana\/wp-json\/wp\/v2\/pages\/10954","targetHints":{"allow":["GET"]}}],"collection":[{"href":"https:\/\/agora.xtec.cat\/ins-lamitjana\/wp-json\/wp\/v2\/pages"}],"about":[{"href":"https:\/\/agora.xtec.cat\/ins-lamitjana\/wp-json\/wp\/v2\/types\/page"}],"author":[{"embeddable":true,"href":"https:\/\/agora.xtec.cat\/ins-lamitjana\/wp-json\/wp\/v2\/users\/1"}],"replies":[{"embeddable":true,"href":"https:\/\/agora.xtec.cat\/ins-lamitjana\/wp-json\/wp\/v2\/comments?post=10954"}],"version-history":[{"count":1,"href":"https:\/\/agora.xtec.cat\/ins-lamitjana\/wp-json\/wp\/v2\/pages\/10954\/revisions"}],"predecessor-version":[{"id":10956,"href":"https:\/\/agora.xtec.cat\/ins-lamitjana\/wp-json\/wp\/v2\/pages\/10954\/revisions\/10956"}],"up":[{"embeddable":true,"href":"https:\/\/agora.xtec.cat\/ins-lamitjana\/wp-json\/wp\/v2\/pages\/63"}],"wp:attachment":[{"href":"https:\/\/agora.xtec.cat\/ins-lamitjana\/wp-json\/wp\/v2\/media?parent=10954"}],"curies":[{"name":"wp","href":"https:\/\/api.w.org\/{rel}","templated":true}]}}