{"id":5060,"date":"2022-04-20T13:40:28","date_gmt":"2022-04-20T11:40:28","guid":{"rendered":"https:\/\/agora.xtec.cat\/ins-la-miquela\/?page_id=5060"},"modified":"2026-04-08T16:43:07","modified_gmt":"2026-04-08T14:43:07","slug":"preinscripcio-bat","status":"publish","type":"page","link":"https:\/\/agora.xtec.cat\/ins-la-miquela\/preinscripcio-bat\/","title":{"rendered":"Preinscripci\u00f3 BAT"},"content":{"rendered":"\n<figure class=\"wp-block-image size-full\"><a href=\"https:\/\/agora.xtec.cat\/ins-la-miquela\/wp-content\/uploads\/usu1773\/2026\/04\/Informacions-basiques-Preinscri-2.png\"><img loading=\"lazy\" decoding=\"async\" width=\"1024\" height=\"150\" src=\"https:\/\/agora.xtec.cat\/ins-la-miquela\/wp-content\/uploads\/usu1773\/2026\/04\/Informacions-basiques-Preinscri-2.png\" alt=\"\" class=\"wp-image-7497\" srcset=\"https:\/\/agora.xtec.cat\/ins-la-miquela\/wp-content\/uploads\/usu1773\/2026\/04\/Informacions-basiques-Preinscri-2.png 1024w, https:\/\/agora.xtec.cat\/ins-la-miquela\/wp-content\/uploads\/usu1773\/2026\/04\/Informacions-basiques-Preinscri-2-300x44.png 300w, https:\/\/agora.xtec.cat\/ins-la-miquela\/wp-content\/uploads\/usu1773\/2026\/04\/Informacions-basiques-Preinscri-2-768x113.png 768w\" sizes=\"auto, (max-width: 1024px) 100vw, 1024px\" \/><\/a><\/figure>\n\n\n\n<h3 class=\"wp-block-heading\">Alumnes de l&#8217;Ins La Miquela que faran Batxillerat en el centre.<\/h3>\n\n\n\n<ul class=\"wp-block-list\">\n<li><strong>Del 9 al 16 d&#8217;abril de 2026<\/strong>.<a href=\"https:\/\/docs.google.com\/forms\/d\/e\/1FAIpQLSd9xYnqspiF0T7-2b8sRFAz7XPg9rOQYkKO_PgRuNocj6NLqw\/viewform?usp=publish-editor\" target=\"_blank\" rel=\"noreferrer noopener\"> Formulari de tria de mat\u00e8ries de modalitat<\/a><\/li>\n<\/ul>\n\n\n\n<h3 class=\"wp-block-heading\">Alumnes externs<\/h3>\n\n\n\n<p>Alumnes provinents d&#8217;altres centres que volen fer Batxillerat a l&#8217;Ins La Miquela.<\/p>\n\n\n\n<p><strong>PREINSCRIPCI\u00d3<\/strong><\/p>\n\n\n\n<ul class=\"wp-block-list\">\n<li><strong>Del 9 al 16 d&#8217;abril de 2026<\/strong>: <a href=\"https:\/\/preinscripcio.gencat.cat\/ca\/estudis\/batxillerat\/preinscriute\/sollicitud\/\" target=\"_blank\" rel=\"noopener\">Presentaci\u00f3 de sol\u00b7licituds.<\/a> (<a href=\"https:\/\/docs.google.com\/forms\/d\/e\/1FAIpQLSd9xYnqspiF0T7-2b8sRFAz7XPg9rOQYkKO_PgRuNocj6NLqw\/viewform?usp=publish-editor\" target=\"_blank\" rel=\"noreferrer noopener\">Formulari de tria de mat\u00e8ries de modalitat<\/a>)<\/li>\n\n\n\n<li><strong>Fins al 17 d&#8217;abril de 2026<\/strong>: presentaci\u00f3 de documentaci\u00f3. Fins aquest dia es pot presentar la documentaci\u00f3 acreditativa que no s&#8217;hagi pogut adjuntar durant el per\u00edode de presentaci\u00f3 de sol\u00b7licituds.<\/li>\n\n\n\n<li><span style=\"font-family: inherit; font-size: 1em; text-align: justify;\"><strong>14 de maig de 2026<\/strong>: llista de sol\u00b7licituds amb la puntuaci\u00f3 provisional.<\/span><\/li>\n\n\n\n<li><span style=\"font-family: inherit; font-size: 1em; text-align: justify;\"><strong>Del 14 al 20 de maig de 2026<\/strong>: presentaci\u00f3 de reclamacions.<\/span><\/li>\n\n\n\n<li><span style=\"font-family: inherit; font-size: 1em; text-align: justify;\"><strong>26 de maig de 2026<\/strong>: llista de sol\u00b7licituds amb la puntuaci\u00f3 un cop resoltes les reclamacions.<\/span><\/li>\n\n\n\n<li><span style=\"font-family: inherit; font-size: 1em; text-align: justify;\"><strong>26 de maig de 2026<\/strong>: sorteig per resoldre les sol\u00b7licituds de preinscripci\u00f3 empatades en punts.<\/span><\/li>\n\n\n\n<li><span style=\"font-family: inherit; font-size: 1em; text-align: justify;\"><strong>29 de maig de 2026<\/strong>: llista ordenada.<\/span><\/li>\n\n\n\n<li><span style=\"font-family: inherit; font-size: 1em; text-align: justify;\"><strong>17 de juny de 2026<\/strong>: oferta final de places escolars. <\/span>Publicaci\u00f3 del nombre de places educatives per centre i curs.<\/li>\n\n\n\n<li><span style=\"font-family: inherit; font-size: 1em; text-align: justify;\"><strong>17 de juny de 2026<\/strong>: llista d&#8217;alumnes admesos i llista d&#8217;espera.<\/span><\/li>\n<\/ul>\n\n\n\n<p><strong>MATR\u00cdCULA<\/strong><\/p>\n\n\n\n<ul class=\"wp-block-list\">\n<li><strong>Del 18 al 30 de juny de 2026<\/strong>: matriculaci\u00f3 ordin\u00e0ria.<\/li>\n<\/ul>\n","protected":false},"excerpt":{"rendered":"<p>Alumnes de l&#8217;Ins La Miquela que faran Batxillerat en el centre. Alumnes externs Alumnes provinents d&#8217;altres centres que volen fer Batxillerat a l&#8217;Ins La Miquela. PREINSCRIPCI\u00d3 MATR\u00cdCULA<\/p>\n","protected":false},"author":6,"featured_media":0,"parent":0,"menu_order":0,"comment_status":"closed","ping_status":"closed","template":"","meta":{"_bbp_topic_count":0,"_bbp_reply_count":0,"_bbp_total_topic_count":0,"_bbp_total_reply_count":0,"_bbp_voice_count":0,"_bbp_anonymous_reply_count":0,"_bbp_topic_count_hidden":0,"_bbp_reply_count_hidden":0,"_bbp_forum_subforum_count":0,"site-sidebar-layout":"default","site-content-layout":"","ast-site-content-layout":"default","site-content-style":"default","site-sidebar-style":"default","ast-global-header-display":"","ast-banner-title-visibility":"","ast-main-header-display":"","ast-hfb-above-header-display":"","ast-hfb-below-header-display":"","ast-hfb-mobile-header-display":"","site-post-title":"disabled","ast-breadcrumbs-content":"","ast-featured-img":"","footer-sml-layout":"","theme-transparent-header-meta":"","adv-header-id-meta":"","stick-header-meta":"","header-above-stick-meta":"","header-main-stick-meta":"","header-below-stick-meta":"","astra-migrate-meta-layouts":"set","ast-page-background-enabled":"default","ast-page-background-meta":{"desktop":{"background-color":"var(--ast-global-color-4)","background-image":"","background-repeat":"repeat","background-position":"center center","background-size":"auto","background-attachment":"scroll","background-type":"","background-media":"","overlay-type":"","overlay-color":"","overlay-opacity":"","overlay-gradient":""},"tablet":{"background-color":"","background-image":"","background-repeat":"repeat","background-position":"center center","background-size":"auto","background-attachment":"scroll","background-type":"","background-media":"","overlay-type":"","overlay-color":"","overlay-opacity":"","overlay-gradient":""},"mobile":{"background-color":"","background-image":"","background-repeat":"repeat","background-position":"center center","background-size":"auto","background-attachment":"scroll","background-type":"","background-media":"","overlay-type":"","overlay-color":"","overlay-opacity":"","overlay-gradient":""}},"ast-content-background-meta":{"desktop":{"background-color":"var(--ast-global-color-5)","background-image":"","background-repeat":"repeat","background-position":"center center","background-size":"auto","background-attachment":"scroll","background-type":"","background-media":"","overlay-type":"","overlay-color":"","overlay-opacity":"","overlay-gradient":""},"tablet":{"background-color":"var(--ast-global-color-5)","background-image":"","background-repeat":"repeat","background-position":"center center","background-size":"auto","background-attachment":"scroll","background-type":"","background-media":"","overlay-type":"","overlay-color":"","overlay-opacity":"","overlay-gradient":""},"mobile":{"background-color":"var(--ast-global-color-5)","background-image":"","background-repeat":"repeat","background-position":"center center","background-size":"auto","background-attachment":"scroll","background-type":"","background-media":"","overlay-type":"","overlay-color":"","overlay-opacity":"","overlay-gradient":""}},"footnotes":""},"class_list":["post-5060","page","type-page","status-publish","hentry"],"post_mailing_queue_ids":[],"_links":{"self":[{"href":"https:\/\/agora.xtec.cat\/ins-la-miquela\/wp-json\/wp\/v2\/pages\/5060","targetHints":{"allow":["GET"]}}],"collection":[{"href":"https:\/\/agora.xtec.cat\/ins-la-miquela\/wp-json\/wp\/v2\/pages"}],"about":[{"href":"https:\/\/agora.xtec.cat\/ins-la-miquela\/wp-json\/wp\/v2\/types\/page"}],"author":[{"embeddable":true,"href":"https:\/\/agora.xtec.cat\/ins-la-miquela\/wp-json\/wp\/v2\/users\/6"}],"replies":[{"embeddable":true,"href":"https:\/\/agora.xtec.cat\/ins-la-miquela\/wp-json\/wp\/v2\/comments?post=5060"}],"version-history":[{"count":6,"href":"https:\/\/agora.xtec.cat\/ins-la-miquela\/wp-json\/wp\/v2\/pages\/5060\/revisions"}],"predecessor-version":[{"id":7506,"href":"https:\/\/agora.xtec.cat\/ins-la-miquela\/wp-json\/wp\/v2\/pages\/5060\/revisions\/7506"}],"wp:attachment":[{"href":"https:\/\/agora.xtec.cat\/ins-la-miquela\/wp-json\/wp\/v2\/media?parent=5060"}],"curies":[{"name":"wp","href":"https:\/\/api.w.org\/{rel}","templated":true}]}}

Preinscripció BAT

<figure class="wp-block-image size-full"><a href="https://agora.xtec.cat/ins-la-miquela/wp-content/uploads/usu1773/2026/04/Informacions-basiques-Preinscri-2.png"><img loading="lazy" decoding="async" width="1024" height="150" src="https://agora.xtec.cat/ins-la-miquela/wp-content/uploads/usu1773/2026/04/Informacions-basiques-Preinscri-2.png" alt="" class="wp-image-7497" srcset="https://agora.xtec.cat/ins-la-miquela/wp-content/uploads/usu1773/2026/04/Informacions-basiques-Preinscri-2.png 1024w, https://agora.xtec.cat/ins-la-miquela/wp-content/uploads/usu1773/2026/04/Informacions-basiques-Preinscri-2-300x44.png 300w, https://agora.xtec.cat/ins-la-miquela/wp-content/uploads/usu1773/2026/04/Informacions-basiques-Preinscri-2-768x113.png 768w" sizes="auto, (max-width: 1024px) 100vw, 1024px" /></a></figure>



<h3 class="wp-block-heading">Alumnes de l&#8217;Ins La Miquela que faran Batxillerat en el centre.</h3>



<ul class="wp-block-list">
<li><strong>Del 9 al 16 d&#8217;abril de 2026</strong>.<a href="https://docs.google.com/forms/d/e/1FAIpQLSd9xYnqspiF0T7-2b8sRFAz7XPg9rOQYkKO_PgRuNocj6NLqw/viewform?usp=publish-editor" target="_blank" rel="noreferrer noopener"> Formulari de tria de matèries de modalitat</a></li>
</ul>



<h3 class="wp-block-heading">Alumnes externs</h3>



<p>Alumnes provinents d&#8217;altres centres que volen fer Batxillerat a l&#8217;Ins La Miquela.</p>



<p><strong>PREINSCRIPCIÓ</strong></p>



<ul class="wp-block-list">
<li><strong>Del 9 al 16 d&#8217;abril de 2026</strong>: <a href="https://preinscripcio.gencat.cat/ca/estudis/batxillerat/preinscriute/sollicitud/" target="_blank" rel="noopener">Presentació de sol·licituds.</a> (<a href="https://docs.google.com/forms/d/e/1FAIpQLSd9xYnqspiF0T7-2b8sRFAz7XPg9rOQYkKO_PgRuNocj6NLqw/viewform?usp=publish-editor" target="_blank" rel="noreferrer noopener">Formulari de tria de matèries de modalitat</a>)</li>



<li><strong>Fins al 17 d&#8217;abril de 2026</strong>: presentació de documentació. Fins aquest dia es pot presentar la documentació acreditativa que no s&#8217;hagi pogut adjuntar durant el període de presentació de sol·licituds.</li>



<li><span style="font-family: inherit; font-size: 1em; text-align: justify;"><strong>14 de maig de 2026</strong>: llista de sol·licituds amb la puntuació provisional.</span></li>



<li><span style="font-family: inherit; font-size: 1em; text-align: justify;"><strong>Del 14 al 20 de maig de 2026</strong>: presentació de reclamacions.</span></li>



<li><span style="font-family: inherit; font-size: 1em; text-align: justify;"><strong>26 de maig de 2026</strong>: llista de sol·licituds amb la puntuació un cop resoltes les reclamacions.</span></li>



<li><span style="font-family: inherit; font-size: 1em; text-align: justify;"><strong>26 de maig de 2026</strong>: sorteig per resoldre les sol·licituds de preinscripció empatades en punts.</span></li>



<li><span style="font-family: inherit; font-size: 1em; text-align: justify;"><strong>29 de maig de 2026</strong>: llista ordenada.</span></li>



<li><span style="font-family: inherit; font-size: 1em; text-align: justify;"><strong>17 de juny de 2026</strong>: oferta final de places escolars. </span>Publicació del nombre de places educatives per centre i curs.</li>



<li><span style="font-family: inherit; font-size: 1em; text-align: justify;"><strong>17 de juny de 2026</strong>: llista d&#8217;alumnes admesos i llista d&#8217;espera.</span></li>
</ul>



<p><strong>MATRÍCULA</strong></p>



<ul class="wp-block-list">
<li><strong>Del 18 al 30 de juny de 2026</strong>: matriculació ordinària.</li>
</ul>

<p>Alumnes de l&#8217;Ins La Miquela que faran Batxillerat en el centre. Alumnes externs Alumnes provinents d&#8217;altres centres que volen fer Batxillerat a l&#8217;Ins La Miquela. PREINSCRIPCIÓ MATRÍCULA</p>
