{"id":43,"date":"2014-09-17T16:45:07","date_gmt":"2014-09-17T16:45:07","guid":{"rendered":"http:\/\/agora.xtec.cat\/ins-itaeb\/?page_id=43"},"modified":"2025-12-16T10:32:01","modified_gmt":"2025-12-16T09:32:01","slug":"consell-escolar","status":"publish","type":"page","link":"https:\/\/agora.xtec.cat\/ins-itaeb\/linstitut\/consell-escolar\/","title":{"rendered":"Consell escolar"},"content":{"rendered":"<p><strong>SECTOR ALUMNAT<\/strong><\/p>\n<ul>\n<li style=\"font-weight: 400;\" aria-level=\"1\"><span style=\"font-weight: 400;\">Jordi Alain Soler Pineda (1n Cicle Superior Realitzaci\u00f3 Projectes d&#8217;Audiovisuals i Espectacles)<\/span><\/li>\n<li style=\"font-weight: 400;\" aria-level=\"1\"><span style=\"font-weight: 400;\">Gael Cofreces Romero (2n Batxillerat Esc\u00e8nic)<\/span><\/li>\n<li style=\"font-weight: 400;\" aria-level=\"1\"><span style=\"font-weight: 400;\">Guillem Sospedra Mul\u00e0 (2n Batxillerat Audiovisual)<\/span><\/li>\n<\/ul>\n<p><strong>SECTOR PROFESSORAT<\/strong><\/p>\n<ul>\n<li style=\"font-weight: 400;\" aria-level=\"1\"><span style=\"font-weight: 400;\">Mabel Llorens<\/span><\/li>\n<li style=\"font-weight: 400;\" aria-level=\"1\"><span style=\"font-weight: 400;\">David Pag\u00e8s<\/span><\/li>\n<li style=\"font-weight: 400;\" aria-level=\"1\"><span style=\"font-weight: 400;\">David Arnaiz<\/span><\/li>\n<li style=\"font-weight: 400;\" aria-level=\"1\"><span style=\"font-weight: 400;\">Miquel Gim\u00e9nez<\/span><\/li>\n<li style=\"font-weight: 400;\" aria-level=\"1\"><span style=\"font-weight: 400;\">Mireia Devesa<\/span><\/li>\n<\/ul>\n<p><strong>SECTOR FAM\u00cdLIES<\/strong><\/p>\n<ul>\n<li style=\"font-weight: 400;\" aria-level=\"1\"><span style=\"font-weight: 400;\">Elisabet Rey Lay (fam\u00edlia alumnat 2n Batxillerat Audiovisual)<\/span><\/li>\n<li aria-level=\"1\">Margarita Ribas Sanchez (fam\u00edlia alumnat 2n CFGM V\u00eddeo, discj\u00f2quei i so)<\/li>\n<\/ul>\n<p><strong>SECTOR PAS<\/strong><\/p>\n<ul>\n<li style=\"font-weight: 400;\" aria-level=\"1\"><span style=\"font-weight: 400;\">Esther Acosta Dalmau\u00a0<\/span><\/li>\n<\/ul>\n<p><strong>REPRESENTANT AJUNTAMENT<\/strong><\/p>\n<ul>\n<li><span style=\"font-weight: 400;\">Gretel Vila Montesinos<\/span><\/li>\n<\/ul>\n","protected":false},"excerpt":{"rendered":"<p>SECTOR ALUMNAT<\/p>\n<ul>\n<li style=\"font-weight: 400;\" aria-level=\"1\">Jordi Alain Soler Pineda (1n Cicle Superior Realitzaci\u00f3 Projectes d&#8217;Audiovisuals i Espectacles)<\/li>\n<li style=\"font-weight: 400;\" aria-level=\"1\">Gael Cofreces Romero (2n Batxillerat Esc\u00e8nic)<\/li>\n<li style=\"font-weight: 400;\" aria-level=\"1\">Guillem Sospedra Mul\u00e0 (2n Batxillerat Audiovisual)<\/li>\n<\/ul>\n<p>SECTOR PROFESSORAT<\/p>\n<ul>\n<li style=\"font-weight: 400;\" aria-level=\"1\">Mabel Llorens<\/li>\n<li style=\"font-weight: 400;\" aria-level=\"1\">David Pag\u00e8s<\/li>\n<li style=\"font-weight: 400;\" aria-level=\"1\">David Arnaiz<\/li>\n<li&hellip;  <a href=\"https:\/\/agora.xtec.cat\/ins-itaeb\/linstitut\/consell-escolar\/\" title=\"Read Consell escolar\">Llegeix m\u00e9s\u00bb<\/a><br \/>\n","protected":false},"author":1,"featured_media":0,"parent":19,"menu_order":40,"comment_status":"closed","ping_status":"closed","template":"page-templates\/side-menu.php","meta":{"_bbp_topic_count":0,"_bbp_reply_count":0,"_bbp_total_topic_count":0,"_bbp_total_reply_count":0,"_bbp_voice_count":0,"_bbp_anonymous_reply_count":0,"_bbp_topic_count_hidden":0,"_bbp_reply_count_hidden":0,"_bbp_forum_subforum_count":0,"footnotes":""},"class_list":["post-43","page","type-page","status-publish","hentry"],"post_mailing_queue_ids":[],"_links":{"self":[{"href":"https:\/\/agora.xtec.cat\/ins-itaeb\/wp-json\/wp\/v2\/pages\/43","targetHints":{"allow":["GET"]}}],"collection":[{"href":"https:\/\/agora.xtec.cat\/ins-itaeb\/wp-json\/wp\/v2\/pages"}],"about":[{"href":"https:\/\/agora.xtec.cat\/ins-itaeb\/wp-json\/wp\/v2\/types\/page"}],"author":[{"embeddable":true,"href":"https:\/\/agora.xtec.cat\/ins-itaeb\/wp-json\/wp\/v2\/users\/1"}],"replies":[{"embeddable":true,"href":"https:\/\/agora.xtec.cat\/ins-itaeb\/wp-json\/wp\/v2\/comments?post=43"}],"version-history":[{"count":6,"href":"https:\/\/agora.xtec.cat\/ins-itaeb\/wp-json\/wp\/v2\/pages\/43\/revisions"}],"predecessor-version":[{"id":3443,"href":"https:\/\/agora.xtec.cat\/ins-itaeb\/wp-json\/wp\/v2\/pages\/43\/revisions\/3443"}],"up":[{"embeddable":true,"href":"https:\/\/agora.xtec.cat\/ins-itaeb\/wp-json\/wp\/v2\/pages\/19"}],"wp:attachment":[{"href":"https:\/\/agora.xtec.cat\/ins-itaeb\/wp-json\/wp\/v2\/media?parent=43"}],"curies":[{"name":"wp","href":"https:\/\/api.w.org\/{rel}","templated":true}]}}