{"id":1704,"date":"2024-03-21T10:23:23","date_gmt":"2024-03-21T09:23:23","guid":{"rendered":"https:\/\/agora.xtec.cat\/ins-itaeb\/?page_id=1704"},"modified":"2025-02-03T16:32:57","modified_gmt":"2025-02-03T15:32:57","slug":"formacio-en-centres-de-treball-coord-practiques","status":"publish","type":"page","link":"https:\/\/agora.xtec.cat\/ins-itaeb\/linstitut\/formacio-en-centres-de-treball-coord-practiques\/","title":{"rendered":"Formaci\u00f3 en Centres de Treball (Pr\u00e0ctiques Empresa)"},"content":{"rendered":"<h5><strong><span style=\"color: #000000;\">COORDINACI\u00d3 FCT (curr\u00edculum antic) i COORDINACI\u00d3 PR\u00c0CTIQUES (nous curr\u00edculms 24\/25)<\/span><\/strong><\/h5>\n<p>Meritxell Manyoses i Albert Mart\u00ed<\/p>\n<p>coord.fct@itaeb.cat \/ coord.practiques@itaeb.ca<\/p>\n<p>Si ets una empresa, entitat o centre educatiu i busques alumnat en pr\u00e0ctiques, posa&#8217;t en contacte amb nosaltres o fes click a la icona i <strong>omple el formulari:<\/strong><a href=\"https:\/\/forms.gle\/cUFLK37W3e4H7qXb7\" target=\"_blank\" rel=\"noopener\"><img loading=\"lazy\" decoding=\"async\" class=\"aligncenter wp-image-1713\" src=\"https:\/\/agora.xtec.cat\/ins-itaeb\/wp-content\/uploads\/usu2388\/2024\/03\/etiqueta_empreses_web-1.png\" alt=\"\" width=\"361\" height=\"125\" srcset=\"https:\/\/agora.xtec.cat\/ins-itaeb\/wp-content\/uploads\/usu2388\/2024\/03\/etiqueta_empreses_web-1.png 1632w, https:\/\/agora.xtec.cat\/ins-itaeb\/wp-content\/uploads\/usu2388\/2024\/03\/etiqueta_empreses_web-1-300x104.png 300w, https:\/\/agora.xtec.cat\/ins-itaeb\/wp-content\/uploads\/usu2388\/2024\/03\/etiqueta_empreses_web-1-1024x355.png 1024w, https:\/\/agora.xtec.cat\/ins-itaeb\/wp-content\/uploads\/usu2388\/2024\/03\/etiqueta_empreses_web-1-768x266.png 768w, https:\/\/agora.xtec.cat\/ins-itaeb\/wp-content\/uploads\/usu2388\/2024\/03\/etiqueta_empreses_web-1-1536x533.png 1536w\" sizes=\"auto, (max-width: 361px) 100vw, 361px\" \/><\/a><strong>Qu\u00e8 \u00e9s la Formaci\u00f3 en Centres de Treball?<\/strong><\/p>\n<p>S\u00f3n pr\u00e0ctiques i estades formatives no laborals que realitza l\u2019alumnat de Formaci\u00f3 Professional i de Cicles formatius d\u2019Arts Esc\u00e8niques en centres de treball, mitjan\u00e7ant un acord de col\u00b7laboraci\u00f3 que subscriuen l\u2019escola i l\u2019empresa.<\/p>\n<p>Aquestes pr\u00e0ctiques i estades formen part del programa formatiu (curricular) d\u2019aquests ensenyaments.<\/p>\n<p><strong><a href=\"https:\/\/agora.xtec.cat\/ins-itaeb\/wp-content\/uploads\/usu2388\/2025\/02\/20253101_Infografia_BePro_FP_dual.pdf\" target=\"_blank\" rel=\"noopener\">QU\u00c8 \u00c9S LA FP DUAL?<\/a><\/strong><\/p>\n<p><a href=\"https:\/\/agora.xtec.cat\/ins-itaeb\/wp-content\/uploads\/usu2388\/2024\/06\/FP-DUAL.jpeg\" target=\"_blank\" rel=\"noopener\"><img loading=\"lazy\" decoding=\"async\" class=\"wp-image-2062 alignleft\" src=\"https:\/\/agora.xtec.cat\/ins-itaeb\/wp-content\/uploads\/usu2388\/2024\/06\/FP-DUAL.jpeg\" alt=\"\" width=\"150\" height=\"150\" \/><\/a><\/p>\n<p>La\u00a0<strong>formaci\u00f3 dual<\/strong>\u00a0\u00e9s la modalitat de la formaci\u00f3 professional (FP) en la qual l&#8217;estudiant esdev\u00e9 aprenent i combina la formaci\u00f3 en el centre educatiu amb l&#8217;activitat productiva en l&#8217;empresa.<\/p>\n<p>&nbsp;<\/p>\n","protected":false},"excerpt":{"rendered":"<p>COORDINACI\u00d3 FCT (curr\u00edculum antic) i COORDINACI\u00d3 PR\u00c0CTIQUES (nous curr\u00edculms 24\/25)<br \/>\nMeritxell Manyoses i Albert Mart\u00ed<br \/>\ncoord.fct@itaeb.cat \/ coord.practiques@itaeb.ca<br \/>\nSi ets una empresa, entitat o centre educatiu i busques alumnat en pr\u00e0ctiques, posa&#8217;t en contacte amb nosaltres o fes click a la icona i omple el formulari:<a href=\"https:\/\/forms.gle\/cUFLK37W3e4H7qXb7\" target=\"_blank\"&hellip;  <a href=\"https:\/\/agora.xtec.cat\/ins-itaeb\/linstitut\/formacio-en-centres-de-treball-coord-practiques\/\" title=\"Read Formaci\u00f3 en Centres de Treball (Pr\u00e0ctiques Empresa)\">Llegeix m\u00e9s\u00bb<\/a><\/p>\n","protected":false},"author":1,"featured_media":0,"parent":19,"menu_order":0,"comment_status":"closed","ping_status":"closed","template":"","meta":{"_bbp_topic_count":0,"_bbp_reply_count":0,"_bbp_total_topic_count":0,"_bbp_total_reply_count":0,"_bbp_voice_count":0,"_bbp_anonymous_reply_count":0,"_bbp_topic_count_hidden":0,"_bbp_reply_count_hidden":0,"_bbp_forum_subforum_count":0,"footnotes":""},"class_list":["post-1704","page","type-page","status-publish","hentry"],"post_mailing_queue_ids":[],"_links":{"self":[{"href":"https:\/\/agora.xtec.cat\/ins-itaeb\/wp-json\/wp\/v2\/pages\/1704","targetHints":{"allow":["GET"]}}],"collection":[{"href":"https:\/\/agora.xtec.cat\/ins-itaeb\/wp-json\/wp\/v2\/pages"}],"about":[{"href":"https:\/\/agora.xtec.cat\/ins-itaeb\/wp-json\/wp\/v2\/types\/page"}],"author":[{"embeddable":true,"href":"https:\/\/agora.xtec.cat\/ins-itaeb\/wp-json\/wp\/v2\/users\/1"}],"replies":[{"embeddable":true,"href":"https:\/\/agora.xtec.cat\/ins-itaeb\/wp-json\/wp\/v2\/comments?post=1704"}],"version-history":[{"count":7,"href":"https:\/\/agora.xtec.cat\/ins-itaeb\/wp-json\/wp\/v2\/pages\/1704\/revisions"}],"predecessor-version":[{"id":2763,"href":"https:\/\/agora.xtec.cat\/ins-itaeb\/wp-json\/wp\/v2\/pages\/1704\/revisions\/2763"}],"up":[{"embeddable":true,"href":"https:\/\/agora.xtec.cat\/ins-itaeb\/wp-json\/wp\/v2\/pages\/19"}],"wp:attachment":[{"href":"https:\/\/agora.xtec.cat\/ins-itaeb\/wp-json\/wp\/v2\/media?parent=1704"}],"curies":[{"name":"wp","href":"https:\/\/api.w.org\/{rel}","templated":true}]}}