{"id":75,"date":"2014-09-18T10:21:02","date_gmt":"2014-09-18T09:21:02","guid":{"rendered":"http:\/\/agora.xtec.cat\/ins-iptem\/?page_id=75"},"modified":"2024-12-20T10:26:38","modified_gmt":"2024-12-20T09:26:38","slug":"activitats-extraescolars","status":"publish","type":"page","link":"https:\/\/agora.xtec.cat\/ins-iptem\/serveis\/activitats-extraescolars\/","title":{"rendered":"Activitats Formatives Paral\u00b7leles"},"content":{"rendered":"<p><img loading=\"lazy\" decoding=\"async\" class=\"alignnone wp-image-2114 size-large\" src=\"https:\/\/agora.xtec.cat\/ins-iptem\/wp-content\/uploads\/usu2201\/2024\/03\/WhatsApp-Image-2024-02-29-at-11.55.29-1024x768.jpeg\" alt=\"\" width=\"1024\" height=\"768\" srcset=\"https:\/\/agora.xtec.cat\/ins-iptem\/wp-content\/uploads\/usu2201\/2024\/03\/WhatsApp-Image-2024-02-29-at-11.55.29-1024x768.jpeg 1024w, https:\/\/agora.xtec.cat\/ins-iptem\/wp-content\/uploads\/usu2201\/2024\/03\/WhatsApp-Image-2024-02-29-at-11.55.29-300x225.jpeg 300w, https:\/\/agora.xtec.cat\/ins-iptem\/wp-content\/uploads\/usu2201\/2024\/03\/WhatsApp-Image-2024-02-29-at-11.55.29-768x576.jpeg 768w, https:\/\/agora.xtec.cat\/ins-iptem\/wp-content\/uploads\/usu2201\/2024\/03\/WhatsApp-Image-2024-02-29-at-11.55.29-1536x1152.jpeg 1536w, https:\/\/agora.xtec.cat\/ins-iptem\/wp-content\/uploads\/usu2201\/2024\/03\/WhatsApp-Image-2024-02-29-at-11.55.29-200x150.jpeg 200w, https:\/\/agora.xtec.cat\/ins-iptem\/wp-content\/uploads\/usu2201\/2024\/03\/WhatsApp-Image-2024-02-29-at-11.55.29.jpeg 2048w\" sizes=\"auto, (max-width: 1024px) 100vw, 1024px\" \/><\/p>\n<p>Durant el curs anirem realitzant Activitats Formatives Paral\u00b7leles que ampliaran i enriquiran els coneixements dels nostres alumnes mitjan\u00e7ant altres professionals col\u00b7laboradors.<\/p>\n<p>Per exemple, enguany s&#8217;ha tornat a adjudicar el Raid de la &#8220;Real Federaci\u00f3n H\u00edpica Espanyola&#8221;\u00a0(adjunto l&#8217;enlla\u00e7 de la temporada passada\u00a0<a href=\"http:\/\/www.rfhe.com\/66-raid-de-barcelona-santa-susanna-2019\/\" target=\"_blank\" rel=\"noopener noreferrer\" data-saferedirecturl=\"https:\/\/www.google.com\/url?q=http:\/\/www.rfhe.com\/66-raid-de-barcelona-santa-susanna-2019\/&amp;source=gmail&amp;ust=1596056625246000&amp;usg=AFQjCNGrnkK3HeI8aWhS08C1PLgZSFb31g\">clica<\/a>\u00a0i d&#8217;altres <a href=\"http:\/\/stasusanna-barcelona.com\/agenda\/raid-hipic-internacional-barcelona-santa-susanna\/\">http:\/\/stasusanna-barcelona.com\/agenda\/raid-hipic-internacional-barcelona-santa-susanna\/<\/a>). Seran les mateixes dates i per primera\u00a0vegada podrem col\u00b7laborar en tota l&#8217;organitzaci\u00f3. Aix\u00f2 ens donar\u00e0 l&#8217;oportunitat d&#8217;enriquir-nos m\u00e9s.<\/p>\n<p>Som un centre ric en experi\u00e8ncies. Fem m\u00e9s de <strong>50 activitats extraordin\u00e0ries<\/strong> (amb experts o col\u00b7laboracions), sense comptar amb les pr\u00e0ctiques di\u00e0ries i pot ser m\u00e9s ordin\u00e0ries.<\/p>\n<p>L&#8217;Ajuntament de Santa Susanna organitza moltes activitats:<\/p>\n<p>Raid:\u00a0<a href=\"https:\/\/www.youtube.com\/watch?v=NgMi2io5gHg\">CLICA<\/a><\/p>\n<p>Bike show: <a href=\"https:\/\/www.youtube.com\/watch?v=mVumtSIJe5c\">CLICA<\/a><\/p>\n<p>Catbike Enduro Maresme Santa Susanna:\u00a0<a href=\"http:\/\/Catbike Enduro Maresme Santa Susanna 2024\">CLICA<\/a><\/p>\n<p>&nbsp;<\/p>\n<p>&nbsp;<\/p>\n<p>&nbsp;<\/p>\n<p>&nbsp;<\/p>\n","protected":false},"excerpt":{"rendered":"<p>Durant el curs anirem realitzant Activitats Formatives Paral\u00b7leles que ampliaran i enriquiran els coneixements dels nostres alumnes mitjan\u00e7ant altres professionals col\u00b7laboradors.<br \/>\nPer exemple, enguany s&#8217;ha tornat a adjudicar el Raid de la &#8220;Real Federaci\u00f3n H\u00edpica Espanyola&#8221;\u00a0(adjunto l&#8217;enlla\u00e7 de la temporada passada\u00a0<a href=\"http:\/\/www.rfhe.com\/66-raid-de-barcelona-santa-susanna-2019\/\" target=\"_blank\" rel=\"noopener noreferrer\" data-saferedirecturl=\"https:\/\/www.google.com\/url?q=http:\/\/www.rfhe.com\/66-raid-de-barcelona-santa-susanna-2019\/&amp;source=gmail&amp;ust=1596056625246000&amp;usg=AFQjCNGrnkK3HeI8aWhS08C1PLgZSFb31g\">clica<\/a>\u00a0i&hellip;  <a href=\"https:\/\/agora.xtec.cat\/ins-iptem\/serveis\/activitats-extraescolars\/\" title=\"Read Activitats Formatives Paral\u00b7leles\">Llegeix m\u00e9s\u00bb<\/a><\/p>\n","protected":false},"author":1,"featured_media":0,"parent":63,"menu_order":40,"comment_status":"closed","ping_status":"closed","template":"page-templates\/side-menu.php","meta":{"_bbp_topic_count":0,"_bbp_reply_count":0,"_bbp_total_topic_count":0,"_bbp_total_reply_count":0,"_bbp_voice_count":0,"_bbp_anonymous_reply_count":0,"_bbp_topic_count_hidden":0,"_bbp_reply_count_hidden":0,"_bbp_forum_subforum_count":0,"footnotes":""},"class_list":["post-75","page","type-page","status-publish","hentry"],"post_mailing_queue_ids":[],"_links":{"self":[{"href":"https:\/\/agora.xtec.cat\/ins-iptem\/wp-json\/wp\/v2\/pages\/75","targetHints":{"allow":["GET"]}}],"collection":[{"href":"https:\/\/agora.xtec.cat\/ins-iptem\/wp-json\/wp\/v2\/pages"}],"about":[{"href":"https:\/\/agora.xtec.cat\/ins-iptem\/wp-json\/wp\/v2\/types\/page"}],"author":[{"embeddable":true,"href":"https:\/\/agora.xtec.cat\/ins-iptem\/wp-json\/wp\/v2\/users\/1"}],"replies":[{"embeddable":true,"href":"https:\/\/agora.xtec.cat\/ins-iptem\/wp-json\/wp\/v2\/comments?post=75"}],"version-history":[{"count":6,"href":"https:\/\/agora.xtec.cat\/ins-iptem\/wp-json\/wp\/v2\/pages\/75\/revisions"}],"predecessor-version":[{"id":2395,"href":"https:\/\/agora.xtec.cat\/ins-iptem\/wp-json\/wp\/v2\/pages\/75\/revisions\/2395"}],"up":[{"embeddable":true,"href":"https:\/\/agora.xtec.cat\/ins-iptem\/wp-json\/wp\/v2\/pages\/63"}],"wp:attachment":[{"href":"https:\/\/agora.xtec.cat\/ins-iptem\/wp-json\/wp\/v2\/media?parent=75"}],"curies":[{"name":"wp","href":"https:\/\/api.w.org\/{rel}","templated":true}]}}