{"id":65,"date":"2014-09-18T10:12:22","date_gmt":"2014-09-18T10:12:22","guid":{"rendered":"http:\/\/agora.xtec.cat\/ins-iptem\/?page_id=65"},"modified":"2026-02-06T12:52:34","modified_gmt":"2026-02-06T11:52:34","slug":"serveis-digitals","status":"publish","type":"page","link":"https:\/\/agora.xtec.cat\/ins-iptem\/serveis\/serveis-digitals\/","title":{"rendered":"Serveis digitals"},"content":{"rendered":"<p style=\"color: #444444;\">L\u2019oferta de\u00a0<strong>serveis\u00a0digitals<\/strong>\u00a0constitueix un element\u00a0molt important de l\u2019engranatge d\u2019un centre educatiu.<\/p>\n<p>-Us presentem l&#8217;<strong>Estrategia Digital de Centre<\/strong>:\u00a0<a href=\"https:\/\/sites.google.com\/insiptem.com\/estrategia-digital\/inici?pli=1\">CLICA<\/a><\/p>\n<hr \/>\n<p style=\"color: #444444;\">-El nostre centre conjuntament amb la <strong>Formaci\u00f3 d&#8217;Aules de Capacitaci\u00f3 Digital<\/strong> i la col\u00b7laboraci\u00f3 de l&#8217;<strong>Ajuntament<\/strong> de Santa Susanna i el <strong>Casal de la Gent Gran<\/strong>, organitza la<strong> Formaci\u00f3 de l&#8217;\u00e0mbit digital<\/strong> per a adults i joves en instituts d&#8217;FP:\u00a0<a href=\"https:\/\/educacio.gencat.cat\/ca\/serveis-tramits\/formacio-digital\/index.html\">CLICA<\/a><\/p>\n<p>El curs 3: &#8220;Ens endinsem en el m\u00f3n digital&#8221; (15h) (ampliem les gestions amb el m\u00f2bil). A <strong>partir del 25 de febrer&#8217;26<\/strong>:<\/p>\n<p><a href=\"https:\/\/agora.xtec.cat\/ins-iptem\/pagines-dinici\/pagina-dinici-buida\/attachment\/insequestre_c3_gen-feb26_difusio_cartell-pptx\/\" rel=\"attachment wp-att-2685\"><img loading=\"lazy\" decoding=\"async\" class=\"alignnone size-large wp-image-2685\" src=\"https:\/\/agora.xtec.cat\/ins-iptem\/wp-content\/uploads\/usu2201\/2026\/02\/INSEquestre_C3_Gen-feb26_Difusio_cartell.pptx-1024x709.jpg\" alt=\"\" width=\"1024\" height=\"709\" srcset=\"https:\/\/agora.xtec.cat\/ins-iptem\/wp-content\/uploads\/usu2201\/2026\/02\/INSEquestre_C3_Gen-feb26_Difusio_cartell.pptx-1024x709.jpg 1024w, https:\/\/agora.xtec.cat\/ins-iptem\/wp-content\/uploads\/usu2201\/2026\/02\/INSEquestre_C3_Gen-feb26_Difusio_cartell.pptx-300x208.jpg 300w, https:\/\/agora.xtec.cat\/ins-iptem\/wp-content\/uploads\/usu2201\/2026\/02\/INSEquestre_C3_Gen-feb26_Difusio_cartell.pptx-768x532.jpg 768w, https:\/\/agora.xtec.cat\/ins-iptem\/wp-content\/uploads\/usu2201\/2026\/02\/INSEquestre_C3_Gen-feb26_Difusio_cartell.pptx.jpg 1040w\" sizes=\"auto, (max-width: 1024px) 100vw, 1024px\" \/><\/a><\/p>\n<p>El curs 3: &#8220;Ens endinsem en el m\u00f3n digital&#8221; (15h) (millorem amb el m\u00f2bil). a fins<strong> el febrer&#8217;26<\/strong>.<\/p>\n<p><a href=\"https:\/\/agora.xtec.cat\/ins-iptem\/pagines-dinici\/pagina-dinici-buida\/attachment\/insequestre_curs3-2\/\" rel=\"attachment wp-att-2658\"><img loading=\"lazy\" decoding=\"async\" class=\"alignnone wp-image-2658 size-medium\" src=\"https:\/\/agora.xtec.cat\/ins-iptem\/wp-content\/uploads\/usu2201\/2026\/01\/INSEquestre_curs3-2-300x214.png\" alt=\"\" width=\"300\" height=\"214\" srcset=\"https:\/\/agora.xtec.cat\/ins-iptem\/wp-content\/uploads\/usu2201\/2026\/01\/INSEquestre_curs3-2-300x214.png 300w, https:\/\/agora.xtec.cat\/ins-iptem\/wp-content\/uploads\/usu2201\/2026\/01\/INSEquestre_curs3-2-768x547.png 768w, https:\/\/agora.xtec.cat\/ins-iptem\/wp-content\/uploads\/usu2201\/2026\/01\/INSEquestre_curs3-2.png 1011w\" sizes=\"auto, (max-width: 300px) 100vw, 300px\" \/><\/a><\/p>\n<p>El curs 4: &#8220;Inform\u00e0tica b\u00e0sica amb eines de Google&#8221; (30h) (nivell inicial, eines google). Realitzat l&#8217;\u00faltim trimestre del 2025.<\/p>\n<p><a href=\"https:\/\/agora.xtec.cat\/ins-iptem\/serveis\/serveis-digitals\/attachment\/curs-4_iptem\/\" rel=\"attachment wp-att-2614\"><img loading=\"lazy\" decoding=\"async\" class=\"alignnone wp-image-2614 size-medium\" src=\"https:\/\/agora.xtec.cat\/ins-iptem\/wp-content\/uploads\/usu2201\/2025\/09\/curs-4_IPTEM-300x208.png\" alt=\"\" width=\"300\" height=\"208\" srcset=\"https:\/\/agora.xtec.cat\/ins-iptem\/wp-content\/uploads\/usu2201\/2025\/09\/curs-4_IPTEM-300x208.png 300w, https:\/\/agora.xtec.cat\/ins-iptem\/wp-content\/uploads\/usu2201\/2025\/09\/curs-4_IPTEM-1024x709.png 1024w, https:\/\/agora.xtec.cat\/ins-iptem\/wp-content\/uploads\/usu2201\/2025\/09\/curs-4_IPTEM-768x532.png 768w, https:\/\/agora.xtec.cat\/ins-iptem\/wp-content\/uploads\/usu2201\/2025\/09\/curs-4_IPTEM.png 1040w\" sizes=\"auto, (max-width: 300px) 100vw, 300px\" \/><\/a>.<\/p>\n<p style=\"color: #444444;\">Durant el curs&#8217;23-24 i 24-25 <strong>hem realitzat<\/strong>:<\/p>\n<p style=\"color: #444444;\">-El curs 2: &#8220;Ens movem pel m\u00f3n digital&#8221;.<\/p>\n<p style=\"color: #444444;\">-El curs 3: &#8220;Ens endinsem en el m\u00f3n digital&#8221;.<\/p>\n<p style=\"color: #444444;\">-El curs 4: &#8220;Digitalitzaci\u00f3 aplicada a l&#8217;entorn laboral&#8221;.<\/p>\n<p><a href=\"https:\/\/agora.xtec.cat\/ins-iptem\/wp-content\/uploads\/usu2201\/2024\/11\/curs4_IPTEM.jpg\"><img loading=\"lazy\" decoding=\"async\" class=\"alignnone wp-image-2377 \" src=\"https:\/\/agora.xtec.cat\/ins-iptem\/wp-content\/uploads\/usu2201\/2024\/11\/curs4_IPTEM-1024x709.jpg\" alt=\"\" width=\"332\" height=\"230\" srcset=\"https:\/\/agora.xtec.cat\/ins-iptem\/wp-content\/uploads\/usu2201\/2024\/11\/curs4_IPTEM-1024x709.jpg 1024w, https:\/\/agora.xtec.cat\/ins-iptem\/wp-content\/uploads\/usu2201\/2024\/11\/curs4_IPTEM-300x208.jpg 300w, https:\/\/agora.xtec.cat\/ins-iptem\/wp-content\/uploads\/usu2201\/2024\/11\/curs4_IPTEM-768x532.jpg 768w, https:\/\/agora.xtec.cat\/ins-iptem\/wp-content\/uploads\/usu2201\/2024\/11\/curs4_IPTEM.jpg 1040w\" sizes=\"auto, (max-width: 332px) 100vw, 332px\" \/><\/a><\/p>\n<p>-El curs 5: &#8220;Digitalitzaci\u00f3 en la ind\u00fastria, els serveis i la comunicaci\u00f3&#8221; \u00a0sobretot impresora 3D.<\/p>\n<p><a href=\"https:\/\/agora.xtec.cat\/ins-iptem\/wp-content\/uploads\/usu2201\/2025\/01\/IPTEM_Presentacio-curs-5.png\"><img loading=\"lazy\" decoding=\"async\" class=\"alignnone wp-image-2402\" src=\"https:\/\/agora.xtec.cat\/ins-iptem\/wp-content\/uploads\/usu2201\/2025\/01\/IPTEM_Presentacio-curs-5-1024x709.png\" alt=\"\" width=\"327\" height=\"227\" srcset=\"https:\/\/agora.xtec.cat\/ins-iptem\/wp-content\/uploads\/usu2201\/2025\/01\/IPTEM_Presentacio-curs-5-1024x709.png 1024w, https:\/\/agora.xtec.cat\/ins-iptem\/wp-content\/uploads\/usu2201\/2025\/01\/IPTEM_Presentacio-curs-5-300x208.png 300w, https:\/\/agora.xtec.cat\/ins-iptem\/wp-content\/uploads\/usu2201\/2025\/01\/IPTEM_Presentacio-curs-5-768x532.png 768w, https:\/\/agora.xtec.cat\/ins-iptem\/wp-content\/uploads\/usu2201\/2025\/01\/IPTEM_Presentacio-curs-5.png 1040w\" sizes=\"auto, (max-width: 327px) 100vw, 327px\" \/><\/a><\/p>\n","protected":false},"excerpt":{"rendered":"<p>L\u2019oferta de\u00a0serveis\u00a0digitals\u00a0constitueix un element\u00a0molt important de l\u2019engranatge d\u2019un centre educatiu.<br \/>\n-Us presentem l&#8217;Estrategia Digital de Centre:\u00a0<a href=\"https:\/\/sites.google.com\/insiptem.com\/estrategia-digital\/inici?pli=1\">CLICA<\/a><\/p>\n<p>-El nostre centre conjuntament amb la Formaci\u00f3 d&#8217;Aules de Capacitaci\u00f3 Digital i la col\u00b7laboraci\u00f3 de l&#8217;Ajuntament de Santa Susanna i el Casal de la Gent Gran, organitza la Formaci\u00f3 de&hellip;  <a href=\"https:\/\/agora.xtec.cat\/ins-iptem\/serveis\/serveis-digitals\/\" title=\"Read Serveis digitals\">Llegeix m\u00e9s\u00bb<\/a><\/p>\n","protected":false},"author":1,"featured_media":0,"parent":63,"menu_order":10,"comment_status":"closed","ping_status":"closed","template":"page-templates\/side-menu.php","meta":{"_bbp_topic_count":0,"_bbp_reply_count":0,"_bbp_total_topic_count":0,"_bbp_total_reply_count":0,"_bbp_voice_count":0,"_bbp_anonymous_reply_count":0,"_bbp_topic_count_hidden":0,"_bbp_reply_count_hidden":0,"_bbp_forum_subforum_count":0,"footnotes":""},"class_list":["post-65","page","type-page","status-publish","hentry"],"post_mailing_queue_ids":[],"_links":{"self":[{"href":"https:\/\/agora.xtec.cat\/ins-iptem\/wp-json\/wp\/v2\/pages\/65","targetHints":{"allow":["GET"]}}],"collection":[{"href":"https:\/\/agora.xtec.cat\/ins-iptem\/wp-json\/wp\/v2\/pages"}],"about":[{"href":"https:\/\/agora.xtec.cat\/ins-iptem\/wp-json\/wp\/v2\/types\/page"}],"author":[{"embeddable":true,"href":"https:\/\/agora.xtec.cat\/ins-iptem\/wp-json\/wp\/v2\/users\/1"}],"replies":[{"embeddable":true,"href":"https:\/\/agora.xtec.cat\/ins-iptem\/wp-json\/wp\/v2\/comments?post=65"}],"version-history":[{"count":7,"href":"https:\/\/agora.xtec.cat\/ins-iptem\/wp-json\/wp\/v2\/pages\/65\/revisions"}],"predecessor-version":[{"id":2687,"href":"https:\/\/agora.xtec.cat\/ins-iptem\/wp-json\/wp\/v2\/pages\/65\/revisions\/2687"}],"up":[{"embeddable":true,"href":"https:\/\/agora.xtec.cat\/ins-iptem\/wp-json\/wp\/v2\/pages\/63"}],"wp:attachment":[{"href":"https:\/\/agora.xtec.cat\/ins-iptem\/wp-json\/wp\/v2\/media?parent=65"}],"curies":[{"name":"wp","href":"https:\/\/api.w.org\/{rel}","templated":true}]}}