{"id":195,"date":"2014-09-22T10:39:39","date_gmt":"2014-09-22T10:39:39","guid":{"rendered":"http:\/\/agora.xtec.cat\/ins-iptem\/?page_id=195"},"modified":"2026-03-04T14:38:39","modified_gmt":"2026-03-04T13:38:39","slug":"estudis","status":"publish","type":"page","link":"https:\/\/agora.xtec.cat\/ins-iptem\/estudis\/","title":{"rendered":"Estudis"},"content":{"rendered":"<p><span style=\"font-family: inherit; font-size: 1em; color: #444444;\">A l&#8217;ins-IPTEM, on exclusivament s&#8217;imparteixen cicles de\u00a0<\/span><strong style=\"font-family: inherit; font-size: 1em; color: #444444;\">Formaci\u00f3 Professional<\/strong><span style=\"font-family: inherit; font-size: 1em; color: #444444;\">, al curs 25-26, pots cursar el <\/span><strong style=\"font-family: inherit; font-size: 1em; color: #444444;\"><a href=\"https:\/\/portaldogc.gencat.cat\/utilsEADOP\/PDF\/8066\/1784456.pdf\">CFGM d&#8217;Activitats Eq\u00fcestres<\/a><\/strong><span style=\"font-family: inherit; font-size: 1em; color: #444444;\">\u00a0i el\u00a0<\/span><strong style=\"font-family: inherit; font-size: 1em; color: #444444;\"><a href=\"https:\/\/www.boe.es\/boe\/dias\/2020\/02\/27\/pdfs\/BOE-A-2020-2738.pdf\">CFGM de Guia en el Medi Natural i Temps de Lleure<\/a><\/strong><span style=\"font-family: inherit; font-size: 1em; color: #444444;\">.<\/span><\/p>\n<p><strong>Horaris<\/strong> de les <strong>avaluacions<\/strong> (convocat\u00f2ria abril&#8217;26) per l&#8217;alumnat en <strong>compleci\u00f3<\/strong>:\u00a0<a href=\"https:\/\/drive.google.com\/file\/d\/1WPxOznZaLRDmhBbmJ8nWvtNV2jJoL-GB\/view?usp=sharing\">CLICA<\/a><\/p>\n<div class=\"entry-content\" style=\"color: #444444;\">\n<h4 style=\"font-weight: 400;\"><strong>CFGM ACTIVITATS EQ\u00dcESTRES (TAE)<\/strong><\/h4>\n\n\t\t<style type=\"text\/css\">\n\t\t\t#gallery-1 {\n\t\t\t\tmargin: auto;\n\t\t\t}\n\t\t\t#gallery-1 .gallery-item {\n\t\t\t\tfloat: left;\n\t\t\t\tmargin-top: 10px;\n\t\t\t\ttext-align: center;\n\t\t\t\twidth: 33%;\n\t\t\t}\n\t\t\t#gallery-1 img {\n\t\t\t\tborder: 2px solid #cfcfcf;\n\t\t\t}\n\t\t\t#gallery-1 .gallery-caption {\n\t\t\t\tmargin-left: 0;\n\t\t\t}\n\t\t\t\/* see gallery_shortcode() in wp-includes\/media.php *\/\n\t\t<\/style>\n\t\t<div id='gallery-1' class='gallery galleryid-195 gallery-columns-3 gallery-size-medium'><dl class='gallery-item'>\n\t\t\t<dt class='gallery-icon landscape'>\n\t\t\t\t<a href='https:\/\/agora.xtec.cat\/ins-iptem\/estudis\/attachment\/img-20250515-wa0077\/'><img loading=\"lazy\" decoding=\"async\" width=\"300\" height=\"135\" src=\"https:\/\/agora.xtec.cat\/ins-iptem\/wp-content\/uploads\/usu2201\/2025\/07\/IMG-20250515-WA0077-300x135.jpg\" class=\"attachment-medium size-medium\" alt=\"\" srcset=\"https:\/\/agora.xtec.cat\/ins-iptem\/wp-content\/uploads\/usu2201\/2025\/07\/IMG-20250515-WA0077-300x135.jpg 300w, https:\/\/agora.xtec.cat\/ins-iptem\/wp-content\/uploads\/usu2201\/2025\/07\/IMG-20250515-WA0077-1024x461.jpg 1024w, https:\/\/agora.xtec.cat\/ins-iptem\/wp-content\/uploads\/usu2201\/2025\/07\/IMG-20250515-WA0077-768x346.jpg 768w, https:\/\/agora.xtec.cat\/ins-iptem\/wp-content\/uploads\/usu2201\/2025\/07\/IMG-20250515-WA0077-1536x691.jpg 1536w, https:\/\/agora.xtec.cat\/ins-iptem\/wp-content\/uploads\/usu2201\/2025\/07\/IMG-20250515-WA0077.jpg 1600w\" sizes=\"auto, (max-width: 300px) 100vw, 300px\" \/><\/a>\n\t\t\t<\/dt><\/dl>\n\t\t\t<br style='clear: both' \/>\n\t\t<\/div>\n\n<p style=\"font-weight: 400;\">Aquest cicle formatiu est\u00e0 encarat a formar T\u00e8cnics i T\u00e8cniques d&#8217;Activitats Eq\u00fcestres, especialitzats\/des en el Turisme Eq\u00fcestre. Capacita per menar i cuidar el bestiar equ\u00ed en cadascuna de les fases productives, i tamb\u00e9 per desenvolupar activitats de guia per itineraris eq\u00fcestres, amb atenci\u00f3 especial a la seguretat i benestar animal, utilitzant i mantenint les instal\u00b7lacions, maquin\u00e0ria i equips i complint la normativa de benestar animal de prevenci\u00f3 de riscos laborals, i de protecci\u00f3 ambiental.<\/p>\n<p style=\"font-weight: 400;\">Es caracteritza per realitzar un aprenentatge a trav\u00e9s de:<\/p>\n<ul style=\"font-weight: 400;\">\n<li>la pr\u00e0ctica i la te\u00f2rica<\/li>\n<li>la pr\u00e0ctica a les empreses (Dual General): <a href=\"https:\/\/prezi.com\/view\/a6fugOB29FjKRKyhsOsE\/\">CLICA<\/a><\/li>\n<li>la realitzaci\u00f3 de rutes eq\u00fcestres<\/li>\n<\/ul>\n<p style=\"font-weight: 400;\">Material i llibres TAE:\u00a0<a href=\"https:\/\/drive.google.com\/file\/d\/1Lc9A1HbVAkaQc7ojmpxcH2cKLicXhNbb\/view?usp=sharing\">CLICA \u00a0<\/a><\/p>\n<p>Horari 1r TAE:\u00a0<a href=\"https:\/\/drive.google.com\/file\/d\/1zrc8qbnzesJJut8xoz2pm3wigpw89316\/view?usp=sharing\">CLICA<\/a><\/p>\n<p>Horari 2n TAE: <a href=\"https:\/\/drive.google.com\/file\/d\/157PwRrxlkzkfzeL4Oi1KBV8ZAfJptDyG\/view?usp=sharing\">CLICA<\/a><\/p>\n<p>Document Inici de Curs TAE: <a href=\"https:\/\/drive.google.com\/file\/d\/1eEwks49Rg-rPFMg_WGFiKNcYetmAkWHo\/view?usp=sharing\">CLICA<\/a><\/p>\n<h6>Si vols veure la presentaci\u00f3 de la Jornada de Portes Obertes TAE: <a href=\"https:\/\/prezi.com\/view\/V15e51voi70WlgAe3ni6\/?referral_token=y-awtYlnB3FN\">CLICA<\/a><\/h6>\n<h6><\/h6>\n<h4 style=\"font-weight: 400;\"><strong>CFGM GUIA EN EL MEDI NATURAL I TEMPS DE LLEURE (GEEMN)<\/strong><\/h4>\n<p><img loading=\"lazy\" decoding=\"async\" class=\"alignnone size-medium wp-image-1535\" src=\"https:\/\/agora.xtec.cat\/ins-iptem\/wp-content\/uploads\/usu2201\/2023\/02\/WhatsApp-Image-2023-02-24-at-16.15.50-300x169.jpeg\" alt=\"\" width=\"300\" height=\"169\" srcset=\"https:\/\/agora.xtec.cat\/ins-iptem\/wp-content\/uploads\/usu2201\/2023\/02\/WhatsApp-Image-2023-02-24-at-16.15.50-300x169.jpeg 300w, https:\/\/agora.xtec.cat\/ins-iptem\/wp-content\/uploads\/usu2201\/2023\/02\/WhatsApp-Image-2023-02-24-at-16.15.50-1024x576.jpeg 1024w, https:\/\/agora.xtec.cat\/ins-iptem\/wp-content\/uploads\/usu2201\/2023\/02\/WhatsApp-Image-2023-02-24-at-16.15.50-768x432.jpeg 768w, https:\/\/agora.xtec.cat\/ins-iptem\/wp-content\/uploads\/usu2201\/2023\/02\/WhatsApp-Image-2023-02-24-at-16.15.50-1536x864.jpeg 1536w, https:\/\/agora.xtec.cat\/ins-iptem\/wp-content\/uploads\/usu2201\/2023\/02\/WhatsApp-Image-2023-02-24-at-16.15.50.jpeg 1599w\" sizes=\"auto, (max-width: 300px) 100vw, 300px\" \/><\/p>\n<p style=\"font-weight: 400;\">Aquest cicle formatiu permetr\u00e0:\u00a0Organitzar itineraris i guiar grups per entorns naturals de muntanya baixa i mitjana, terreny nevat tipus n\u00f2rdic, cavitats de baixa\u00a0 dificultat, barrancs de baix risc, medi aqu\u00e0tic i instal\u00b7lacions d&#8217;oci i aventura, progressant a peu, amb cordes, amb bicicleta, en embarcacions i a cavall , aix\u00ed com\u00a0 dinamitzar activitats de temps de lleure, adaptant tot aix\u00f2 als participants, respectant el medi ambient i garantint la qualitat i la seguretat.<\/p>\n<p>Es caracteritza per realitzar un aprenentatge a trav\u00e9s de:<\/p>\n<ul>\n<li>la pr\u00e0ctica a les empreses (Dual General): <a href=\"https:\/\/prezi.com\/view\/a6fugOB29FjKRKyhsOsE\/\">CLICA<\/a><\/li>\n<li>continguts t\u00e8cnics te\u00f2rics.<\/li>\n<li>experi\u00e8ncies pr\u00e0ctiques i formatives.<\/li>\n<\/ul>\n<p style=\"font-weight: 400;\">Material <strong>1rGEEMN<\/strong>:\u00a0<a href=\"https:\/\/drive.google.com\/file\/d\/1CPUlxAmYputySCxpDjqs7MFTAOT9mKG6\/view?usp=sharing\">CLICA<\/a><\/p>\n<p>Horari 1r GEEMN Mar:\u00a0<a href=\"https:\/\/drive.google.com\/file\/d\/1AgfepftOvORspXXOzri5VpD-CAJO8GjW\/view?usp=sharing\">CLICA<\/a><\/p>\n<p>Horari 1r GEEMN Muntanya:\u00a0<a href=\"https:\/\/drive.google.com\/file\/d\/1twEJ8i1VK6c8dPZV4nvV0RTpUHtGQYP8\/view?usp=sharing\">CLICA<\/a><\/p>\n<p style=\"font-weight: 400;\">Material<strong> 2nGEEMN<\/strong>:\u00a0<a href=\"https:\/\/drive.google.com\/file\/d\/1ry2d9sM249p6gszsFsXvSmHA_lslJb_E\/view?usp=sharing\">CLICA<\/a><\/p>\n<p>Horari 2n GEEMN Mar:\u00a0<a href=\"https:\/\/drive.google.com\/file\/d\/1FEJFu8vGRYBTv6HCzQ20ypyup4GaDKLd\/view?usp=sharing\">CLICA<\/a><\/p>\n<p>Horari 2n GEEMN Muntanya:\u00a0<a href=\"https:\/\/drive.google.com\/file\/d\/1GwExI3WTRbv0x_rbMf3IUdNi83tHytIy\/view?usp=sharing\">CLICA<\/a><\/p>\n<p>Document Inici de Curs GEEMN: <a href=\"https:\/\/drive.google.com\/file\/d\/1bEUgRtWSC3kdZJr9hfEq83mcR0zI1Pen\/view?usp=sharing\">CLICA<\/a><\/p>\n<h6>Si vols veure la presentaci\u00f3 de la Jornada de Portes Obertes GEEMN: <a href=\"https:\/\/prezi.com\/view\/V15e51voi70WlgAe3ni6\/\">CLICA<\/a><\/h6>\n<\/div>\n<p>&nbsp;<\/p>\n","protected":false},"excerpt":{"rendered":"<p>A l&#8217;ins-IPTEM, on exclusivament s&#8217;imparteixen cicles de\u00a0Formaci\u00f3 Professional, al curs 25-26, pots cursar el <a href=\"https:\/\/portaldogc.gencat.cat\/utilsEADOP\/PDF\/8066\/1784456.pdf\">CFGM d&#8217;Activitats Eq\u00fcestres<\/a>\u00a0i el\u00a0<a href=\"https:\/\/www.boe.es\/boe\/dias\/2020\/02\/27\/pdfs\/BOE-A-2020-2738.pdf\">CFGM de Guia en el Medi Natural i Temps de Lleure<\/a>.<br \/>\nHoraris de les avaluacions (convocat\u00f2ria abril&#8217;26) per l&#8217;alumnat en compleci\u00f3:\u00a0<a href=\"https:\/\/drive.google.com\/file\/d\/1WPxOznZaLRDmhBbmJ8nWvtNV2jJoL-GB\/view?usp=sharing\">CLICA<\/a><\/p>\n<p>CFGM ACTIVITATS EQ\u00dcESTRES (TAE)<\/p>\n<p>\t\t\t#gallery-2 {<br \/>\n\t\t\t\tmargin: auto;<br \/>\n\t\t\t}<br \/>\n\t\t\t#gallery-2&hellip;  <a href=\"https:\/\/agora.xtec.cat\/ins-iptem\/estudis\/\" title=\"Read Estudis\">Llegeix m\u00e9s\u00bb<\/a><\/p>\n","protected":false},"author":1,"featured_media":0,"parent":0,"menu_order":0,"comment_status":"closed","ping_status":"closed","template":"page-templates\/side-menu.php","meta":{"_bbp_topic_count":0,"_bbp_reply_count":0,"_bbp_total_topic_count":0,"_bbp_total_reply_count":0,"_bbp_voice_count":0,"_bbp_anonymous_reply_count":0,"_bbp_topic_count_hidden":0,"_bbp_reply_count_hidden":0,"_bbp_forum_subforum_count":0,"footnotes":""},"class_list":["post-195","page","type-page","status-publish","hentry"],"post_mailing_queue_ids":[],"_links":{"self":[{"href":"https:\/\/agora.xtec.cat\/ins-iptem\/wp-json\/wp\/v2\/pages\/195","targetHints":{"allow":["GET"]}}],"collection":[{"href":"https:\/\/agora.xtec.cat\/ins-iptem\/wp-json\/wp\/v2\/pages"}],"about":[{"href":"https:\/\/agora.xtec.cat\/ins-iptem\/wp-json\/wp\/v2\/types\/page"}],"author":[{"embeddable":true,"href":"https:\/\/agora.xtec.cat\/ins-iptem\/wp-json\/wp\/v2\/users\/1"}],"replies":[{"embeddable":true,"href":"https:\/\/agora.xtec.cat\/ins-iptem\/wp-json\/wp\/v2\/comments?post=195"}],"version-history":[{"count":7,"href":"https:\/\/agora.xtec.cat\/ins-iptem\/wp-json\/wp\/v2\/pages\/195\/revisions"}],"predecessor-version":[{"id":2701,"href":"https:\/\/agora.xtec.cat\/ins-iptem\/wp-json\/wp\/v2\/pages\/195\/revisions\/2701"}],"wp:attachment":[{"href":"https:\/\/agora.xtec.cat\/ins-iptem\/wp-json\/wp\/v2\/media?parent=195"}],"curies":[{"name":"wp","href":"https:\/\/api.w.org\/{rel}","templated":true}]}}