{"id":1820,"date":"2023-06-29T10:38:04","date_gmt":"2023-06-29T08:38:04","guid":{"rendered":"https:\/\/agora.xtec.cat\/ins-iptem\/?page_id=1820"},"modified":"2023-06-29T10:53:44","modified_gmt":"2023-06-29T08:53:44","slug":"mp04-organitzacio-ditineraris","status":"publish","type":"page","link":"https:\/\/agora.xtec.cat\/ins-iptem\/estudis\/geemn\/mp04-organitzacio-ditineraris\/","title":{"rendered":"MP04_GEEMN: Organitzaci\u00f3 d\u2019Itineraris"},"content":{"rendered":"<p><span style=\"font-weight: 400;\">El m\u00f2dul d\u2019organitzaci\u00f3 d\u2019itineraris proporciona les eines b\u00e0siques per dissenyar rutes tenint en compte els elements geogr\u00e0fics i les caracter\u00edstiques dels usuaris. Aix\u00ed doncs, l\u2019alumnat apr\u00e8n a interpretar mapes, desxifrar elements cartogr\u00e0fics, calcular dist\u00e0ncies i desnivells, preveure els recursos necessaris per a una ruta i concretar protocols de seguretat i evacuaci\u00f3.<\/span><\/p>\n<p><span style=\"font-weight: 400;\">El m\u00f2dul 4 est\u00e0 estretament lligat amb el m\u00f2dul de guia de muntanya baixa i mitjana, on es posen en pr\u00e0ctica tots dels aprenentatges treballats.<\/span><\/p>\n","protected":false},"excerpt":{"rendered":"<p>El m\u00f2dul d\u2019organitzaci\u00f3 d\u2019itineraris proporciona les eines b\u00e0siques per dissenyar rutes tenint en compte els elements geogr\u00e0fics i les caracter\u00edstiques dels usuaris. Aix\u00ed doncs, l\u2019alumnat apr\u00e8n a interpretar mapes, desxifrar elements cartogr\u00e0fics, calcular dist\u00e0ncies i desnivells, preveure els recursos necessaris per a una ruta i&hellip;  <a href=\"https:\/\/agora.xtec.cat\/ins-iptem\/estudis\/geemn\/mp04-organitzacio-ditineraris\/\" title=\"Read MP04_GEEMN: Organitzaci\u00f3 d\u2019Itineraris\">Llegeix m\u00e9s\u00bb<\/a><\/p>\n","protected":false},"author":1,"featured_media":0,"parent":1709,"menu_order":0,"comment_status":"closed","ping_status":"closed","template":"","meta":{"_bbp_topic_count":0,"_bbp_reply_count":0,"_bbp_total_topic_count":0,"_bbp_total_reply_count":0,"_bbp_voice_count":0,"_bbp_anonymous_reply_count":0,"_bbp_topic_count_hidden":0,"_bbp_reply_count_hidden":0,"_bbp_forum_subforum_count":0,"footnotes":""},"class_list":["post-1820","page","type-page","status-publish","hentry"],"post_mailing_queue_ids":[],"_links":{"self":[{"href":"https:\/\/agora.xtec.cat\/ins-iptem\/wp-json\/wp\/v2\/pages\/1820","targetHints":{"allow":["GET"]}}],"collection":[{"href":"https:\/\/agora.xtec.cat\/ins-iptem\/wp-json\/wp\/v2\/pages"}],"about":[{"href":"https:\/\/agora.xtec.cat\/ins-iptem\/wp-json\/wp\/v2\/types\/page"}],"author":[{"embeddable":true,"href":"https:\/\/agora.xtec.cat\/ins-iptem\/wp-json\/wp\/v2\/users\/1"}],"replies":[{"embeddable":true,"href":"https:\/\/agora.xtec.cat\/ins-iptem\/wp-json\/wp\/v2\/comments?post=1820"}],"version-history":[{"count":2,"href":"https:\/\/agora.xtec.cat\/ins-iptem\/wp-json\/wp\/v2\/pages\/1820\/revisions"}],"predecessor-version":[{"id":1849,"href":"https:\/\/agora.xtec.cat\/ins-iptem\/wp-json\/wp\/v2\/pages\/1820\/revisions\/1849"}],"up":[{"embeddable":true,"href":"https:\/\/agora.xtec.cat\/ins-iptem\/wp-json\/wp\/v2\/pages\/1709"}],"wp:attachment":[{"href":"https:\/\/agora.xtec.cat\/ins-iptem\/wp-json\/wp\/v2\/media?parent=1820"}],"curies":[{"name":"wp","href":"https:\/\/api.w.org\/{rel}","templated":true}]}}