{"id":1686,"date":"2023-04-18T21:25:03","date_gmt":"2023-04-18T19:25:03","guid":{"rendered":"https:\/\/agora.xtec.cat\/ins-iptem\/?page_id=1686"},"modified":"2023-04-18T21:25:03","modified_gmt":"2023-04-18T19:25:03","slug":"mp09_tae-guia-equestre","status":"publish","type":"page","link":"https:\/\/agora.xtec.cat\/ins-iptem\/estudis\/tae\/mp09_tae-guia-equestre\/","title":{"rendered":"MP09_TAE: Guia Eq\u00fcestre"},"content":{"rendered":"<p><span style=\"font-weight: 400;\">El m\u00f2dul 9 es duu a terme durant el segon curs acad\u00e8mic, quan l\u2019alumnat ja t\u00e9 unes t\u00e8cniques d\u2019equitaci\u00f3 consolidades, i se centra en el desenvolupament de rutes eq\u00fcestres en el medi natural. Es divideix en dues unitats formatives.<\/span><\/p>\n<p><span style=\"font-weight: 400;\">A la primera, l\u2019alumnat duu a terme rutes eq\u00fcestres en el medi natural. Dissenya itineraris eq\u00fcestres, prepara els cavalls i els mitjans per a la ruta i realitza itineraris eq\u00fcestres tot practicant les seves habilitats de guiatge.\u00a0<\/span><\/p>\n<p><span style=\"font-weight: 400;\">A la segona, l\u2019alumnat realitza activitats recreatives relacionades amb el m\u00f3n eq\u00fcestre i posa a prova les seves habilitats de monitoratge. <\/span><\/p>\n","protected":false},"excerpt":{"rendered":"<p>El m\u00f2dul 9 es duu a terme durant el segon curs acad\u00e8mic, quan l\u2019alumnat ja t\u00e9 unes t\u00e8cniques d\u2019equitaci\u00f3 consolidades, i se centra en el desenvolupament de rutes eq\u00fcestres en el medi natural. Es divideix en dues unitats formatives.<br \/>\nA la primera, l\u2019alumnat duu a terme&hellip;  <a href=\"https:\/\/agora.xtec.cat\/ins-iptem\/estudis\/tae\/mp09_tae-guia-equestre\/\" title=\"Read MP09_TAE: Guia Eq\u00fcestre\">Llegeix m\u00e9s\u00bb<\/a><\/p>\n","protected":false},"author":1,"featured_media":0,"parent":1632,"menu_order":9,"comment_status":"closed","ping_status":"closed","template":"","meta":{"_bbp_topic_count":0,"_bbp_reply_count":0,"_bbp_total_topic_count":0,"_bbp_total_reply_count":0,"_bbp_voice_count":0,"_bbp_anonymous_reply_count":0,"_bbp_topic_count_hidden":0,"_bbp_reply_count_hidden":0,"_bbp_forum_subforum_count":0,"footnotes":""},"class_list":["post-1686","page","type-page","status-publish","hentry"],"post_mailing_queue_ids":[],"_links":{"self":[{"href":"https:\/\/agora.xtec.cat\/ins-iptem\/wp-json\/wp\/v2\/pages\/1686","targetHints":{"allow":["GET"]}}],"collection":[{"href":"https:\/\/agora.xtec.cat\/ins-iptem\/wp-json\/wp\/v2\/pages"}],"about":[{"href":"https:\/\/agora.xtec.cat\/ins-iptem\/wp-json\/wp\/v2\/types\/page"}],"author":[{"embeddable":true,"href":"https:\/\/agora.xtec.cat\/ins-iptem\/wp-json\/wp\/v2\/users\/1"}],"replies":[{"embeddable":true,"href":"https:\/\/agora.xtec.cat\/ins-iptem\/wp-json\/wp\/v2\/comments?post=1686"}],"version-history":[{"count":1,"href":"https:\/\/agora.xtec.cat\/ins-iptem\/wp-json\/wp\/v2\/pages\/1686\/revisions"}],"predecessor-version":[{"id":1687,"href":"https:\/\/agora.xtec.cat\/ins-iptem\/wp-json\/wp\/v2\/pages\/1686\/revisions\/1687"}],"up":[{"embeddable":true,"href":"https:\/\/agora.xtec.cat\/ins-iptem\/wp-json\/wp\/v2\/pages\/1632"}],"wp:attachment":[{"href":"https:\/\/agora.xtec.cat\/ins-iptem\/wp-json\/wp\/v2\/media?parent=1686"}],"curies":[{"name":"wp","href":"https:\/\/api.w.org\/{rel}","templated":true}]}}