{"id":756,"date":"2023-02-28T14:10:16","date_gmt":"2023-02-28T13:10:16","guid":{"rendered":"https:\/\/agora.xtec.cat\/ins-intermunicipal\/?page_id=756"},"modified":"2023-02-28T14:10:16","modified_gmt":"2023-02-28T13:10:16","slug":"fp-dual-empresa","status":"publish","type":"page","link":"https:\/\/agora.xtec.cat\/ins-intermunicipal\/fp-dual-empresa\/","title":{"rendered":"FP DUAL Empresa"},"content":{"rendered":"<p>La Formaci\u00f3 Professional (FP) dual \u00e9s la modalitat de formaci\u00f3 professional en la qual l\u2019estudiant esdev\u00e9 aprenent i combina la formaci\u00f3 en el centre educatiu amb l\u2019activitat a l\u2019empresa.<\/p>\n<p>M\u00e9s informaci\u00f3,\u00a0<a href=\"https:\/\/agora.xtec.cat\/fpdual\/informacio\/que-es-la-formacio-professional-dual\/\">https:\/\/agora.xtec.cat\/fpdual<\/a><\/p>\n","protected":false},"excerpt":{"rendered":"<p>La Formaci\u00f3 Professional (FP) dual \u00e9s la modalitat de formaci\u00f3 professional en la qual l\u2019estudiant esdev\u00e9 aprenent i combina la formaci\u00f3 en el centre educatiu amb l\u2019activitat a l\u2019empresa.<br \/>\nM\u00e9s informaci\u00f3,\u00a0<a href=\"https:\/\/agora.xtec.cat\/fpdual\/informacio\/que-es-la-formacio-professional-dual\/\">https:\/\/agora.xtec.cat\/fpdual<\/a><\/p>\n","protected":false},"author":6,"featured_media":0,"parent":0,"menu_order":0,"comment_status":"closed","ping_status":"closed","template":"","meta":{"_bbp_topic_count":0,"_bbp_reply_count":0,"_bbp_total_topic_count":0,"_bbp_total_reply_count":0,"_bbp_voice_count":0,"_bbp_anonymous_reply_count":0,"_bbp_topic_count_hidden":0,"_bbp_reply_count_hidden":0,"_bbp_forum_subforum_count":0,"footnotes":""},"class_list":["post-756","page","type-page","status-publish","hentry"],"post_mailing_queue_ids":[],"_links":{"self":[{"href":"https:\/\/agora.xtec.cat\/ins-intermunicipal\/wp-json\/wp\/v2\/pages\/756","targetHints":{"allow":["GET"]}}],"collection":[{"href":"https:\/\/agora.xtec.cat\/ins-intermunicipal\/wp-json\/wp\/v2\/pages"}],"about":[{"href":"https:\/\/agora.xtec.cat\/ins-intermunicipal\/wp-json\/wp\/v2\/types\/page"}],"author":[{"embeddable":true,"href":"https:\/\/agora.xtec.cat\/ins-intermunicipal\/wp-json\/wp\/v2\/users\/6"}],"replies":[{"embeddable":true,"href":"https:\/\/agora.xtec.cat\/ins-intermunicipal\/wp-json\/wp\/v2\/comments?post=756"}],"version-history":[{"count":1,"href":"https:\/\/agora.xtec.cat\/ins-intermunicipal\/wp-json\/wp\/v2\/pages\/756\/revisions"}],"predecessor-version":[{"id":757,"href":"https:\/\/agora.xtec.cat\/ins-intermunicipal\/wp-json\/wp\/v2\/pages\/756\/revisions\/757"}],"wp:attachment":[{"href":"https:\/\/agora.xtec.cat\/ins-intermunicipal\/wp-json\/wp\/v2\/media?parent=756"}],"curies":[{"name":"wp","href":"https:\/\/api.w.org\/{rel}","templated":true}]}}

<p>La Formació Professional (FP) dual és la modalitat de formació professional en la qual l’estudiant esdevé aprenent i combina la formació en el centre educatiu amb l’activitat a l’empresa.</p>
<p>Més informació, <a href="https://agora.xtec.cat/fpdual/informacio/que-es-la-formacio-professional-dual/">https://agora.xtec.cat/fpdual</a></p>

<p>La Formació Professional (FP) dual és la modalitat de formació professional en la qual l’estudiant esdevé aprenent i combina la formació en el centre educatiu amb l’activitat a l’empresa.<br />
Més informació, <a href="https://agora.xtec.cat/fpdual/informacio/que-es-la-formacio-professional-dual/">https://agora.xtec.cat/fpdual</a></p>
