{"id":542,"date":"2021-12-18T14:50:29","date_gmt":"2021-12-18T13:50:29","guid":{"rendered":"https:\/\/agora.xtec.cat\/ins-intermunicipal\/?page_id=542"},"modified":"2021-12-18T14:53:48","modified_gmt":"2021-12-18T13:53:48","slug":"inversions","status":"publish","type":"page","link":"https:\/\/agora.xtec.cat\/ins-intermunicipal\/ampa\/inversions\/","title":{"rendered":"Inversions"},"content":{"rendered":"<p>Tenen com objectiu finan\u00e7ar les despeses i inversions que no s\u2019inclouen en el finan\u00e7ament del Centre.<br \/>\nAquestes inversions s\u00f3n:<\/p>\n<ul>\n<li>Renovaci\u00f3 de la p\u00e0gina web de l\u2019Inter.<\/li>\n<li>Nou equip de Megafonia.<\/li>\n<li>Estudi d\u2019accessibilitat al Centre que s\u2019ha presentat a la direcci\u00f3 i a la Mancomunitat.<\/li>\n<li>Compra d\u2019equipament pels alumnes i per les aules: Maniqu\u00ed, llit i grua ortop\u00e8dica per a cicles formatius, Impressora multifunci\u00f3.<\/li>\n<li>Renovaci\u00f3 de 33 ordinadors a l\u2019aula d\u2019inform\u00e0tica.<\/li>\n<li>Projector.<\/li>\n<li>Armariets pels alumnes de Batxillerat.<\/li>\n<li>Instal\u00b7laci\u00f3 de focus a la pista de v\u00f3lei.<\/li>\n<li>Ajudes a les activitats extraescolars (participaci\u00f3 a la First Lego League).<\/li>\n<li>Col\u00b7laboraci\u00f3 econ\u00f2mica amb les activitats del projecte Comunitat Educativa.<\/li>\n<li>Col\u00b7laboraci\u00f3 econ\u00f2mica amb el departament de diversitat\/USEE.<\/li>\n<li>Col\u00b7laboraci\u00f3 econ\u00f2mica amb les jornades culturals.<\/li>\n<\/ul>\n<p>Per facilitar l\u2019ajuda que el Centre pugui necessitar, \u00e9s molt important l\u2019aportaci\u00f3 de les fam\u00edlies, sense les quals no es podrien haver dut a terme aquestes inversions.<\/p>\n<p>Gr\u00e0cies a tots els pares i mares per col\u00b7laborar i fer la nostra Escola una mica m\u00e9s gran cada dia. Aprofitem per convidar-vos a les reunions mensuals.<\/p>\n","protected":false},"excerpt":{"rendered":"<p>Tenen com objectiu finan\u00e7ar les despeses i inversions que no s\u2019inclouen en el finan\u00e7ament del Centre.<br \/>\nAquestes inversions s\u00f3n:<\/p>\n<ul>\n<li>Renovaci\u00f3 de la p\u00e0gina web de l\u2019Inter.<\/li>\n<li>Nou equip de Megafonia.<\/li>\n<li>Estudi d\u2019accessibilitat al Centre que s\u2019ha presentat a la direcci\u00f3 i a la Mancomunitat.<\/li>\n<li>Compra d\u2019equipament pels alumnes i per&hellip;  <a href=\"https:\/\/agora.xtec.cat\/ins-intermunicipal\/ampa\/inversions\/\" title=\"Read Inversions\">Llegeix m\u00e9s\u00bb<\/a><br \/>\n","protected":false},"author":1,"featured_media":0,"parent":526,"menu_order":3,"comment_status":"closed","ping_status":"closed","template":"page-templates\/side-menu.php","meta":{"_bbp_topic_count":0,"_bbp_reply_count":0,"_bbp_total_topic_count":0,"_bbp_total_reply_count":0,"_bbp_voice_count":0,"_bbp_anonymous_reply_count":0,"_bbp_topic_count_hidden":0,"_bbp_reply_count_hidden":0,"_bbp_forum_subforum_count":0,"footnotes":""},"class_list":["post-542","page","type-page","status-publish","hentry"],"post_mailing_queue_ids":[],"_links":{"self":[{"href":"https:\/\/agora.xtec.cat\/ins-intermunicipal\/wp-json\/wp\/v2\/pages\/542","targetHints":{"allow":["GET"]}}],"collection":[{"href":"https:\/\/agora.xtec.cat\/ins-intermunicipal\/wp-json\/wp\/v2\/pages"}],"about":[{"href":"https:\/\/agora.xtec.cat\/ins-intermunicipal\/wp-json\/wp\/v2\/types\/page"}],"author":[{"embeddable":true,"href":"https:\/\/agora.xtec.cat\/ins-intermunicipal\/wp-json\/wp\/v2\/users\/1"}],"replies":[{"embeddable":true,"href":"https:\/\/agora.xtec.cat\/ins-intermunicipal\/wp-json\/wp\/v2\/comments?post=542"}],"version-history":[{"count":2,"href":"https:\/\/agora.xtec.cat\/ins-intermunicipal\/wp-json\/wp\/v2\/pages\/542\/revisions"}],"predecessor-version":[{"id":544,"href":"https:\/\/agora.xtec.cat\/ins-intermunicipal\/wp-json\/wp\/v2\/pages\/542\/revisions\/544"}],"up":[{"embeddable":true,"href":"https:\/\/agora.xtec.cat\/ins-intermunicipal\/wp-json\/wp\/v2\/pages\/526"}],"wp:attachment":[{"href":"https:\/\/agora.xtec.cat\/ins-intermunicipal\/wp-json\/wp\/v2\/media?parent=542"}],"curies":[{"name":"wp","href":"https:\/\/api.w.org\/{rel}","templated":true}]}}