{"id":539,"date":"2021-12-18T14:47:07","date_gmt":"2021-12-18T13:47:07","guid":{"rendered":"https:\/\/agora.xtec.cat\/ins-intermunicipal\/?page_id=539"},"modified":"2025-10-07T10:51:46","modified_gmt":"2025-10-07T08:51:46","slug":"funcionament","status":"publish","type":"page","link":"https:\/\/agora.xtec.cat\/ins-intermunicipal\/ampa\/funcionament\/","title":{"rendered":"Funcionament"},"content":{"rendered":"<h3>Junta Directiva<\/h3>\n<h6 align=\"justify\">President: Ra\u00fal Nolla<\/h6>\n<h6 align=\"justify\">Secret\u00e0ria: M\u00f2nica Surroca<\/h6>\n<h6 align=\"justify\">Tresorera: Rosalba Pardo<\/h6>\n<h6 align=\"justify\">Vocals: Jordi Esteve, Ester Fern\u00e1ndez, Abel Gonz\u00e1lez<\/h6>\n<div align=\"justify\"><\/div>\n<h3>Qu\u00e8 fem?<\/h3>\n<h4>LA FUNCI\u00d3 I ACTIVITAT PRINCIPAL DE L\u2019AMPA \u00c9S LA REPRESENTACI\u00d3 DE LES FAM\u00cdLIES DAVANT EL CENTRE I LA COORDINACI\u00d3 DE LES ACTIVITATS EXTRAESCOLARS, DESENVOLUPANT-SE A TRAV\u00c9S DE:<\/h4>\n<ul>\n<li>Participaci\u00f3 en els Consells Escolars, tant del Centre com municipals.<\/li>\n<li>Assistir als Plens Intermunicipals.<\/li>\n<li>Col\u00b7laborar en el projecte Comunitat Educativa, que porta a terme el Centre.<\/li>\n<li>Participar en la jornada de portes obertes.<\/li>\n<li>Col\u00b7laborar en les jornades culturals.<\/li>\n<li>Organitzar el sopar de fi de curs.<\/li>\n<li>Gestionar les inversions econ\u00f2miques que l\u2019AMPA\u00a0fa al Centre.<\/li>\n<li>Organitzar i coordinar les activitats extraescolars.<\/li>\n<\/ul>\n<h3>Funcionament<\/h3>\n<p>Se celebren reunions peri\u00f2diques de la junta directiva, on es tracten els diferents temes previstos en cada reuni\u00f3 amb la direcci\u00f3 del Centre, es consensuen decisions, i s\u2019estableixen diferents tasques a desenvolupar.<\/p>\n<h3>Inversions realitzades durant els darrers Cursos<\/h3>\n<h3>Tenen com a objectiu finan\u00e7ar les despeses i inversions que no s\u2019inclouen en el finan\u00e7ament del Centre.<\/h3>\n<p>Aquestes inversions\u00a0s\u00f3n:<\/p>\n<ul>\n<li>Renovaci\u00f3 de la p\u00e0gina web de l\u2019Inter.<\/li>\n<li>Nou equip de Megafonia.<\/li>\n<li>Estudi d\u2019accessibilitat al Centre que s\u2019ha presentat a la direcci\u00f3 i a la Mancomunitat.<\/li>\n<li>Compra d\u2019equipament pels alumnes i\u00a0les aules:\n<ul>\n<li>Maniqu\u00ed, llit i grua ortop\u00e8dica per a cicles formatius.<\/li>\n<li>Impressora multifunci\u00f3.<\/li>\n<li>Renovaci\u00f3 de 33 ordinadors a l\u2019aula d\u2019inform\u00e0tica.<\/li>\n<li>Projector.<\/li>\n<li>Armariets pels alumnes de Batxillerat.<\/li>\n<\/ul>\n<\/li>\n<li>Instal\u00b7laci\u00f3 de focus a la pista de volei.<\/li>\n<li>Ajudes a les activitats extraescolars (participaci\u00f3 en la First Lego League).<\/li>\n<li>Col\u00b7laboraci\u00f3 econ\u00f2mica\u00a0amb les activitats del projecte Comunitat Educativa.<\/li>\n<li>Col\u00b7laboraci\u00f3 econ\u00f2mica amb el departament de diversitat\/USEE.<\/li>\n<li>Col\u00b7laboraci\u00f3 econ\u00f2mica\u00a0amb les jornades culturals.<\/li>\n<\/ul>\n<p>Per facilitar l\u2019ajuda que el Centre pugui necessitar, \u00e9s molt important l\u2019aportaci\u00f3 de les fam\u00edlies, sense les quals no es podrien haver dut a terme aquestes inversions.<\/p>\n<p>Gr\u00e0cies a tots els pares i mares per col\u00b7laborar i fer la nostra Escola una mica m\u00e9s gran cada dia. Aprofitem per convidar-vos a les reunions mensuals.<\/p>\n<h3>Contacta amb nosaltres:<\/h3>\n<p>Ens podeu escriure al nostre Correu Electr\u00f2nic:\u00a0<a href=\"mailto:ampa@intermunicipal.com\">ampa@intermunicipal.com<\/a><\/p>\n<p>&nbsp;<\/p>\n","protected":false},"excerpt":{"rendered":"<p>Junta Directiva<br \/>\nPresident: Ra\u00fal Nolla<br \/>\nSecret\u00e0ria: M\u00f2nica Surroca<br \/>\nTresorera: Rosalba Pardo<br \/>\nVocals: Jordi Esteve, Ester Fern\u00e1ndez, Abel Gonz\u00e1lez<\/p>\n<p>Qu\u00e8 fem?<br \/>\nLA FUNCI\u00d3 I ACTIVITAT PRINCIPAL DE L\u2019AMPA \u00c9S LA REPRESENTACI\u00d3 DE LES FAM\u00cdLIES DAVANT EL CENTRE I LA COORDINACI\u00d3 DE LES ACTIVITATS EXTRAESCOLARS, DESENVOLUPANT-SE A TRAV\u00c9S DE:<\/p>\n<ul>\n<li>Participaci\u00f3 en els Consells Escolars,&hellip;  <a href=\"https:\/\/agora.xtec.cat\/ins-intermunicipal\/ampa\/funcionament\/\" title=\"Read Funcionament\">Llegeix m\u00e9s\u00bb<\/a><br \/>\n","protected":false},"author":1,"featured_media":0,"parent":526,"menu_order":0,"comment_status":"closed","ping_status":"closed","template":"page-templates\/side-menu.php","meta":{"_bbp_topic_count":0,"_bbp_reply_count":0,"_bbp_total_topic_count":0,"_bbp_total_reply_count":0,"_bbp_voice_count":0,"_bbp_anonymous_reply_count":0,"_bbp_topic_count_hidden":0,"_bbp_reply_count_hidden":0,"_bbp_forum_subforum_count":0,"footnotes":""},"class_list":["post-539","page","type-page","status-publish","hentry"],"post_mailing_queue_ids":[],"_links":{"self":[{"href":"https:\/\/agora.xtec.cat\/ins-intermunicipal\/wp-json\/wp\/v2\/pages\/539","targetHints":{"allow":["GET"]}}],"collection":[{"href":"https:\/\/agora.xtec.cat\/ins-intermunicipal\/wp-json\/wp\/v2\/pages"}],"about":[{"href":"https:\/\/agora.xtec.cat\/ins-intermunicipal\/wp-json\/wp\/v2\/types\/page"}],"author":[{"embeddable":true,"href":"https:\/\/agora.xtec.cat\/ins-intermunicipal\/wp-json\/wp\/v2\/users\/1"}],"replies":[{"embeddable":true,"href":"https:\/\/agora.xtec.cat\/ins-intermunicipal\/wp-json\/wp\/v2\/comments?post=539"}],"version-history":[{"count":6,"href":"https:\/\/agora.xtec.cat\/ins-intermunicipal\/wp-json\/wp\/v2\/pages\/539\/revisions"}],"predecessor-version":[{"id":5190,"href":"https:\/\/agora.xtec.cat\/ins-intermunicipal\/wp-json\/wp\/v2\/pages\/539\/revisions\/5190"}],"up":[{"embeddable":true,"href":"https:\/\/agora.xtec.cat\/ins-intermunicipal\/wp-json\/wp\/v2\/pages\/526"}],"wp:attachment":[{"href":"https:\/\/agora.xtec.cat\/ins-intermunicipal\/wp-json\/wp\/v2\/media?parent=539"}],"curies":[{"name":"wp","href":"https:\/\/api.w.org\/{rel}","templated":true}]}}