{"id":536,"date":"2021-12-18T14:40:48","date_gmt":"2021-12-18T13:40:48","guid":{"rendered":"https:\/\/agora.xtec.cat\/ins-intermunicipal\/?page_id=536"},"modified":"2021-12-18T14:55:15","modified_gmt":"2021-12-18T13:55:15","slug":"que-fem","status":"publish","type":"page","link":"https:\/\/agora.xtec.cat\/ins-intermunicipal\/ampa\/que-fem\/","title":{"rendered":"Qu\u00e8 fem?"},"content":{"rendered":"<p>La funci\u00f3 i activitat principal de l&#8217;AMPA \u00e9s la representaci\u00f3 de les fam\u00edlies davant del centre i la coordinaci\u00f3 de les activitats extraescolars, desenvolupant-se a trav\u00e9s de:<\/p>\n<ul>\n<li>Participaci\u00f3 en el Consell Escolar<\/li>\n<li>Col\u00b7laborar en el projecte Comunitat Educativa, que porta a terme el Centre.<\/li>\n<li>Participar en la jornada de portes obertes.<\/li>\n<li>Col\u00b7laborar en les jornades culturals.<\/li>\n<li>Organitzar el sopar de fi de curs.<\/li>\n<li>Gestionar les inversions econ\u00f2miques que l\u2019AMPA fa al Centre.<\/li>\n<li>Organitzar i coordinar les activitats extraescolars.<\/li>\n<\/ul>\n","protected":false},"excerpt":{"rendered":"<p>La funci\u00f3 i activitat principal de l&#8217;AMPA \u00e9s la representaci\u00f3 de les fam\u00edlies davant del centre i la coordinaci\u00f3 de les activitats extraescolars, desenvolupant-se a trav\u00e9s de:<\/p>\n<ul>\n<li>Participaci\u00f3 en el Consell Escolar<\/li>\n<li>Col\u00b7laborar en el projecte Comunitat Educativa, que porta a terme el Centre.<\/li>\n<li>Participar en la jornada&hellip;  <a href=\"https:\/\/agora.xtec.cat\/ins-intermunicipal\/ampa\/que-fem\/\" title=\"Read Qu\u00e8 fem?\">Llegeix m\u00e9s\u00bb<\/a><br \/>\n","protected":false},"author":1,"featured_media":0,"parent":526,"menu_order":0,"comment_status":"closed","ping_status":"closed","template":"page-templates\/side-menu.php","meta":{"_bbp_topic_count":0,"_bbp_reply_count":0,"_bbp_total_topic_count":0,"_bbp_total_reply_count":0,"_bbp_voice_count":0,"_bbp_anonymous_reply_count":0,"_bbp_topic_count_hidden":0,"_bbp_reply_count_hidden":0,"_bbp_forum_subforum_count":0,"footnotes":""},"class_list":["post-536","page","type-page","status-publish","hentry"],"post_mailing_queue_ids":[],"_links":{"self":[{"href":"https:\/\/agora.xtec.cat\/ins-intermunicipal\/wp-json\/wp\/v2\/pages\/536","targetHints":{"allow":["GET"]}}],"collection":[{"href":"https:\/\/agora.xtec.cat\/ins-intermunicipal\/wp-json\/wp\/v2\/pages"}],"about":[{"href":"https:\/\/agora.xtec.cat\/ins-intermunicipal\/wp-json\/wp\/v2\/types\/page"}],"author":[{"embeddable":true,"href":"https:\/\/agora.xtec.cat\/ins-intermunicipal\/wp-json\/wp\/v2\/users\/1"}],"replies":[{"embeddable":true,"href":"https:\/\/agora.xtec.cat\/ins-intermunicipal\/wp-json\/wp\/v2\/comments?post=536"}],"version-history":[{"count":1,"href":"https:\/\/agora.xtec.cat\/ins-intermunicipal\/wp-json\/wp\/v2\/pages\/536\/revisions"}],"predecessor-version":[{"id":537,"href":"https:\/\/agora.xtec.cat\/ins-intermunicipal\/wp-json\/wp\/v2\/pages\/536\/revisions\/537"}],"up":[{"embeddable":true,"href":"https:\/\/agora.xtec.cat\/ins-intermunicipal\/wp-json\/wp\/v2\/pages\/526"}],"wp:attachment":[{"href":"https:\/\/agora.xtec.cat\/ins-intermunicipal\/wp-json\/wp\/v2\/media?parent=536"}],"curies":[{"name":"wp","href":"https:\/\/api.w.org\/{rel}","templated":true}]}}