{"id":27,"date":"2014-09-17T16:24:03","date_gmt":"2014-09-17T16:24:03","guid":{"rendered":"http:\/\/agora.xtec.cat\/ins-intermunicipal\/?page_id=27"},"modified":"2023-11-07T17:45:37","modified_gmt":"2023-11-07T16:45:37","slug":"historia","status":"publish","type":"page","link":"https:\/\/agora.xtec.cat\/ins-intermunicipal\/linstitut\/historia\/","title":{"rendered":"Hist\u00f2ria"},"content":{"rendered":"<p style=\"text-align: center;\"><a href=\"https:\/\/agora.xtec.cat\/ins-intermunicipal\/wp-content\/uploads\/usu2220\/2023\/11\/intermunicipal-835x462-1.jpg\"><img loading=\"lazy\" decoding=\"async\" class=\"alignnone size-full wp-image-1382\" src=\"https:\/\/agora.xtec.cat\/ins-intermunicipal\/wp-content\/uploads\/usu2220\/2023\/11\/intermunicipal-835x462-1.jpg\" alt=\"\" width=\"835\" height=\"462\" srcset=\"https:\/\/agora.xtec.cat\/ins-intermunicipal\/wp-content\/uploads\/usu2220\/2023\/11\/intermunicipal-835x462-1.jpg 835w, https:\/\/agora.xtec.cat\/ins-intermunicipal\/wp-content\/uploads\/usu2220\/2023\/11\/intermunicipal-835x462-1-300x166.jpg 300w, https:\/\/agora.xtec.cat\/ins-intermunicipal\/wp-content\/uploads\/usu2220\/2023\/11\/intermunicipal-835x462-1-768x425.jpg 768w\" sizes=\"auto, (max-width: 835px) 100vw, 835px\" \/><\/a><\/p>\n<p align=\"justify\"><a href=\"https:\/\/agora.xtec.cat\/ins-intermunicipal\/wp-content\/uploads\/usu2220\/2023\/02\/7382_inaguracioescola-750x430-1.jpg\"><img loading=\"lazy\" decoding=\"async\" class=\"wp-image-683 alignleft\" src=\"https:\/\/agora.xtec.cat\/ins-intermunicipal\/wp-content\/uploads\/usu2220\/2023\/02\/7382_inaguracioescola-750x430-1.jpg\" alt=\"\" width=\"534\" height=\"306\" srcset=\"https:\/\/agora.xtec.cat\/ins-intermunicipal\/wp-content\/uploads\/usu2220\/2023\/02\/7382_inaguracioescola-750x430-1.jpg 750w, https:\/\/agora.xtec.cat\/ins-intermunicipal\/wp-content\/uploads\/usu2220\/2023\/02\/7382_inaguracioescola-750x430-1-300x172.jpg 300w\" sizes=\"auto, (max-width: 534px) 100vw, 534px\" \/><\/a>Abans de ser l\u2019actual <strong>Institut Intermunicipal del Pened\u00e8s<\/strong>, el nostre centre va ser l\u2019<strong>Escola Intermunicipal del Pened\u00e8s<\/strong>, un centre d\u2019ensenyament nascut l\u2019any 1981 a partir de la iniciativa d\u2019una colla d\u2019ajuntaments de la comarca liderats pel de Sant Sadurn\u00ed d\u2019Anoia. A m\u00e9s d\u2019aquest, tamb\u00e9 eren titulars del centre els ajuntaments de Gelida, Sant Quint\u00ed de Mediona, Sant Pere de Riudebitlles, Torrelavit, Sant Lloren\u00e7 d\u2019Hortons, el Pla del Pened\u00e8s i Subirats. A tots ells els empenyia la voluntat de resoldre la mancan\u00e7a d&#8217;ensenyament p\u00fablic de secund\u00e0ria en aquesta zona del Pened\u00e8s.<\/p>\n<p align=\"justify\">Els primers edificis que van allotjar l\u2019Escola Intermunicipal van ser l\u2019edifici de les Escoles P\u00fabliques de la pla\u00e7a Nova, que va acollir els alumnes d\u2019FP, i l\u2019aulari de La Triola que acollia els de BUP. M\u00e9s endavant i fins ara, \u00e9s l\u2019edifici de l\u2019antiga Escola Vilarnau el lloc que acull el nostre institut.<a href=\"https:\/\/agora.xtec.cat\/ins-intermunicipal\/wp-content\/uploads\/usu2220\/2023\/02\/0072-358x430-1.jpg\"><img loading=\"lazy\" decoding=\"async\" class=\"size-full wp-image-682 alignright\" src=\"https:\/\/agora.xtec.cat\/ins-intermunicipal\/wp-content\/uploads\/usu2220\/2023\/02\/0072-358x430-1.jpg\" alt=\"\" width=\"358\" height=\"430\" srcset=\"https:\/\/agora.xtec.cat\/ins-intermunicipal\/wp-content\/uploads\/usu2220\/2023\/02\/0072-358x430-1.jpg 358w, https:\/\/agora.xtec.cat\/ins-intermunicipal\/wp-content\/uploads\/usu2220\/2023\/02\/0072-358x430-1-250x300.jpg 250w\" sizes=\"auto, (max-width: 358px) 100vw, 358px\" \/><\/a><\/p>\n<p align=\"justify\">M\u00e9s endavant, es va constituir la Mancomunitat de Municipis de l\u2019Alt Pened\u00e8s i va ser aquesta entitat la que va gestionar el centre. Es finan\u00e7ava amb els diners que li transferia la Generalitat de Catalunya amb qui tenia signat un conveni singular. Aquest conveni determinava que la Generalitat havia de pagar amb car\u00e0cter finalista el cost del professorat, el personal no docent i el manteniment del centre. El professorat era contractat per la MMAP i no pertanyia al cos docent del Departament d&#8217;Educaci\u00f3 de la Generalitat de Catalunya. En canvi, el fet que aquest centre es mantingu\u00e9s totalment amb fons de la Generalitat de Catalunya el convertia en un centre p\u00fablic per als seus alumnes.<\/p>\n<p align=\"justify\"><a style=\"color: #2795b6;\" href=\"https:\/\/agora.xtec.cat\/ins-intermunicipal\/wp-content\/uploads\/usu2220\/2023\/02\/Escanear0612.jpg\"><img loading=\"lazy\" decoding=\"async\" class=\"wp-image-687 alignleft\" src=\"https:\/\/agora.xtec.cat\/ins-intermunicipal\/wp-content\/uploads\/usu2220\/2023\/02\/Escanear0612.jpg\" alt=\"\" width=\"414\" height=\"289\" srcset=\"https:\/\/agora.xtec.cat\/ins-intermunicipal\/wp-content\/uploads\/usu2220\/2023\/02\/Escanear0612.jpg 1710w, https:\/\/agora.xtec.cat\/ins-intermunicipal\/wp-content\/uploads\/usu2220\/2023\/02\/Escanear0612-300x210.jpg 300w, https:\/\/agora.xtec.cat\/ins-intermunicipal\/wp-content\/uploads\/usu2220\/2023\/02\/Escanear0612-1024x716.jpg 1024w, https:\/\/agora.xtec.cat\/ins-intermunicipal\/wp-content\/uploads\/usu2220\/2023\/02\/Escanear0612-768x537.jpg 768w, https:\/\/agora.xtec.cat\/ins-intermunicipal\/wp-content\/uploads\/usu2220\/2023\/02\/Escanear0612-1536x1073.jpg 1536w\" sizes=\"auto, (max-width: 414px) 100vw, 414px\" \/><\/a>La situaci\u00f3 geogr\u00e0fica fa que actualment el centre tingui adscrits els CEIP del Pla del Pened\u00e8s, Sant Pere de Riudebitlles, Sant Lloren\u00e7 d\u2019Hortons, Sant Sadurn\u00ed d\u2019Anoia, Subirats i Torrelavit i que els alumnes procedents de tots aquests municipis puguin accedir als estudis d\u2019Ensenyament Secundari Obligatori, de Batxillerat, de Cicles Formatius de Grau Mig i de Grau Superior i dels Programes de Formaci\u00f3 i Inserci\u00f3.<\/p>\n<p align=\"justify\">L\u2019any 2021, el centre deix\u00e0 de ser gestionat per la MMAP i, per tant, des del curs 2021-2022 forma part de la xarxa de centres p\u00fablics del Departament d&#8217;Educaci\u00f3 de la Generalitat de Catalunya a tots els efectes.<\/p>\n<p>&nbsp;<\/p>\n","protected":false},"excerpt":{"rendered":"<p><a href=\"https:\/\/agora.xtec.cat\/ins-intermunicipal\/wp-content\/uploads\/usu2220\/2023\/11\/intermunicipal-835x462-1.jpg\"><\/a><br \/>\n<a href=\"https:\/\/agora.xtec.cat\/ins-intermunicipal\/wp-content\/uploads\/usu2220\/2023\/02\/7382_inaguracioescola-750x430-1.jpg\"><\/a>Abans de ser l\u2019actual Institut Intermunicipal del Pened\u00e8s, el nostre centre va ser l\u2019Escola Intermunicipal del Pened\u00e8s, un centre d\u2019ensenyament nascut l\u2019any 1981 a partir de la iniciativa d\u2019una colla d\u2019ajuntaments de la comarca liderats pel de Sant Sadurn\u00ed d\u2019Anoia. A m\u00e9s d\u2019aquest,&hellip;  <a href=\"https:\/\/agora.xtec.cat\/ins-intermunicipal\/linstitut\/historia\/\" title=\"Read Hist\u00f2ria\">Llegeix m\u00e9s\u00bb<\/a><\/p>\n","protected":false},"author":1,"featured_media":0,"parent":19,"menu_order":20,"comment_status":"closed","ping_status":"closed","template":"page-templates\/side-menu.php","meta":{"_bbp_topic_count":0,"_bbp_reply_count":0,"_bbp_total_topic_count":0,"_bbp_total_reply_count":0,"_bbp_voice_count":0,"_bbp_anonymous_reply_count":0,"_bbp_topic_count_hidden":0,"_bbp_reply_count_hidden":0,"_bbp_forum_subforum_count":0,"footnotes":""},"class_list":["post-27","page","type-page","status-publish","hentry"],"post_mailing_queue_ids":[],"_links":{"self":[{"href":"https:\/\/agora.xtec.cat\/ins-intermunicipal\/wp-json\/wp\/v2\/pages\/27","targetHints":{"allow":["GET"]}}],"collection":[{"href":"https:\/\/agora.xtec.cat\/ins-intermunicipal\/wp-json\/wp\/v2\/pages"}],"about":[{"href":"https:\/\/agora.xtec.cat\/ins-intermunicipal\/wp-json\/wp\/v2\/types\/page"}],"author":[{"embeddable":true,"href":"https:\/\/agora.xtec.cat\/ins-intermunicipal\/wp-json\/wp\/v2\/users\/1"}],"replies":[{"embeddable":true,"href":"https:\/\/agora.xtec.cat\/ins-intermunicipal\/wp-json\/wp\/v2\/comments?post=27"}],"version-history":[{"count":5,"href":"https:\/\/agora.xtec.cat\/ins-intermunicipal\/wp-json\/wp\/v2\/pages\/27\/revisions"}],"predecessor-version":[{"id":1384,"href":"https:\/\/agora.xtec.cat\/ins-intermunicipal\/wp-json\/wp\/v2\/pages\/27\/revisions\/1384"}],"up":[{"embeddable":true,"href":"https:\/\/agora.xtec.cat\/ins-intermunicipal\/wp-json\/wp\/v2\/pages\/19"}],"wp:attachment":[{"href":"https:\/\/agora.xtec.cat\/ins-intermunicipal\/wp-json\/wp\/v2\/media?parent=27"}],"curies":[{"name":"wp","href":"https:\/\/api.w.org\/{rel}","templated":true}]}}

Història

<p style="text-align: center;"><a href="https://agora.xtec.cat/ins-intermunicipal/wp-content/uploads/usu2220/2023/11/intermunicipal-835x462-1.jpg"><img loading="lazy" decoding="async" class="alignnone size-full wp-image-1382" src="https://agora.xtec.cat/ins-intermunicipal/wp-content/uploads/usu2220/2023/11/intermunicipal-835x462-1.jpg" alt="" width="835" height="462" srcset="https://agora.xtec.cat/ins-intermunicipal/wp-content/uploads/usu2220/2023/11/intermunicipal-835x462-1.jpg 835w, https://agora.xtec.cat/ins-intermunicipal/wp-content/uploads/usu2220/2023/11/intermunicipal-835x462-1-300x166.jpg 300w, https://agora.xtec.cat/ins-intermunicipal/wp-content/uploads/usu2220/2023/11/intermunicipal-835x462-1-768x425.jpg 768w" sizes="auto, (max-width: 835px) 100vw, 835px" /></a></p>
<p align="justify"><a href="https://agora.xtec.cat/ins-intermunicipal/wp-content/uploads/usu2220/2023/02/7382_inaguracioescola-750x430-1.jpg"><img loading="lazy" decoding="async" class="wp-image-683 alignleft" src="https://agora.xtec.cat/ins-intermunicipal/wp-content/uploads/usu2220/2023/02/7382_inaguracioescola-750x430-1.jpg" alt="" width="534" height="306" srcset="https://agora.xtec.cat/ins-intermunicipal/wp-content/uploads/usu2220/2023/02/7382_inaguracioescola-750x430-1.jpg 750w, https://agora.xtec.cat/ins-intermunicipal/wp-content/uploads/usu2220/2023/02/7382_inaguracioescola-750x430-1-300x172.jpg 300w" sizes="auto, (max-width: 534px) 100vw, 534px" /></a>Abans de ser l’actual <strong>Institut Intermunicipal del Penedès</strong>, el nostre centre va ser l’<strong>Escola Intermunicipal del Penedès</strong>, un centre d’ensenyament nascut l’any 1981 a partir de la iniciativa d’una colla d’ajuntaments de la comarca liderats pel de Sant Sadurní d’Anoia. A més d’aquest, també eren titulars del centre els ajuntaments de Gelida, Sant Quintí de Mediona, Sant Pere de Riudebitlles, Torrelavit, Sant Llorenç d’Hortons, el Pla del Penedès i Subirats. A tots ells els empenyia la voluntat de resoldre la mancança d&#8217;ensenyament públic de secundària en aquesta zona del Penedès.</p>
<p align="justify">Els primers edificis que van allotjar l’Escola Intermunicipal van ser l’edifici de les Escoles Públiques de la plaça Nova, que va acollir els alumnes d’FP, i l’aulari de La Triola que acollia els de BUP. Més endavant i fins ara, és l’edifici de l’antiga Escola Vilarnau el lloc que acull el nostre institut.<a href="https://agora.xtec.cat/ins-intermunicipal/wp-content/uploads/usu2220/2023/02/0072-358x430-1.jpg"><img loading="lazy" decoding="async" class="size-full wp-image-682 alignright" src="https://agora.xtec.cat/ins-intermunicipal/wp-content/uploads/usu2220/2023/02/0072-358x430-1.jpg" alt="" width="358" height="430" srcset="https://agora.xtec.cat/ins-intermunicipal/wp-content/uploads/usu2220/2023/02/0072-358x430-1.jpg 358w, https://agora.xtec.cat/ins-intermunicipal/wp-content/uploads/usu2220/2023/02/0072-358x430-1-250x300.jpg 250w" sizes="auto, (max-width: 358px) 100vw, 358px" /></a></p>
<p align="justify">Més endavant, es va constituir la Mancomunitat de Municipis de l’Alt Penedès i va ser aquesta entitat la que va gestionar el centre. Es finançava amb els diners que li transferia la Generalitat de Catalunya amb qui tenia signat un conveni singular. Aquest conveni determinava que la Generalitat havia de pagar amb caràcter finalista el cost del professorat, el personal no docent i el manteniment del centre. El professorat era contractat per la MMAP i no pertanyia al cos docent del Departament d&#8217;Educació de la Generalitat de Catalunya. En canvi, el fet que aquest centre es mantingués totalment amb fons de la Generalitat de Catalunya el convertia en un centre públic per als seus alumnes.</p>
<p align="justify"><a style="color: #2795b6;" href="https://agora.xtec.cat/ins-intermunicipal/wp-content/uploads/usu2220/2023/02/Escanear0612.jpg"><img loading="lazy" decoding="async" class="wp-image-687 alignleft" src="https://agora.xtec.cat/ins-intermunicipal/wp-content/uploads/usu2220/2023/02/Escanear0612.jpg" alt="" width="414" height="289" srcset="https://agora.xtec.cat/ins-intermunicipal/wp-content/uploads/usu2220/2023/02/Escanear0612.jpg 1710w, https://agora.xtec.cat/ins-intermunicipal/wp-content/uploads/usu2220/2023/02/Escanear0612-300x210.jpg 300w, https://agora.xtec.cat/ins-intermunicipal/wp-content/uploads/usu2220/2023/02/Escanear0612-1024x716.jpg 1024w, https://agora.xtec.cat/ins-intermunicipal/wp-content/uploads/usu2220/2023/02/Escanear0612-768x537.jpg 768w, https://agora.xtec.cat/ins-intermunicipal/wp-content/uploads/usu2220/2023/02/Escanear0612-1536x1073.jpg 1536w" sizes="auto, (max-width: 414px) 100vw, 414px" /></a>La situació geogràfica fa que actualment el centre tingui adscrits els CEIP del Pla del Penedès, Sant Pere de Riudebitlles, Sant Llorenç d’Hortons, Sant Sadurní d’Anoia, Subirats i Torrelavit i que els alumnes procedents de tots aquests municipis puguin accedir als estudis d’Ensenyament Secundari Obligatori, de Batxillerat, de Cicles Formatius de Grau Mig i de Grau Superior i dels Programes de Formació i Inserció.</p>
<p align="justify">L’any 2021, el centre deixà de ser gestionat per la MMAP i, per tant, des del curs 2021-2022 forma part de la xarxa de centres públics del Departament d&#8217;Educació de la Generalitat de Catalunya a tots els efectes.</p>
<p>&nbsp;</p>

<p><a href="https://agora.xtec.cat/ins-intermunicipal/wp-content/uploads/usu2220/2023/11/intermunicipal-835x462-1.jpg"></a><br />
<a href="https://agora.xtec.cat/ins-intermunicipal/wp-content/uploads/usu2220/2023/02/7382_inaguracioescola-750x430-1.jpg"></a>Abans de ser l’actual Institut Intermunicipal del Penedès, el nostre centre va ser l’Escola Intermunicipal del Penedès, un centre d’ensenyament nascut l’any 1981 a partir de la iniciativa d’una colla d’ajuntaments de la comarca liderats pel de Sant Sadurní d’Anoia. A més d’aquest,&hellip;  <a href="https://agora.xtec.cat/ins-intermunicipal/linstitut/historia/" title="Read Història">Llegeix més»</a></p>
