{"id":195,"date":"2014-09-22T10:39:39","date_gmt":"2014-09-22T10:39:39","guid":{"rendered":"http:\/\/agora.xtec.cat\/ins-intermunicipal\/?page_id=195"},"modified":"2023-03-17T12:47:31","modified_gmt":"2023-03-17T11:47:31","slug":"cfgm","status":"publish","type":"page","link":"https:\/\/agora.xtec.cat\/ins-intermunicipal\/cfgm\/","title":{"rendered":"Fam\u00edlia d&#8217;Administraci\u00f3 i Gesti\u00f3"},"content":{"rendered":"<table style=\"border-collapse: collapse; width: 100%;\">\n<tbody>\n<tr>\n<td style=\"width: 22.9514%;\"><a href=\"https:\/\/agora.xtec.cat\/ins-intermunicipal\/wp-content\/uploads\/usu2220\/2023\/02\/FPGM-FPGS-PFI-AdministracioIGestio-e1677515183745.png\"><img loading=\"lazy\" decoding=\"async\" class=\"aligncenter wp-image-744 size-thumbnail\" src=\"https:\/\/agora.xtec.cat\/ins-intermunicipal\/wp-content\/uploads\/usu2220\/2023\/02\/FPGM-FPGS-PFI-AdministracioIGestio-e1677515183745-150x150.png\" alt=\"\" width=\"150\" height=\"150\" \/><\/a><\/td>\n<td style=\"width: 77.0486%;\">\n<h2>CFGM de Gesti\u00f3 Administrativa<\/h2>\n<h2>CFGS d&#8217;Administraci\u00f3 i Finances<\/h2>\n<\/td>\n<\/tr>\n<\/tbody>\n<\/table>\n<hr \/>\n<h6>Horari: torn de tarda<\/h6>\n<table style=\"border-collapse: collapse; width: 100%;\">\n<tbody>\n<tr>\n<td style=\"width: 22.8789%;\" colspan=\"2\">\n<h4>CFGM de Gesti\u00f3 Administrativa<\/h4>\n<p>Aquests estudis capaciten per exercir tasques de suport administratiu en l\u2019\u00e0mbit laboral, comptable, comercial, financer i fiscal i tasques de suport a les persones, en empreses p\u00fabliques o privades.<\/p>\n<p>La durada \u00e9s de 2.000 hores\u00a0distribu\u00efdes en dos cursos acad\u00e8mics.<\/p>\n<p>Aquest estudi\u00a0substitueix\u00a0el cicle\u00a0Gesti\u00f3\u00a0Administrativa\u00a0(LOGSE).<\/p>\n<p>M\u00e9s informaci\u00f3 a la web del Departament: <a href=\"https:\/\/triaeducativa.gencat.cat\/ca\/estudis\/?gestio-administrativa&amp;p_id=49\" target=\"_blank\" rel=\"noopener\">Gesti\u00f3 Administrativa<\/a><\/td>\n<\/tr>\n<\/tbody>\n<\/table>\n<table style=\"border-collapse: collapse; width: 100%;\">\n<tbody>\n<tr>\n<td style=\"width: 22.9514%;\" colspan=\"2\">\n<h4>CFGS d&#8217;Administraci\u00f3 i Finances<\/h4>\n<p>Aquests estudis capaciten per organitzar i executar les operacions de gesti\u00f3 i administraci\u00f3 en els processos comercials, laborals, comptables, fiscals i financers d&#8217;una empresa p\u00fablica o privada, aplicant la normativa vigent i els protocols de gesti\u00f3 de qualitat, gestionant la informaci\u00f3, assegurant la satisfacci\u00f3 del client o usuari i actuant segons les normes de prevenci\u00f3 de riscos laborals i protecci\u00f3 mediambiental.<\/p>\n<p>La durada \u00e9s de 2.000 hores distribu\u00efdes en dos cursos acad\u00e8mics.<\/p>\n<p>Aquest estudi substitueix el cicle Administraci\u00f3 i Finances (LOGSE).<\/p>\n<p>M\u00e9s informaci\u00f3 a la web del Departament: <a href=\"https:\/\/triaeducativa.gencat.cat\/ca\/estudis\/?administracio-finances&amp;p_id=1630\" target=\"_blank\" rel=\"noopener\">Administraci\u00f3 i Finances<\/a><\/td>\n<\/tr>\n<\/tbody>\n<\/table>\n","protected":false},"excerpt":{"rendered":"<p><a href=\"https:\/\/agora.xtec.cat\/ins-intermunicipal\/wp-content\/uploads\/usu2220\/2023\/02\/FPGM-FPGS-PFI-AdministracioIGestio-e1677515183745.png\"><\/a><\/p>\n<p>CFGM de Gesti\u00f3 Administrativa<br \/>\nCFGS d&#8217;Administraci\u00f3 i Finances<\/p>\n<p>Horari: torn de tarda<\/p>\n<p>CFGM de Gesti\u00f3 Administrativa<br \/>\nAquests estudis capaciten per exercir tasques de suport administratiu en l\u2019\u00e0mbit laboral, comptable, comercial, financer i fiscal i tasques de suport a les persones, en empreses p\u00fabliques o privades.<br \/>\nLa durada \u00e9s de&hellip;  <a href=\"https:\/\/agora.xtec.cat\/ins-intermunicipal\/cfgm\/\" title=\"Read Fam\u00edlia d&#8217;Administraci\u00f3 i Gesti\u00f3\">Llegeix m\u00e9s\u00bb<\/a><\/p>\n","protected":false},"author":1,"featured_media":0,"parent":0,"menu_order":0,"comment_status":"closed","ping_status":"closed","template":"","meta":{"_bbp_topic_count":0,"_bbp_reply_count":0,"_bbp_total_topic_count":0,"_bbp_total_reply_count":0,"_bbp_voice_count":0,"_bbp_anonymous_reply_count":0,"_bbp_topic_count_hidden":0,"_bbp_reply_count_hidden":0,"_bbp_forum_subforum_count":0,"footnotes":""},"class_list":["post-195","page","type-page","status-publish","hentry"],"post_mailing_queue_ids":[],"_links":{"self":[{"href":"https:\/\/agora.xtec.cat\/ins-intermunicipal\/wp-json\/wp\/v2\/pages\/195","targetHints":{"allow":["GET"]}}],"collection":[{"href":"https:\/\/agora.xtec.cat\/ins-intermunicipal\/wp-json\/wp\/v2\/pages"}],"about":[{"href":"https:\/\/agora.xtec.cat\/ins-intermunicipal\/wp-json\/wp\/v2\/types\/page"}],"author":[{"embeddable":true,"href":"https:\/\/agora.xtec.cat\/ins-intermunicipal\/wp-json\/wp\/v2\/users\/1"}],"replies":[{"embeddable":true,"href":"https:\/\/agora.xtec.cat\/ins-intermunicipal\/wp-json\/wp\/v2\/comments?post=195"}],"version-history":[{"count":3,"href":"https:\/\/agora.xtec.cat\/ins-intermunicipal\/wp-json\/wp\/v2\/pages\/195\/revisions"}],"predecessor-version":[{"id":781,"href":"https:\/\/agora.xtec.cat\/ins-intermunicipal\/wp-json\/wp\/v2\/pages\/195\/revisions\/781"}],"wp:attachment":[{"href":"https:\/\/agora.xtec.cat\/ins-intermunicipal\/wp-json\/wp\/v2\/media?parent=195"}],"curies":[{"name":"wp","href":"https:\/\/api.w.org\/{rel}","templated":true}]}}

Família d&#8217;Administració i Gestió

<table style="border-collapse: collapse; width: 100%;">
<tbody>
<tr>
<td style="width: 22.9514%;"><a href="https://agora.xtec.cat/ins-intermunicipal/wp-content/uploads/usu2220/2023/02/FPGM-FPGS-PFI-AdministracioIGestio-e1677515183745.png"><img loading="lazy" decoding="async" class="aligncenter wp-image-744 size-thumbnail" src="https://agora.xtec.cat/ins-intermunicipal/wp-content/uploads/usu2220/2023/02/FPGM-FPGS-PFI-AdministracioIGestio-e1677515183745-150x150.png" alt="" width="150" height="150" /></a></td>
<td style="width: 77.0486%;">
<h2>CFGM de Gestió Administrativa</h2>
<h2>CFGS d&#8217;Administració i Finances</h2>
</td>
</tr>
</tbody>
</table>
<hr />
<h6>Horari: torn de tarda</h6>
<table style="border-collapse: collapse; width: 100%;">
<tbody>
<tr>
<td style="width: 22.8789%;" colspan="2">
<h4>CFGM de Gestió Administrativa</h4>
<p>Aquests estudis capaciten per exercir tasques de suport administratiu en l’àmbit laboral, comptable, comercial, financer i fiscal i tasques de suport a les persones, en empreses públiques o privades.</p>
<p>La durada és de 2.000 hores distribuïdes en dos cursos acadèmics.</p>
<p>Aquest estudi substitueix el cicle Gestió Administrativa (LOGSE).</p>
<p>Més informació a la web del Departament: <a href="https://triaeducativa.gencat.cat/ca/estudis/?gestio-administrativa&amp;p_id=49" target="_blank" rel="noopener">Gestió Administrativa</a></td>
</tr>
</tbody>
</table>
<table style="border-collapse: collapse; width: 100%;">
<tbody>
<tr>
<td style="width: 22.9514%;" colspan="2">
<h4>CFGS d&#8217;Administració i Finances</h4>
<p>Aquests estudis capaciten per organitzar i executar les operacions de gestió i administració en els processos comercials, laborals, comptables, fiscals i financers d&#8217;una empresa pública o privada, aplicant la normativa vigent i els protocols de gestió de qualitat, gestionant la informació, assegurant la satisfacció del client o usuari i actuant segons les normes de prevenció de riscos laborals i protecció mediambiental.</p>
<p>La durada és de 2.000 hores distribuïdes en dos cursos acadèmics.</p>
<p>Aquest estudi substitueix el cicle Administració i Finances (LOGSE).</p>
<p>Més informació a la web del Departament: <a href="https://triaeducativa.gencat.cat/ca/estudis/?administracio-finances&amp;p_id=1630" target="_blank" rel="noopener">Administració i Finances</a></td>
</tr>
</tbody>
</table>

<p><a href="https://agora.xtec.cat/ins-intermunicipal/wp-content/uploads/usu2220/2023/02/FPGM-FPGS-PFI-AdministracioIGestio-e1677515183745.png"></a></p>
<p>CFGM de Gestió Administrativa<br />
CFGS d&#8217;Administració i Finances</p>
<p>Horari: torn de tarda</p>
<p>CFGM de Gestió Administrativa<br />
Aquests estudis capaciten per exercir tasques de suport administratiu en l’àmbit laboral, comptable, comercial, financer i fiscal i tasques de suport a les persones, en empreses públiques o privades.<br />
La durada és de&hellip;  <a href="https://agora.xtec.cat/ins-intermunicipal/cfgm/" title="Read Família d&#8217;Administració i Gestió">Llegeix més»</a></p>
