{"id":1666,"date":"2023-12-15T10:57:54","date_gmt":"2023-12-15T09:57:54","guid":{"rendered":"https:\/\/agora.xtec.cat\/ins-intermunicipal\/?page_id=1666"},"modified":"2024-07-19T11:04:45","modified_gmt":"2024-07-19T09:04:45","slug":"eso","status":"publish","type":"page","link":"https:\/\/agora.xtec.cat\/ins-intermunicipal\/eso\/","title":{"rendered":"ESO"},"content":{"rendered":"<p><span style=\"color: #008000;\"><strong>Distribuci\u00f3 de mat\u00e8ries a l&#8217;ESO (sessions de 60 minuts):<\/strong><\/span><\/p>\n<table class=\" alignleft\" style=\"width: 56.7167%; height: 563px;\">\n<tbody>\n<tr style=\"height: 49px;\">\n<td style=\"height: 49px; background-color: #e5fae1; text-align: center;\"><span style=\"color: #008000;\"><strong>MAT\u00c8RIES COMUNES<\/strong><\/span><\/td>\n<td style=\"height: 49px; text-align: center; background-color: #e5fae1;\"><span style=\"color: #008000;\"><strong>1r d&#8217;ESO<\/strong><\/span><\/td>\n<td style=\"height: 49px; text-align: center; background-color: #e5fae1;\"><span style=\"color: #008000;\"><strong>2n d&#8217;ESO<\/strong><\/span><\/td>\n<td style=\"height: 49px; text-align: center; background-color: #e5fae1;\"><span style=\"color: #008000;\"><strong>3r d&#8217;ESO<\/strong><\/span><\/td>\n<td style=\"height: 49px; text-align: center; background-color: #e5fae1;\"><span style=\"color: #008000;\"><strong>4t d&#8217;ESO<\/strong><\/span><\/td>\n<\/tr>\n<tr style=\"height: 33px;\">\n<td style=\"height: 33px;\"><span style=\"color: #008000;\"><strong>Biologia i Geologia<\/strong><\/span><\/td>\n<td style=\"height: 33px; text-align: center;\"><span style=\"color: #008000;\"><strong>2<\/strong><\/span><\/td>\n<td style=\"height: 33px; text-align: center;\"><span style=\"color: #008000;\"><strong>2<\/strong><\/span><\/td>\n<td style=\"height: 33px; text-align: center;\"><span style=\"color: #008000;\"><strong>2<\/strong><\/span><\/td>\n<td style=\"height: 33px; text-align: center;\"><span style=\"color: #008000;\"><strong>&#8211;<\/strong><\/span><\/td>\n<\/tr>\n<tr style=\"height: 33px;\">\n<td style=\"height: 33px;\"><strong><span style=\"color: #008000;\">Ci\u00e8ncies socials: Geografia i Hist\u00f2ria<\/span><\/strong><\/td>\n<td style=\"height: 33px; text-align: center;\"><span style=\"color: #008000;\"><strong>2<\/strong><\/span><\/td>\n<td style=\"height: 33px; text-align: center;\"><span style=\"color: #008000;\"><strong>3<\/strong><\/span><\/td>\n<td style=\"height: 33px; text-align: center;\"><span style=\"color: #008000;\"><strong>3<\/strong><\/span><\/td>\n<td style=\"height: 33px; text-align: center;\"><span style=\"color: #008000;\"><strong>2<\/strong><\/span><\/td>\n<\/tr>\n<tr style=\"height: 33px;\">\n<td style=\"height: 33px;\"><strong><span style=\"color: #008000;\">Educaci\u00f3 en Valors C\u00edvics i \u00c8tics<\/span><\/strong><\/td>\n<td style=\"height: 33px; text-align: center;\"><strong><span style=\"color: #008000;\">&#8211;<\/span><\/strong><\/td>\n<td style=\"height: 33px; text-align: center;\"><strong><span style=\"color: #008000;\">&#8211;<\/span><\/strong><\/td>\n<td style=\"height: 33px; text-align: center;\"><strong><span style=\"color: #008000;\">&#8211;<\/span><\/strong><\/td>\n<td style=\"height: 33px; text-align: center;\"><strong><span style=\"color: #008000;\">1<\/span><\/strong><\/td>\n<\/tr>\n<tr style=\"height: 33px;\">\n<td style=\"height: 33px;\"><strong><span style=\"color: #008000;\">Educaci\u00f3 F\u00edsica<\/span><\/strong><\/td>\n<td style=\"height: 33px; text-align: center;\"><strong><span style=\"color: #008000;\">2<\/span><\/strong><\/td>\n<td style=\"height: 33px; text-align: center;\"><strong><span style=\"color: #008000;\">2<\/span><\/strong><\/td>\n<td style=\"height: 33px; text-align: center;\"><strong><span style=\"color: #008000;\">2<\/span><\/strong><\/td>\n<td style=\"height: 33px; text-align: center;\"><strong><span style=\"color: #008000;\">2<\/span><\/strong><\/td>\n<\/tr>\n<tr style=\"height: 33px;\">\n<td style=\"height: 33px;\"><strong><span style=\"color: #008000;\">Educaci\u00f3 Pl\u00e0stica, Visual i Audiovisual<\/span><\/strong><\/td>\n<td style=\"height: 33px; text-align: center;\"><strong><span style=\"color: #008000;\">1,5<\/span><\/strong><\/td>\n<td style=\"height: 33px; text-align: center;\"><strong><span style=\"color: #008000;\">2<\/span><\/strong><\/td>\n<td style=\"height: 33px; text-align: center;\"><strong><span style=\"color: #008000;\">&#8211;<\/span><\/strong><\/td>\n<td style=\"height: 33px; text-align: center;\"><strong><span style=\"color: #008000;\">&#8211;<\/span><\/strong><\/td>\n<\/tr>\n<tr style=\"height: 33px;\">\n<td style=\"height: 33px;\"><strong><span style=\"color: #008000;\"><span style=\"color: #008000;\">F\u00edsica i Qu\u00edmica<\/span><br \/>\n<\/span><\/strong><\/td>\n<td style=\"height: 33px; text-align: center;\"><strong><span style=\"color: #008000;\">&#8211;<\/span><\/strong><\/td>\n<td style=\"height: 33px; text-align: center;\"><strong><span style=\"color: #008000;\">2<\/span><\/strong><\/td>\n<td style=\"height: 33px; text-align: center;\"><strong><span style=\"color: #008000;\">2<\/span><\/strong><\/td>\n<td style=\"height: 33px; text-align: center;\"><strong><span style=\"color: #008000;\">&#8211;<\/span><\/strong><\/td>\n<\/tr>\n<tr style=\"height: 33px;\">\n<td style=\"height: 33px;\"><strong><span style=\"color: #008000;\">Llengua Castellana i Literatura<\/span><\/strong><\/td>\n<td style=\"height: 33px; text-align: center;\"><strong><span style=\"color: #008000;\">2<\/span><\/strong><\/td>\n<td style=\"height: 33px; text-align: center;\"><strong><span style=\"color: #008000;\">2<\/span><\/strong><\/td>\n<td style=\"height: 33px; text-align: center;\"><strong><span style=\"color: #008000;\">2,5<\/span><\/strong><\/td>\n<td style=\"height: 33px; text-align: center;\"><strong><span style=\"color: #008000;\">3<\/span><\/strong><\/td>\n<\/tr>\n<tr style=\"height: 33px;\">\n<td style=\"height: 33px;\"><strong><span style=\"color: #008000;\">Llengua Catalana i Literatura<\/span><\/strong><\/td>\n<td style=\"height: 33px; text-align: center;\"><strong><span style=\"color: #008000;\">2<\/span><\/strong><\/td>\n<td style=\"height: 33px; text-align: center;\"><strong><span style=\"color: #008000;\">2,5<\/span><\/strong><\/td>\n<td style=\"height: 33px; text-align: center;\"><strong><span style=\"color: #008000;\">2<\/span><\/strong><\/td>\n<td style=\"height: 33px; text-align: center;\"><strong><span style=\"color: #008000;\">3<\/span><\/strong><\/td>\n<\/tr>\n<tr style=\"height: 33px;\">\n<td style=\"height: 33px;\"><strong><span style=\"color: #008000;\">Llengua Estrangera: Angl\u00e8s<\/span><\/strong><\/td>\n<td style=\"height: 33px; text-align: center;\"><strong><span style=\"color: #008000;\">3<\/span><\/strong><\/td>\n<td style=\"height: 33px; text-align: center;\"><strong><span style=\"color: #008000;\">3<\/span><\/strong><\/td>\n<td style=\"height: 33px; text-align: center;\"><strong><span style=\"color: #008000;\">3<\/span><\/strong><\/td>\n<td style=\"height: 33px; text-align: center;\"><strong><span style=\"color: #008000;\">3<\/span><\/strong><\/td>\n<\/tr>\n<tr style=\"height: 33px;\">\n<td style=\"height: 33px;\"><strong><span style=\"color: #008000;\">Matem\u00e0tiques<\/span><\/strong><\/td>\n<td style=\"height: 33px; text-align: center;\"><strong><span style=\"color: #008000;\">4<\/span><\/strong><\/td>\n<td style=\"height: 33px; text-align: center;\"><strong><span style=\"color: #008000;\">4<\/span><\/strong><\/td>\n<td style=\"height: 33px; text-align: center;\"><strong><span style=\"color: #008000;\">4<\/span><\/strong><\/td>\n<td style=\"height: 33px; text-align: center;\"><strong><span style=\"color: #008000;\">4<\/span><\/strong><\/td>\n<\/tr>\n<tr style=\"height: 33px;\">\n<td style=\"height: 33px;\"><strong><span style=\"color: #008000;\">M\u00fasica<\/span><\/strong><\/td>\n<td style=\"height: 33px; text-align: center;\"><strong><span style=\"color: #008000;\">2<\/span><\/strong><\/td>\n<td style=\"height: 33px; text-align: center;\"><strong><span style=\"color: #008000;\">&#8211;<\/span><\/strong><\/td>\n<td style=\"height: 33px; text-align: center;\"><strong><span style=\"color: #008000;\">&#8211;<\/span><\/strong><\/td>\n<td style=\"height: 33px; text-align: center;\"><strong><span style=\"color: #008000;\">&#8211;<\/span><\/strong><\/td>\n<\/tr>\n<tr style=\"height: 33px;\">\n<td style=\"height: 33px;\"><strong><span style=\"color: #008000;\">Tecnologia i Digitalitzaci\u00f3<\/span><\/strong><\/td>\n<td style=\"height: 33px; text-align: center;\"><strong><span style=\"color: #008000;\">2<\/span><\/strong><\/td>\n<td style=\"height: 33px; text-align: center;\"><span style=\"color: #339966;\"><strong>&#8211;<\/strong><\/span><\/td>\n<td style=\"height: 33px; text-align: center;\"><strong><span style=\"color: #008000;\">2<\/span><\/strong><\/td>\n<td style=\"height: 33px; text-align: center;\"><strong><span style=\"color: #008000;\">&#8211;<\/span><\/strong><\/td>\n<\/tr>\n<tr style=\"height: 33px;\">\n<td style=\"height: 33px;\"><strong><span style=\"color: #008000;\">Tutoria<\/span><\/strong><\/td>\n<td style=\"height: 33px; text-align: center;\"><span style=\"color: #008000;\"><strong>1<\/strong><\/span><\/td>\n<td style=\"height: 33px; text-align: center;\"><span style=\"color: #008000;\"><strong>1<\/strong><\/span><\/td>\n<td style=\"height: 33px; text-align: center;\"><span style=\"color: #008000;\"><strong>1<\/strong><\/span><\/td>\n<td style=\"height: 33px; text-align: center;\"><span style=\"color: #008000;\"><strong>1<\/strong><\/span><\/td>\n<\/tr>\n<tr style=\"height: 19px;\">\n<td style=\"height: 85px; text-align: center; vertical-align: middle;\" rowspan=\"3\"><strong><span style=\"color: #008000;\">ILEC (Programa d&#8217;Impuls de la LECtura)<\/span><\/strong><strong><span style=\"color: #008000;\"><br \/>\n<\/span><\/strong><\/td>\n<td style=\"text-align: center; height: 19px;\"><span style=\"color: #008000;\"><strong>1,5 (catal\u00e0)<\/strong><\/span><\/td>\n<td style=\"text-align: center; height: 19px;\"><span style=\"color: #008000;\"><strong>1,5 (catal\u00e0)<\/strong><\/span><\/td>\n<td style=\"text-align: center; height: 19px;\"><span style=\"color: #008000;\"><strong>1 (catal\u00e0)<\/strong><\/span><\/td>\n<td style=\"text-align: center; height: 19px;\"><span style=\"color: #008000;\"><strong>1 (catal\u00e0)<\/strong><\/span><\/td>\n<\/tr>\n<tr style=\"height: 33px;\">\n<td style=\"text-align: center; height: 33px;\"><span style=\"color: #008000;\"><strong>1 (castell\u00e0)<\/strong><\/span><\/td>\n<td style=\"text-align: center; height: 33px;\"><span style=\"color: #008000;\"><strong>1 (castell\u00e0)<\/strong><\/span><\/td>\n<td style=\"text-align: center; height: 33px;\"><span style=\"color: #008000;\"><strong>1 (castell\u00e0)<\/strong><\/span><\/td>\n<td style=\"text-align: center; height: 33px;\"><span style=\"color: #008000;\"><strong>1 (castell\u00e0)<\/strong><\/span><\/td>\n<\/tr>\n<tr style=\"height: 33px;\">\n<td style=\"text-align: center; height: 33px;\"><span style=\"color: #008000;\"><strong>&#8211;<\/strong><\/span><\/td>\n<td style=\"text-align: center; height: 33px;\"><span style=\"color: #008000;\"><strong>&#8211;<\/strong><\/span><\/td>\n<td style=\"text-align: center; height: 33px;\"><span style=\"color: #008000;\"><strong>0,5 (angl\u00e8s)<\/strong><\/span><\/td>\n<td style=\"text-align: center; height: 33px;\"><span style=\"color: #008000;\"><strong>0,5 (angl\u00e8s)<\/strong><\/span><\/td>\n<\/tr>\n<\/tbody>\n<\/table>\n<p>&nbsp;<\/p>\n<p>&nbsp;<\/p>\n<p>&nbsp;<\/p>\n<p>&nbsp;<\/p>\n<p>&nbsp;<\/p>\n<p>&nbsp;<\/p>\n<p>&nbsp;<\/p>\n<p>&nbsp;<\/p>\n<p>&nbsp;<\/p>\n<p>&nbsp;<\/p>\n<p>&nbsp;<\/p>\n<p>&nbsp;<\/p>\n<table style=\"height: 725px; width: 56.7755%;\" width=\"539\">\n<tbody>\n<tr style=\"height: 33px;\">\n<td style=\"width: 98.1516%; height: 33px; background-color: #e5fae1; text-align: center;\" colspan=\"3\"><span style=\"color: #008000;\"><strong>MAT\u00c8RIES OPTATIVES<\/strong><\/span><\/td>\n<\/tr>\n<tr style=\"height: 33px;\">\n<td style=\"width: 32.7172%; height: 65px; background-color: #e5fae1;\" rowspan=\"2\"><span style=\"color: #008000;\"><strong>ESO1\u00a0<\/strong>(triar-ne 1)<\/span><\/td>\n<td style=\"width: 53.1254%; height: 32px;\"><span style=\"color: #008000;\"><strong>Rob\u00f2tica i Programaci\u00f3 I<\/strong><\/span><\/td>\n<td style=\"width: 12.309%; height: 32px; text-align: center;\"><span style=\"color: #008000;\"><strong>2<\/strong><\/span><\/td>\n<\/tr>\n<tr style=\"height: 33px;\">\n<td style=\"width: 53.1254%; height: 33px;\"><span style=\"color: #008000;\"><strong>Segona Llengua Estrangera: Franc\u00e8s<\/strong><\/span><\/td>\n<td style=\"width: 12.309%; height: 33px; text-align: center;\"><span style=\"color: #008000;\"><strong>2<\/strong><\/span><\/td>\n<\/tr>\n<tr style=\"height: 33px;\">\n<td style=\"width: 32.7172%; height: 99px; background-color: #e5fae1;\" rowspan=\"3\"><span style=\"color: #008000;\"><strong>ESO2 <\/strong>(triar-ne 1)<\/span><\/td>\n<td style=\"width: 53.1254%; height: 33px;\"><span style=\"color: #008000;\"><strong>Cultura Cl\u00e0ssica<\/strong><\/span><\/td>\n<td style=\"width: 12.309%; height: 33px; text-align: center;\"><span style=\"color: #008000;\"><strong>2<\/strong><\/span><\/td>\n<\/tr>\n<tr style=\"height: 33px;\">\n<td style=\"width: 53.1254%; height: 33px;\"><span style=\"color: #008000;\"><strong>Rob\u00f2tica i Programaci\u00f3 II<\/strong><\/span><\/td>\n<td style=\"width: 12.309%; height: 33px; text-align: center;\"><span style=\"color: #008000;\"><strong>2<\/strong><\/span><\/td>\n<\/tr>\n<tr style=\"height: 33px;\">\n<td style=\"width: 53.1254%; height: 33px;\"><strong><span style=\"color: #008000;\">Segona Llengua Estrangera: Franc\u00e8s<\/span><\/strong><\/td>\n<td style=\"width: 12.309%; height: 33px; text-align: center;\"><strong><span style=\"color: #008000;\">2<\/span><\/strong><\/td>\n<\/tr>\n<tr style=\"height: 33px;\">\n<td style=\"width: 32.7172%; background-color: #e5fae1; height: 132px;\" rowspan=\"4\"><span style=\"color: #008000;\"><strong><br \/>\n<\/strong><\/span><span style=\"color: #008000;\"><strong>ESO3<\/strong> (triar-ne 1)<\/span><\/td>\n<td style=\"width: 53.1254%; height: 33px;\"><span style=\"color: #008000;\"><strong>Cultura cl\u00e0ssica<\/strong><\/span><\/td>\n<td style=\"width: 12.309%; text-align: center; height: 33px;\"><span style=\"color: #008000;\"><strong>2<\/strong><\/span><\/td>\n<\/tr>\n<tr style=\"height: 33px;\">\n<td style=\"width: 53.1254%; height: 33px;\"><span style=\"color: #008000;\"><strong>Emprenedoria<\/strong><\/span><\/td>\n<td style=\"width: 12.309%; height: 33px; text-align: center;\"><span style=\"color: #008000;\"><strong>2<\/strong><\/span><\/td>\n<\/tr>\n<tr style=\"height: 33px;\">\n<td style=\"width: 53.1254%; height: 33px;\"><span style=\"color: #008000;\"><strong>Rob\u00f2tica i Programaci\u00f3 II<\/strong><\/span><\/td>\n<td style=\"width: 12.309%; height: 33px; text-align: center;\"><span style=\"color: #008000;\"><strong>2<\/strong><\/span><\/td>\n<\/tr>\n<tr style=\"height: 33px;\">\n<td style=\"width: 53.1254%; height: 33px;\"><span style=\"color: #008000;\"><strong>Segona Llengua Estrangera: Franc\u00e8s<\/strong><\/span><\/td>\n<td style=\"width: 12.309%; height: 33px; text-align: center;\"><span style=\"color: #008000;\"><strong>2<\/strong><\/span><\/td>\n<\/tr>\n<tr>\n<td style=\"width: 32.7172%; background-color: #e5fae1;\" rowspan=\"12\"><span style=\"color: #008000;\"><strong><br \/>\n<\/strong><\/span><span style=\"color: #008000;\"><strong><br \/>\n<\/strong><\/span><span style=\"color: #008000;\"><strong>ESO4<\/strong> (triar-ne 2)<\/span><br \/>\n<span style=\"color: #008000;\"><strong><br \/>\n<\/strong><\/span><span style=\"color: #008000;\"><strong><br \/>\n<\/strong><\/span><span style=\"color: #008000;\"><strong><br \/>\n<\/strong><\/span><\/td>\n<td style=\"width: 53.1254%;\"><span style=\"color: #008000;\"><strong>Biologia<\/strong><\/span><\/td>\n<td style=\"width: 12.309%; text-align: center;\"><span style=\"color: #008000;\"><strong>2<\/strong><\/span><\/td>\n<\/tr>\n<tr>\n<td style=\"width: 53.1254%;\"><span style=\"color: #008000;\"><strong>Digitalitzaci\u00f3<\/strong><\/span><\/td>\n<td style=\"width: 12.309%; text-align: center;\"><span style=\"color: #008000;\"><strong>2<\/strong><\/span><\/td>\n<\/tr>\n<tr style=\"height: 33px;\">\n<td style=\"width: 53.1254%; height: 33px;\"><span style=\"color: #008000;\"><strong>Economia B\u00e0sica<\/strong><\/span><\/td>\n<td style=\"width: 12.309%; height: 33px; text-align: center;\"><span style=\"color: #008000;\"><strong>2<\/strong><\/span><\/td>\n<\/tr>\n<tr style=\"height: 33px;\">\n<td style=\"width: 53.1254%; height: 33px;\"><span style=\"color: #008000;\"><strong>Emprenedoria<\/strong><\/span><\/td>\n<td style=\"width: 12.309%; height: 33px; text-align: center;\"><span style=\"color: #008000;\"><strong>2<\/strong><\/span><\/td>\n<\/tr>\n<tr style=\"height: 33px;\">\n<td style=\"width: 53.1254%; height: 33px;\"><span style=\"color: #008000;\"><strong>Expressi\u00f3 Art\u00edstica<\/strong><\/span><\/td>\n<td style=\"width: 12.309%; height: 33px; text-align: center;\"><span style=\"color: #008000;\"><strong>2<\/strong><\/span><\/td>\n<\/tr>\n<tr style=\"height: 33px;\">\n<td style=\"width: 53.1254%; height: 33px;\"><span style=\"color: #008000;\"><strong>Filosofia<\/strong><\/span><\/td>\n<td style=\"width: 12.309%; height: 33px; text-align: center;\"><span style=\"color: #008000;\"><strong>2<\/strong><\/span><\/td>\n<\/tr>\n<tr style=\"height: 33px;\">\n<td style=\"width: 53.1254%; height: 33px;\"><span style=\"color: #008000;\"><strong>F\u00edsica i Qu\u00edmica<\/strong><\/span><\/td>\n<td style=\"width: 12.309%; height: 33px; text-align: center;\"><span style=\"color: #008000;\"><strong>2<\/strong><\/span><\/td>\n<\/tr>\n<tr style=\"height: 33px;\">\n<td style=\"width: 53.1254%; height: 33px;\"><span style=\"color: #008000;\"><strong>Formaci\u00f3 i Orientaci\u00f3 Personal i Professional<\/strong><\/span><\/td>\n<td style=\"width: 12.309%; height: 33px; text-align: center;\"><span style=\"color: #008000;\"><strong>2<\/strong><\/span><\/td>\n<\/tr>\n<tr>\n<td style=\"width: 53.1254%;\"><span style=\"color: #008000;\"><strong>Llat\u00ed: llengua i cultura<\/strong><\/span><\/td>\n<td style=\"width: 12.309%; text-align: center;\"><span style=\"color: #008000;\"><strong>2<\/strong><\/span><\/td>\n<\/tr>\n<tr style=\"height: 33px;\">\n<td style=\"width: 53.1254%; height: 33px;\"><span style=\"color: #008000;\"><strong>M\u00fasica<\/strong><\/span><\/td>\n<td style=\"width: 12.309%; height: 33px; text-align: center;\"><span style=\"color: #008000;\"><strong>2<\/strong><\/span><\/td>\n<\/tr>\n<tr style=\"height: 33px;\">\n<td style=\"width: 53.1254%; height: 33px;\"><span style=\"color: #008000;\"><strong>Segona Llengua Estrangera: Franc\u00e8s<\/strong><\/span><\/td>\n<td style=\"width: 12.309%; height: 33px; text-align: center;\"><span style=\"color: #008000;\"><strong>2<\/strong><\/span><\/td>\n<\/tr>\n<tr style=\"height: 33px;\">\n<td style=\"width: 53.1254%; height: 33px;\"><span style=\"color: #008000;\"><strong>Tecnologia<\/strong><\/span><\/td>\n<td style=\"width: 12.309%; height: 33px; text-align: center;\"><span style=\"color: #008000;\"><strong>2<\/strong><\/span><\/td>\n<\/tr>\n<\/tbody>\n<\/table>\n<table style=\"height: 142px; width: 56.6701%;\" width=\"539\">\n<tbody>\n<tr style=\"height: 34px;\">\n<td style=\"width: 98.3425%; height: 34px; background-color: #e5fae1; text-align: center;\" colspan=\"3\"><span style=\"color: #008000;\"><strong>PROJECTES (obligatoris)<\/strong><\/span><\/td>\n<\/tr>\n<tr style=\"height: 34px;\">\n<td style=\"width: 32.7808%; height: 33px; background-color: #e5fae1;\" rowspan=\"2\"><span style=\"color: #008000;\"><strong>ESO1<\/strong> (quadrimestral)<\/span><br \/>\n<span style=\"color: #008000;\"><strong><br \/>\n<\/strong><\/span><\/td>\n<td style=\"width: 53.0387%; height: 33px;\"><span style=\"color: #008000;\"><strong>Rates a la carrera: F\u00edsica i Tecnologia<\/strong><\/span><\/td>\n<td style=\"width: 12.523%; height: 33px; text-align: center;\"><span style=\"color: #008000;\"><strong>1+1<\/strong><\/span><\/td>\n<\/tr>\n<tr>\n<td style=\"width: 53.0387%;\"><span style=\"color: #008000;\"><strong>Mediterrani: Ci\u00e8ncies Socials i Tecnologia<\/strong><\/span><\/td>\n<td style=\"width: 12.523%; text-align: center;\"><span style=\"color: #008000;\"><strong>1+1<\/strong><\/span><\/td>\n<\/tr>\n<tr style=\"height: 34px;\">\n<td style=\"width: 32.7808%; height: 33px; background-color: #e5fae1;\"><span style=\"color: #008000;\"><strong>ESO2 <\/strong>(anual)<\/span><\/td>\n<td style=\"width: 53.0387%; height: 33px;\"><span style=\"color: #008000;\"><strong>Jocs paral\u00edmpics: Educaci\u00f3 F\u00edsica i Tecnologia<\/strong><\/span><\/td>\n<td style=\"width: 12.523%; height: 33px; text-align: center;\"><span style=\"color: #008000;\"><strong>1+1<\/strong><\/span><\/td>\n<\/tr>\n<tr style=\"height: 34px;\">\n<td style=\"width: 32.7808%; height: 19px; background-color: #e5fae1;\"><span style=\"color: #008000;\"><strong>ESO3 <\/strong>(anual)<\/span><\/td>\n<td style=\"width: 53.0387%; height: 19px;\"><span style=\"color: #008000;\"><strong>Solidart: Ci\u00e8ncies Socials + EPVA<\/strong><\/span><\/td>\n<td style=\"width: 12.523%; height: 19px; text-align: center;\"><span style=\"color: #008000;\"><strong>1+1<\/strong><\/span><\/td>\n<\/tr>\n<tr style=\"height: 34px;\">\n<td style=\"width: 32.7808%; height: 23px; background-color: #e5fae1;\"><span style=\"color: #008000;\"><strong>ESO4 <\/strong>(anual)<\/span><\/td>\n<td style=\"width: 53.0387%; height: 23px;\"><span style=\"color: #008000;\"><strong>Entorn Natural: Biologia i Geologia i Tecnologia<\/strong><\/span><\/td>\n<td style=\"width: 12.523%; height: 23px; text-align: center;\"><span style=\"color: #008000;\"><strong>1,5+1<\/strong><\/span><\/td>\n<\/tr>\n<\/tbody>\n<\/table>\n<p>&nbsp;<\/p>\n<p>&nbsp;<\/p>\n","protected":false},"excerpt":{"rendered":"<p>Distribuci\u00f3 de mat\u00e8ries a l&#8217;ESO (sessions de 60 minuts):<\/p>\n<p>MAT\u00c8RIES COMUNES<br \/>\n1r d&#8217;ESO<br \/>\n2n d&#8217;ESO<br \/>\n3r d&#8217;ESO<br \/>\n4t d&#8217;ESO<\/p>\n<p>Biologia i Geologia<br \/>\n2<br \/>\n2<br \/>\n2<br \/>\n&#8211;<\/p>\n<p>Ci\u00e8ncies socials: Geografia i Hist\u00f2ria<br \/>\n2<br \/>\n3<br \/>\n3<br \/>\n2<\/p>\n<p>Educaci\u00f3 en Valors C\u00edvics i \u00c8tics<br \/>\n&#8211;<br \/>\n&#8211;<br \/>\n&#8211;<br \/>\n1<\/p>\n<p>Educaci\u00f3 F\u00edsica<br \/>\n2<br \/>\n2<br \/>\n2<br \/>\n2<\/p>\n<p>Educaci\u00f3 Pl\u00e0stica, Visual i Audiovisual<br \/>\n1,5<br \/>\n2<br \/>\n&#8211;<br \/>\n&#8211;<\/p>\n<p>F\u00edsica i Qu\u00edmica<\/p>\n<p>&#8211;<br \/>\n2<br \/>\n2<br \/>\n&#8211;<\/p>\n<p>Llengua Castellana i Literatura<br \/>\n2<br \/>\n2<br \/>\n2,5<br \/>\n3<\/p>\n<p>Llengua Catalana i Literatura<br \/>\n2<br \/>\n2,5<br \/>\n2<br \/>\n3<\/p>\n<p>Llengua Estrangera: Angl\u00e8s<br \/>\n3<br \/>\n3<br \/>\n3<br \/>\n3<\/p>\n<p>Matem\u00e0tiques<br \/>\n4<br \/>\n4<br \/>\n4<br \/>\n4<\/p>\n<p>M\u00fasica<br \/>\n2<br \/>\n&#8211;<br \/>\n&#8211;<br \/>\n&#8211;<\/p>\n<p>Tecnologia i Digitalitzaci\u00f3<br \/>\n2<br \/>\n&#8211;<br \/>\n2<br \/>\n&#8211;<\/p>\n<p>Tutoria<br \/>\n1<br \/>\n1<br \/>\n1<br \/>\n1<\/p>\n<p>ILEC (Programa d&#8217;Impuls de&hellip;  <a href=\"https:\/\/agora.xtec.cat\/ins-intermunicipal\/eso\/\" title=\"Read ESO\">Llegeix m\u00e9s\u00bb<\/a><\/p>\n","protected":false},"author":6,"featured_media":0,"parent":0,"menu_order":0,"comment_status":"closed","ping_status":"closed","template":"","meta":{"_bbp_topic_count":0,"_bbp_reply_count":0,"_bbp_total_topic_count":0,"_bbp_total_reply_count":0,"_bbp_voice_count":0,"_bbp_anonymous_reply_count":0,"_bbp_topic_count_hidden":0,"_bbp_reply_count_hidden":0,"_bbp_forum_subforum_count":0,"footnotes":""},"class_list":["post-1666","page","type-page","status-publish","hentry"],"post_mailing_queue_ids":[],"_links":{"self":[{"href":"https:\/\/agora.xtec.cat\/ins-intermunicipal\/wp-json\/wp\/v2\/pages\/1666","targetHints":{"allow":["GET"]}}],"collection":[{"href":"https:\/\/agora.xtec.cat\/ins-intermunicipal\/wp-json\/wp\/v2\/pages"}],"about":[{"href":"https:\/\/agora.xtec.cat\/ins-intermunicipal\/wp-json\/wp\/v2\/types\/page"}],"author":[{"embeddable":true,"href":"https:\/\/agora.xtec.cat\/ins-intermunicipal\/wp-json\/wp\/v2\/users\/6"}],"replies":[{"embeddable":true,"href":"https:\/\/agora.xtec.cat\/ins-intermunicipal\/wp-json\/wp\/v2\/comments?post=1666"}],"version-history":[{"count":6,"href":"https:\/\/agora.xtec.cat\/ins-intermunicipal\/wp-json\/wp\/v2\/pages\/1666\/revisions"}],"predecessor-version":[{"id":3369,"href":"https:\/\/agora.xtec.cat\/ins-intermunicipal\/wp-json\/wp\/v2\/pages\/1666\/revisions\/3369"}],"wp:attachment":[{"href":"https:\/\/agora.xtec.cat\/ins-intermunicipal\/wp-json\/wp\/v2\/media?parent=1666"}],"curies":[{"name":"wp","href":"https:\/\/api.w.org\/{rel}","templated":true}]}}