{"id":996,"date":"2025-04-29T11:59:55","date_gmt":"2025-04-29T09:59:55","guid":{"rendered":"https:\/\/agora.xtec.cat\/ins-idag\/?page_id=996"},"modified":"2026-05-07T10:54:32","modified_gmt":"2026-05-07T08:54:32","slug":"preinscripcions-cicles-grau-mitja-curs-25-26","status":"publish","type":"page","link":"https:\/\/agora.xtec.cat\/ins-idag\/estudis\/preinscripcions-curs-25-26-2\/preinscripcions-cicles-grau-mitja-curs-25-26\/","title":{"rendered":"Preinscripcions Cicles Formatius curs 26-27"},"content":{"rendered":"\n<h2><a href=\"https:\/\/preinscripcio.gencat.cat\/ca\/estudis\/fp-grau-mitja\/inici\/\" target=\"_blank\" rel=\"noopener\"><b>Preinscripci\u00f3 als Cicles Formatius de Grau Mitj\u00e0 FP (CFGM)<\/b><\/a><\/h2>\n<p><span style=\"font-weight: 400;\">Els futurs alumnes han de tenir aprovada l\u00b4ESO, haver acreditat un PFI o un altre t\u00edtol t\u00e8cnic d\u2019FP<\/span><\/p>\n<p><a href=\"https:\/\/preinscripcio.gencat.cat\/ca\/estudis\/fp-grau-mitja\/inici\/\" target=\"_blank\" rel=\"noopener\"><b>Proc\u00e9s telem\u00e0tic des del web preinscripci\u00f3.gencat.cat.<\/b><\/a><\/p>\n<p><b>Documentaci\u00f3 acreditativa<\/b><\/p>\n<p><b>&#8211;<\/b><span style=\"font-weight: 400;\">Sol.licitud \u00e9s mitjan\u00e7ant formulari electr\u00f2nic i s\u00b4indica el RALC no cal presentar cap m\u00e9s document.<\/span><\/p>\n<p><span style=\"font-weight: 400;\">-Sol.licitud \u00e9s mitjan\u00e7ant formulari amb suport inform\u00e0tic cal adjuntar DNI\/NIE\/Passaport en format digital i si \u00e9s menor d&#8217;edat, cal adjuntar tamb\u00e9 el DNI\/NIE\/Passaport del pare,mare,tutor\/a<\/span><\/p>\n<p class=\"p2\"><b>Criteris de prioritat i barem que s\u00b4aplica <\/b><b><\/b><\/p>\n<p class=\"p2\">Segons el que estableix la normativa marcada al punt 4 de l\u2019Annex 5 de la Resoluci\u00f3 EDF\/814\/2026, de 19 de mar\u00e7.<\/p>\n<p class=\"p2\">-Mitjana de 3r i 4rt de l\u00b4ESO<\/p>\n<p class=\"p2\">-Centre d&#8217;adults: mitjana de l\u00b4etapa<\/p>\n<p class=\"p2\">-Proves lliures de l&#8217;ESO\/ PFI \/ Proves d&#8217;acc\u00e9s a Cicles: qualificaci\u00f3 de la prova<\/p>\n<p><b>Dates Clau<\/b><span style=\"font-weight: 400;\">\u00a0<\/span><\/p>\n<p class=\"p2\"><span class=\"s2\"><strong>Preinscripci\u00f3:<\/strong> <\/span>del 26 de maig al 1 de juny<\/p>\n<p class=\"p3\"><strong>Publicaci\u00f3 llista alumnes admesos en primera assignaci\u00f3:<\/strong> <span class=\"s3\">10 de juliol <\/span><\/p>\n<p class=\"p3\"><strong>Confirmaci\u00f3 matr\u00edcula telem\u00e0tica 1a assignaci\u00f3:<\/strong> <span class=\"s3\">del 10 al 14 de juliol <\/span><\/p>\n<p class=\"p3\"><strong>Confirmaci\u00f3 matr\u00edcula telem\u00e0tica 2a assignaci\u00f3:<\/strong> <span class=\"s3\">del 24 al 28 de juliol <\/span><\/p>\n<p><a href=\"https:\/\/preinscripcio.gencat.cat\/ca\/estudis\/fp-grau-mitja\/informat\/calendari\/\" target=\"_blank\" rel=\"noopener\"><b>CALENDARI DE PREINSCRIPCI\u00d3 I MATRICULACI\u00d3<\/b><\/a><\/p>\n<p>\u00a0<\/p>\n<h2><a href=\"https:\/\/preinscripcio.gencat.cat\/ca\/estudis\/apd-grau-mitja\/inici\/\" target=\"_blank\" rel=\"noopener\"><b>Preinscripci\u00f3 als Cicles Formatius Art\u00edstic Grau Mitj\u00e0 (CFAM)<\/b><\/a><\/h2>\n<p><span style=\"font-weight: 400;\">Els futurs alumnes han de tenir aprovada l\u00b4ESO, haver acreditat un PFI o un altre t\u00edtol t\u00e8cnic d\u2019FP<\/span><\/p>\n<p><span style=\"font-weight: 400;\">S\u00b4ha de superar la prova <\/span><b>d\u00b4acc\u00e9s d\u00b4Arts Pl\u00e0stiques i Disseny<\/b><span style=\"font-weight: 400;\">. L\u00b4alumnat amb ESO, PFI altre Cicle Formatiu nom\u00e9s han de presentar-se a la prova espec\u00edfica. La resta d\u00b4alumnat han de fer la part comuna i l\u00b4espec\u00edfica.\u00a0<\/span><\/p>\n<p><b>Proc\u00e9s telem\u00e0tic des del web preinscripci\u00f3.gencat.cat.<\/b><\/p>\n<p><a href=\"https:\/\/preinscripcio.gencat.cat\/ca\/estudis\/apd-grau-mitja\/informat\/calendari\/\" target=\"_blank\" rel=\"noopener\"><b>CALENDARI DE PREINSCRIPCI\u00d3 I MATRICULACI\u00d3<\/b><\/a><\/p>\n<p><a href=\"https:\/\/triaeducativa.gencat.cat\/ca\/proves\/proves-acces\/apd\/apd-gm\/index.html\" target=\"_blank\" rel=\"noopener\">PROVES D&#8217;ACC\u00c9S GRAU MITJ\u00c0 APD<\/a><\/p>\n<p>\u00a0<\/p>\n<h2><a href=\"https:\/\/preinscripcio.gencat.cat\/ca\/estudis\/apd-grau-superior\/inici\/\" target=\"_blank\" rel=\"noopener\"><b>Preinscripci\u00f3 als Cicles Formatius Art\u00edstic Grau Superior (CFAS)<\/b><\/a><\/h2>\n<p><strong>REQUISITS:<\/strong><\/p>\n<p><strong>Acc\u00e9s directe<\/strong><\/p>\n<p>Hi poden accedir\u00a0<strong>directament\u00a0<\/strong>les persones que tenen algun dels t\u00edtols o acreditacions seg\u00fcents:<\/p>\n<ul class=\"llista-especial\">\n<li>T\u00edtol de batxiller o batxillera de la modalitat d&#8217;arts o l&#8217;art\u00edstic experimental.<\/li>\n<li>T\u00edtol de batxiller o batxillera d&#8217;altres modalitats si s&#8217;han cursat tres mat\u00e8ries de la via d&#8217;arts pl\u00e0stiques de la modalitat d&#8217;arts.<\/li>\n<li>T\u00edtol de t\u00e8cnic o t\u00e8cnica d&#8217;arts pl\u00e0stiques i disseny.<\/li>\n<li>T\u00edtol de t\u00e8cnic o t\u00e8cnica superior d&#8217;arts pl\u00e0stiques i disseny.<\/li>\n<li>T\u00edtol de t\u00e8cnic o t\u00e8cnica superior de formaci\u00f3 professional d&#8217;<a href=\"https:\/\/triaeducativa.gencat.cat\/sites\/triaeducativa\/ca\/artistics-esportius\/apd\/equivalencies-acces-cicles\/\">una fam\u00edlia equivalent a una d&#8217;arts pl\u00e0stiques i disseny a efectes de la prova d&#8217;acc\u00e9s<\/a>.<\/li>\n<li>T\u00edtol de grau en Disseny, Conservaci\u00f3 i Restauraci\u00f3 de B\u00e9ns Culturals, Belles Arts, Arquitectura o Enginyeria T\u00e8cnica en Disseny Industrial.<\/li>\n<li>T\u00edtol superior (diplomatura) d&#8217;Arts Pl\u00e0stiques o t\u00edtol superior de Disseny o de Conservaci\u00f3 i Restauraci\u00f3 de B\u00e9ns Culturals.<\/li>\n<li>T\u00edtol de graduat o graduada en arts aplicades i oficis art\u00edstics, en alguna de les especialitats dels plans d&#8217;estudis establerts els anys 1963, 1984 o 1986.<\/li>\n<li>Resoluci\u00f3 d&#8217;exempci\u00f3 reconeguda per la Direcci\u00f3 General de Formaci\u00f3 Professional.<\/li>\n<\/ul>\n<p>\u00a0<\/p>\n<p><strong>Acc\u00e9s amb prova espec\u00edfica d&#8217;acc\u00e9s<\/strong><\/p>\n<p>Per accedir-hi, han de fer la part\u00a0<strong>espec\u00edfica\u00a0<\/strong>de la prova d&#8217;acc\u00e9s les persones que:<\/p>\n<ul class=\"llista-especial\">\n<li>tenen el t\u00edtol de batxiller o batxillerat;<\/li>\n<li>tenen el t\u00edtol de t\u00e8cnic o t\u00e8cnica de formaci\u00f3 professional;<\/li>\n<li>han superat la prova d&#8217;acc\u00e9s al grau superior de formaci\u00f3 professional.<\/li>\n<\/ul>\n<p>\u00a0<\/p>\n<p><strong>Persones sense requisits acad\u00e8mics<\/strong><\/p>\n<p>Les persones que no tenen cap dels t\u00edtols o acreditacions que es recullen en els apartats anteriors, poden accedir als cicles d\u2019arts pl\u00e0stiques i disseny de grau superior si superen\u00a0<strong>la part comuna i la part espec\u00edfica\u00a0<\/strong>de la prova d\u2019acc\u00e9s de grau superior; per poder-la fer han de tenir 19 anys complerts o b\u00e9 complir-los el mateix any de la prova.<\/p>\n<p><a href=\"https:\/\/preinscripcio.gencat.cat\/ca\/estudis\/apd-grau-superior\/inici\/\" target=\"_blank\" rel=\"noopener\"><b>Proc\u00e9s telem\u00e0tic des del web preinscripci\u00f3.gencat.cat.<\/b><\/a><\/p>\n<p><a href=\"https:\/\/preinscripcio.gencat.cat\/ca\/estudis\/apd-grau-superior\/informat\/calendari\/\" target=\"_blank\" rel=\"noopener\"><b>CALENDARI DE PREINSCRIPCI\u00d3 I MATRICULACI\u00d3<\/b><\/a><\/p>\n<p><a href=\"https:\/\/triaeducativa.gencat.cat\/ca\/proves\/proves-acces\/apd\/apd-gs\/\" target=\"_blank\" rel=\"noopener\">PROVES ACC\u00c9S GRAU SUPERIOR APD<\/a><\/p>\n<p>\u00a0<\/p>\n<p><b>Contacte amb Secretaria:<\/b> <a href=\"mailto:a8042585@xtec.cat\"><b>a8078828@xtec.cat<\/b><\/a><b> \u00a0 \u00a0 \u00a0 93 243 09 83<\/b><\/p>\n","protected":false},"excerpt":{"rendered":"<p><a href=\"https:\/\/preinscripcio.gencat.cat\/ca\/estudis\/fp-grau-mitja\/inici\/\" target=\"_blank\" rel=\"noopener\">Preinscripci\u00f3 als Cicles Formatius de Grau Mitj\u00e0 FP (CFGM)<\/a><br \/>\nEls futurs alumnes han de tenir aprovada l\u00b4ESO, haver acreditat un PFI o un altre t\u00edtol t\u00e8cnic d\u2019FP<br \/>\n<a href=\"https:\/\/preinscripcio.gencat.cat\/ca\/estudis\/fp-grau-mitja\/inici\/\" target=\"_blank\" rel=\"noopener\">Proc\u00e9s telem\u00e0tic des del web preinscripci\u00f3.gencat.cat.<\/a><br \/>\nDocumentaci\u00f3 acreditativa<br \/>\n&#8211;Sol.licitud \u00e9s mitjan\u00e7ant formulari electr\u00f2nic i s\u00b4indica el&hellip;  <a href=\"https:\/\/agora.xtec.cat\/ins-idag\/estudis\/preinscripcions-curs-25-26-2\/preinscripcions-cicles-grau-mitja-curs-25-26\/\" title=\"Read Preinscripcions Cicles Formatius curs 26-27\">Llegeix m\u00e9s\u00bb<\/a><\/p>\n","protected":false},"author":1,"featured_media":0,"parent":1000,"menu_order":0,"comment_status":"closed","ping_status":"closed","template":"page-templates\/side-menu.php","meta":{"footnotes":""},"class_list":["post-996","page","type-page","status-publish","hentry"],"post_mailing_queue_ids":[],"_links":{"self":[{"href":"https:\/\/agora.xtec.cat\/ins-idag\/wp-json\/wp\/v2\/pages\/996","targetHints":{"allow":["GET"]}}],"collection":[{"href":"https:\/\/agora.xtec.cat\/ins-idag\/wp-json\/wp\/v2\/pages"}],"about":[{"href":"https:\/\/agora.xtec.cat\/ins-idag\/wp-json\/wp\/v2\/types\/page"}],"author":[{"embeddable":true,"href":"https:\/\/agora.xtec.cat\/ins-idag\/wp-json\/wp\/v2\/users\/1"}],"replies":[{"embeddable":true,"href":"https:\/\/agora.xtec.cat\/ins-idag\/wp-json\/wp\/v2\/comments?post=996"}],"version-history":[{"count":6,"href":"https:\/\/agora.xtec.cat\/ins-idag\/wp-json\/wp\/v2\/pages\/996\/revisions"}],"predecessor-version":[{"id":1407,"href":"https:\/\/agora.xtec.cat\/ins-idag\/wp-json\/wp\/v2\/pages\/996\/revisions\/1407"}],"up":[{"embeddable":true,"href":"https:\/\/agora.xtec.cat\/ins-idag\/wp-json\/wp\/v2\/pages\/1000"}],"wp:attachment":[{"href":"https:\/\/agora.xtec.cat\/ins-idag\/wp-json\/wp\/v2\/media?parent=996"}],"curies":[{"name":"wp","href":"https:\/\/api.w.org\/{rel}","templated":true}]}}