{"id":800,"date":"2024-12-09T20:52:16","date_gmt":"2024-12-09T19:52:16","guid":{"rendered":"https:\/\/agora.xtec.cat\/ins-idag\/?page_id=800"},"modified":"2024-12-09T20:52:16","modified_gmt":"2024-12-09T19:52:16","slug":"avaluacio-pfi","status":"publish","type":"page","link":"https:\/\/agora.xtec.cat\/ins-idag\/estudis\/programes-de-formacio-i-insercio-pfi\/avaluacio-pfi\/","title":{"rendered":"Avaluaci\u00f3 PFI"},"content":{"rendered":"\n\n\n<p>Per superar el Programa de Formaci\u00f3 i Inserci\u00f3 cal que la qualificaci\u00f3 final del programa sigui igual o superior a 5, que la qualificaci\u00f3 de l&#8217;Estada a l&#8217;Empresa sigui d&#8217;\u201dapte\/a\u201d o \u201cexempt\/a\u201d i que l&#8217;assist\u00e8ncia sigui igual o superior al 75 %.<\/p>\n<p>Els m\u00f2duls es componen de Resultats d&#8217;Aprenentatge (RA) que s&#8217;avaluen amb una nota de l&#8217;1 al 10 sense decimals i es ponderen per obtenir la nota final del m\u00f2dul atenint a les hores impartides.<\/p>\n<p>Els <strong>m\u00f2duls de formaci\u00f3 professional<\/strong> s&#8217;han de qualificar en termes num\u00e8rics de l&#8217;1 al 10 sense decimals.<br \/>L&#8217;Estada a l&#8217;Empresa es qualifica: \u201capte\/a\u201d, \u201cno apte\/a\u201d o \u201cexempt\/a\u201d. Quan la qualificaci\u00f3 \u00e9s d&#8217;\u201capte\/a\u201d, ha d&#8217;anar acompanyada d&#8217;una qualificaci\u00f3 num\u00e8rica del 5 al 10 sense decimals. La qualificaci\u00f3 de l&#8217;Estada a l&#8217;Empresa t\u00e9 un pes del 10 % en la qualificaci\u00f3dels m\u00f2duls de formaci\u00f3 professional, a excepci\u00f3 dels m\u00f2duls de Prevenci\u00f3 de Riscos Laborals i de Projecte. Si un alumne t\u00e9 reconeguda l&#8217;exempci\u00f3 de l&#8217;Estada a l&#8217;Empresa, la qualificaci\u00f3 dels m\u00f2duls de formaci\u00f3 professional \u00e9s<br \/>la que determina l&#8217;equip docent.<\/p>\n<p>Per calcular la qualificaci\u00f3 global dels m\u00f2duls de formaci\u00f3 professional es fa la mitjana ponderada dels m\u00f2duls que el componen amb una xifra decimal; el nombre d&#8217;hores establertes al curr\u00edculum determina el pes de cada m\u00f2dul.<\/p>\n<p>Els <strong>m\u00f2duls de formaci\u00f3 general<\/strong> es qualifiquen en termes num\u00e8rics de l&#8217;1 al 10 sense decimals.<br \/>Per calcular la qualificaci\u00f3 global dels m\u00f2duls de formaci\u00f3 general es fa la mitjana ponderada dels m\u00f2duls que el componen amb una xifra decimal; el nombre d&#8217;hores establertes al curr\u00edculum determina el pes de cada m\u00f2dul.<\/p>\n<p>Per calcular la <strong>qualificaci\u00f3 global<\/strong> del programa de formaci\u00f3 i inserci\u00f3 es fa la mitjana aritm\u00e8tica entre la qualificaci\u00f3 global dels m\u00f2duls de formaci\u00f3 general i la qualificaci\u00f3 global dels m\u00f2duls de formaci\u00f3 professional, amb dues xifres decimals.<\/p>\n<p>\u00a0<\/p>\n","protected":false},"excerpt":{"rendered":"<p>Per superar el Programa de Formaci\u00f3 i Inserci\u00f3 cal que la qualificaci\u00f3 final del programa sigui igual o superior a 5, que la qualificaci\u00f3 de l&#8217;Estada a l&#8217;Empresa sigui d&#8217;\u201dapte\/a\u201d o \u201cexempt\/a\u201d i que l&#8217;assist\u00e8ncia sigui igual o superior al 75 %.<br \/>\nEls m\u00f2duls es componen&hellip;  <a href=\"https:\/\/agora.xtec.cat\/ins-idag\/estudis\/programes-de-formacio-i-insercio-pfi\/avaluacio-pfi\/\" title=\"Read Avaluaci\u00f3 PFI\">Llegeix m\u00e9s\u00bb<\/a><\/p>\n","protected":false},"author":1,"featured_media":0,"parent":653,"menu_order":0,"comment_status":"closed","ping_status":"close","template":"page-templates\/side-menu.php","meta":{"footnotes":""},"class_list":["post-800","page","type-page","status-publish","hentry"],"post_mailing_queue_ids":[],"_links":{"self":[{"href":"https:\/\/agora.xtec.cat\/ins-idag\/wp-json\/wp\/v2\/pages\/800","targetHints":{"allow":["GET"]}}],"collection":[{"href":"https:\/\/agora.xtec.cat\/ins-idag\/wp-json\/wp\/v2\/pages"}],"about":[{"href":"https:\/\/agora.xtec.cat\/ins-idag\/wp-json\/wp\/v2\/types\/page"}],"author":[{"embeddable":true,"href":"https:\/\/agora.xtec.cat\/ins-idag\/wp-json\/wp\/v2\/users\/1"}],"replies":[{"embeddable":true,"href":"https:\/\/agora.xtec.cat\/ins-idag\/wp-json\/wp\/v2\/comments?post=800"}],"version-history":[{"count":1,"href":"https:\/\/agora.xtec.cat\/ins-idag\/wp-json\/wp\/v2\/pages\/800\/revisions"}],"predecessor-version":[{"id":801,"href":"https:\/\/agora.xtec.cat\/ins-idag\/wp-json\/wp\/v2\/pages\/800\/revisions\/801"}],"up":[{"embeddable":true,"href":"https:\/\/agora.xtec.cat\/ins-idag\/wp-json\/wp\/v2\/pages\/653"}],"wp:attachment":[{"href":"https:\/\/agora.xtec.cat\/ins-idag\/wp-json\/wp\/v2\/media?parent=800"}],"curies":[{"name":"wp","href":"https:\/\/api.w.org\/{rel}","templated":true}]}}