{"id":9593,"date":"2021-04-22T10:58:18","date_gmt":"2021-04-22T08:58:18","guid":{"rendered":"https:\/\/agora.xtec.cat\/ins-esport\/?page_id=9593"},"modified":"2026-04-10T12:52:35","modified_gmt":"2026-04-10T10:52:35","slug":"beques","status":"publish","type":"page","link":"https:\/\/agora.xtec.cat\/ins-esport\/secretaria\/beques\/","title":{"rendered":"Beques"},"content":{"rendered":"<div class=\"border-start bgGrey\">\n<div id=\"impacteContainer\">\n<div class=\"fpca-subcapcalera \">\n<div class=\"NG-menu \">\n<div class=\"NG-container\">\n<div class=\"NG-menu__wrapper\">\n<div class=\"NG-menu__wrapper_title\" role=\"main\">\n<h3>\u27a1 Beques 2026-2027<\/h3>\n<p>Oberta la convocat\u00f2ria per sol\u00b7licitar la beca general d&#8217;ensenyamewnts postobligatoris no universitaris.<\/p>\n<p>Del 07\/04\/2026 al 18\/05\/2026. Has de sol\u00b7licitar la beca dins d\u2019aquest termini, encara que no s\u00e0pigues qu\u00e8 estudiar\u00e0s o, fins i tot, encara que no s\u00e0pigues si estudiar\u00e0s o no. Posa els estudis que consideris m\u00e9s probables i al setembre podr\u00e0s modificar-los si cal.<\/p>\n<p>Informaci\u00f3 <a href=\"https:\/\/web.gencat.cat\/ca\/ciutadania\/serveis\/educacio-formacio\/beques-estudis-no-universitaris\" target=\"_blank\" rel=\"noopener\"><span style=\"color: #0000ff;\"><strong>AQU\u00cd<\/strong><\/span><\/a><\/p>\n<h3>\u27a1 Beques 2025-2026<\/h3>\n<\/div>\n<h3 class=\"NG-menu__title\">Beques NESE. Ajuts per a alumnat amb NESE d&#8217;ensenyaments postobligatoris.<\/h3>\n<\/div>\n<ul style=\"list-style-type: disc;\">\n<li>\n<div><a href=\"https:\/\/agora.xtec.cat\/ins-esport\/wp-content\/uploads\/usu2109\/2026\/01\/08077137_2025_Proposta4_DN_Tauler_NESE.pdf\" target=\"_blank\" rel=\"noopener\"><span style=\"color: #0000ff;\"><strong>4a proposta de resoluci\u00f3 de DENEGACI\u00d3<\/strong><\/span><\/a>\u00a0 \u00a0<sup>Contra aquesta proposta de denegaci\u00f3, els interessats poden formular al\u00b7legacions abans del <strong>27 de gener de 2026<\/strong>\u00a0davant\u00a0el Consorci d&#8217;Educaci\u00f3 de Barcelona.<\/sup><\/div>\n<\/li>\n<li><a href=\"https:\/\/agora.xtec.cat\/ins-esport\/wp-content\/uploads\/usu2109\/2026\/01\/08077137_2025_Proposta4_AP_Tauler_NESE.pdf\" target=\"_blank\" rel=\"noopener\"><span style=\"color: #0000ff;\"><strong>4a proposta de resoluci\u00f3 d&#8217;ASSIGNACI\u00d3<\/strong><\/span><\/a>\u00a0 \u00a0<sup>Contra aquesta proposta d\u2019assignaci\u00f3, els interessats poden formular al\u00b7legacions abans del <strong>27 de gener de 2026<\/strong>\u00a0davant el Consorci d&#8217;Educaci\u00f3 de Barcelona<\/sup><\/li>\n<li><a href=\"https:\/\/agora.xtec.cat\/ins-esport\/wp-content\/uploads\/usu2109\/2026\/02\/08077137_2025_Proposta6_AP_Tauler.pdf\" target=\"_blank\" rel=\"noopener\"><span style=\"color: #0000ff;\"><strong>6a proposta de resoluci\u00f3 d&#8217;ASSIGNACI\u00d3<\/strong><\/span><\/a>\u00a0 \u00a0<sup>Contra aquesta proposta d\u2019assignaci\u00f3, els interessats poden formular al\u00b7legacions abans del <b>3\u00a0de\u00a0mar\u00e7\u00a0de 2026<\/b>\u00a0davant el Consorci d&#8217;Educaci\u00f3 de Barcelona<\/sup><\/li>\n<li><a href=\"https:\/\/agora.xtec.cat\/ins-esport\/wp-content\/uploads\/usu2109\/2026\/03\/08077137_2025_Proposta7_AP_Tauler.pdf\" target=\"_blank\" rel=\"noopener\"><span style=\"color: #0000ff;\"><strong>7a proposta de resoluci\u00f3 d&#8217;ASSIGNACI\u00d3<\/strong><\/span><\/a>\u00a0 \u00a0<sup>Contra aquesta proposta d\u2019assignaci\u00f3, els interessats poden formular al\u00b7legacions abans del <b>26 de mar\u00e7 de 2026<\/b>\u00a0davant el Consorci d&#8217;Educaci\u00f3 de Barcelona<\/sup><\/li>\n<\/ul>\n<div class=\"NG-menu__wrapper\">\n<div class=\"NG-menu__wrapper_title\" role=\"main\">\n<h3 class=\"NG-menu__title\">Beques per a ensenyaments postobligatoris no universitaris<\/h3>\n<\/div>\n<\/div>\n<\/div>\n<\/div>\n<\/div>\n<\/div>\n<\/div>\n<section class=\"padding-xs padding-sm padding-md colorSectionOdd\">\n<article class=\"container fullcontainer-xs\">\n<div class=\"row\">\n<div id=\"center_1R\">\n<div id=\"llista_542d59f0-e4f6-11ee-85c6-005056ba51b2_542d59f1-e4f6-11ee-85c6-005056ba51b2\" class=\"fpca_llista_enllacIcones formatter_body\">\n<div class=\"wrapper_llista_enllacIcones\">\n<div class=\"list-item-wrapper\">\n<div class=\"col content-col\">\n<p><span style=\"font-family: inherit; font-size: 1em;\">El termini per sol\u00b7licitar les beques \u00e9s del 24 de mar\u00e7 a les 8 hores fins al 14 de maig de 2025 a les 15 hores.<\/span><\/p>\n<div class=\"bloc-mobil\">\n<div class=\"descripcio link-dotted\">\n<p>Has de sol\u00b7licitar la beca dins d&#8217;aquest termini, encara que no s\u00e0pigues qu\u00e8 estudiar\u00e0s o, fins i tot, encara que no s\u00e0pigues si estudiar\u00e0s o no. Posa els estudis que consideris m\u00e9s probables i cap al setembre podr\u00e0s modificar-los si cal.<\/p>\n<p>Consulta <a href=\"https:\/\/educacio.gencat.cat\/ca\/serveis-tramits\/beques\/beques-postobligatoris\/\" target=\"_blank\" rel=\"noopener\"><span style=\"color: #0000ff;\"><strong>AQU\u00cd<\/strong><\/span><\/a><\/p>\n<\/div>\n<\/div>\n<\/div>\n<\/div>\n<\/div>\n<\/div>\n<\/div>\n<\/div>\n<\/article>\n<\/section>\n<h3><strong>Proposta de Resolucions de beques curs 2025-2026<\/strong><\/h3>\n<ul style=\"list-style-type: disc;\">\n<li>\n<div><a href=\"https:\/\/agora.xtec.cat\/ins-esport\/wp-content\/uploads\/usu2109\/2025\/11\/08077137_2025_Proposta24_DN_Tauler.pdf\" target=\"_blank\" rel=\"noopener\"><span style=\"color: #0000ff;\"><strong>1a proposta de resoluci\u00f3 de DENEGACI\u00d3<\/strong><\/span><\/a>\u00a0 \u00a0<sup>Contra aquesta proposta de denegaci\u00f3, els interessats poden formular al\u00b7legacions abans del <strong>17 de novembre de 2025<\/strong>\u00a0davant\u00a0el Consorci d&#8217;Educaci\u00f3 de Barcelona.<\/sup><\/div>\n<\/li>\n<li><a href=\"https:\/\/agora.xtec.cat\/ins-esport\/wp-content\/uploads\/usu2109\/2025\/11\/08077137_2025_Proposta23_AP_Tauler.pdf\" target=\"_blank\" rel=\"noopener\"><span style=\"color: #0000ff;\"><strong>1a proposta de resoluci\u00f3 d&#8217;ASSIGNACI\u00d3<\/strong><\/span>\u00a0<\/a> \u00a0<sup>Contra aquesta proposta d\u2019assignaci\u00f3, els interessats poden formular al\u00b7legacions abans del <strong>17 de novembre de 2025<\/strong> davant el Consorci d&#8217;Educaci\u00f3 de Barcelona<\/sup><\/li>\n<li><a href=\"https:\/\/agora.xtec.cat\/ins-esport\/wp-content\/uploads\/usu2109\/2025\/11\/08077137_2025_Proposta26_DN_Tauler.pdf\" target=\"_blank\" rel=\"noopener\"><span style=\"color: #0000ff;\"><strong>2a proposta de resoluci\u00f3 de DENEGACI\u00d3<\/strong><\/span><\/a>\u00a0 \u00a0<sup>Contra aquesta proposta de denegaci\u00f3, els interessats poden formular al\u00b7legacions abans del <strong>25 de novembre de 2025<\/strong>\u00a0davant\u00a0el Consorci d&#8217;Educaci\u00f3 de Barcelona.<\/sup><\/li>\n<li><a href=\"https:\/\/agora.xtec.cat\/ins-esport\/wp-content\/uploads\/usu2109\/2026\/01\/08077137_2025_2a-Proposta27_AP_Tauler.pdf\" target=\"_blank\" rel=\"noopener\"><span style=\"color: #0000ff;\"><strong>2a proposta de resoluci\u00f3 d&#8217; ASSIGNACI\u00d3<\/strong><\/span><\/a>\u00a0 \u00a0<sup>Contra aquesta proposta de denegaci\u00f3, els interessats poden formular al\u00b7legacions abans del <b>22 de gener de 2026<\/b>\u00a0davant\u00a0el Consorci d&#8217;Educaci\u00f3 de Barcelona.<\/sup><\/li>\n<li><a href=\"https:\/\/agora.xtec.cat\/ins-esport\/wp-content\/uploads\/usu2109\/2026\/01\/08077137_2025_3a-Proposta28_DN_Tauler.pdf\" target=\"_blank\" rel=\"noopener\"><span style=\"color: #0000ff;\"><strong>3a proposta de resoluci\u00f3 de DENEGACI\u00d3<\/strong><\/span><\/a>\u00a0 \u00a0<sup>Contra aquesta proposta de denegaci\u00f3, els interessats poden formular al\u00b7legacions abans del <b>22 de gener de 2026<\/b>\u00a0davant\u00a0el Consorci d&#8217;Educaci\u00f3 de Barcelona.<\/sup><\/li>\n<li><a href=\"https:\/\/agora.xtec.cat\/ins-esport\/wp-content\/uploads\/usu2109\/2026\/03\/08077137_2025_Proposta36_AP_Tauler.pdf\" target=\"_blank\" rel=\"noopener\"><span style=\"color: #0000ff;\"><strong>4a proposta de resoluci\u00f3 d&#8217; ASSIGNACI\u00d3<\/strong><\/span><\/a>\u00a0 \u00a0<sup>Contra aquesta proposta de denegaci\u00f3, els interessats poden formular al\u00b7legacions abans del <b>17 de mar\u00e7 de 2026<\/b>\u00a0davant\u00a0el Consorci d&#8217;Educaci\u00f3 de Barcelona.<\/sup><\/li>\n<li><a href=\"https:\/\/agora.xtec.cat\/ins-esport\/wp-content\/uploads\/usu2109\/2026\/03\/08077137_2025_Proposta35_DN_Tauler.pdf\" target=\"_blank\" rel=\"noopener\"><span style=\"color: #0000ff;\"><strong>4a proposta de resoluci\u00f3 de DENEGACI\u00d3<\/strong><\/span><\/a>\u00a0 \u00a0<sup>Contra aquesta proposta de denegaci\u00f3, els interessats poden formular al\u00b7legacions abans del <b>17 de mar\u00e7 de 2026<\/b>\u00a0davant\u00a0el Consorci d&#8217;Educaci\u00f3 de Barcelona.<\/sup><\/li>\n<\/ul>\n<p>&nbsp;<\/p>\n<p>&nbsp;<\/p>\n<p>\u2022 https:\/\/educacio.gencat.cat\/ca\/tramits\/tramits-temes\/247-beques-ministerio-postobligatoris<\/p>\n<p>\u2022 www.educacionyfp.gob.es<br \/>\n+ info?<br \/>\nbeques.ceb@gencat.cat<\/p>\n<p>&nbsp;<\/p>\n<div><\/div>\n<div><\/div>\n","protected":false},"excerpt":{"rendered":"<p>\u27a1 Beques 2026-2027<br \/>\nOberta la convocat\u00f2ria per sol\u00b7licitar la beca general d&#8217;ensenyamewnts postobligatoris no universitaris.<br \/>\nDel 07\/04\/2026 al 18\/05\/2026. Has de sol\u00b7licitar la beca dins d\u2019aquest termini, encara que no s\u00e0pigues qu\u00e8 estudiar\u00e0s o, fins i tot, encara que no s\u00e0pigues si estudiar\u00e0s o no. Posa els&hellip;  <a href=\"https:\/\/agora.xtec.cat\/ins-esport\/secretaria\/beques\/\" title=\"Read Beques\">Llegeix m\u00e9s\u00bb<\/a><\/p>\n","protected":false},"author":1,"featured_media":0,"parent":8556,"menu_order":3,"comment_status":"closed","ping_status":"closed","template":"page-templates\/side-menu.php","meta":{"_bbp_topic_count":0,"_bbp_reply_count":0,"_bbp_total_topic_count":0,"_bbp_total_reply_count":0,"_bbp_voice_count":0,"_bbp_anonymous_reply_count":0,"_bbp_topic_count_hidden":0,"_bbp_reply_count_hidden":0,"_bbp_forum_subforum_count":0,"footnotes":""},"class_list":["post-9593","page","type-page","status-publish","hentry"],"post_mailing_queue_ids":[],"_links":{"self":[{"href":"https:\/\/agora.xtec.cat\/ins-esport\/wp-json\/wp\/v2\/pages\/9593","targetHints":{"allow":["GET"]}}],"collection":[{"href":"https:\/\/agora.xtec.cat\/ins-esport\/wp-json\/wp\/v2\/pages"}],"about":[{"href":"https:\/\/agora.xtec.cat\/ins-esport\/wp-json\/wp\/v2\/types\/page"}],"author":[{"embeddable":true,"href":"https:\/\/agora.xtec.cat\/ins-esport\/wp-json\/wp\/v2\/users\/1"}],"replies":[{"embeddable":true,"href":"https:\/\/agora.xtec.cat\/ins-esport\/wp-json\/wp\/v2\/comments?post=9593"}],"version-history":[{"count":7,"href":"https:\/\/agora.xtec.cat\/ins-esport\/wp-json\/wp\/v2\/pages\/9593\/revisions"}],"predecessor-version":[{"id":15291,"href":"https:\/\/agora.xtec.cat\/ins-esport\/wp-json\/wp\/v2\/pages\/9593\/revisions\/15291"}],"up":[{"embeddable":true,"href":"https:\/\/agora.xtec.cat\/ins-esport\/wp-json\/wp\/v2\/pages\/8556"}],"wp:attachment":[{"href":"https:\/\/agora.xtec.cat\/ins-esport\/wp-json\/wp\/v2\/media?parent=9593"}],"curies":[{"name":"wp","href":"https:\/\/api.w.org\/{rel}","templated":true}]}}