{"id":8894,"date":"2020-09-28T17:02:10","date_gmt":"2020-09-28T15:02:10","guid":{"rendered":"https:\/\/agora.xtec.cat\/ins-esport\/?page_id=8894"},"modified":"2025-10-03T11:27:09","modified_gmt":"2025-10-03T09:27:09","slug":"convalidacions-2","status":"publish","type":"page","link":"https:\/\/agora.xtec.cat\/ins-esport\/secretaria\/convalidacions-2\/","title":{"rendered":"Convalidacions"},"content":{"rendered":"<p>\u27a1 <strong><span style=\"color: #ff0000;\">NOVETAT<\/span><\/strong> <span style=\"color: #000000;\"><strong>Presentaci\u00f3 de sol\u00b7licituds al formulari: del 8 al 15 d&#8217;octubre de 2025<\/strong><\/span><\/p>\n<p><span style=\"color: #000000;\">\u27a1 <strong>CONVALIDACIONS CICLES FORMATIUS:<\/strong><\/span><span style=\"color: #000000;\"><span style=\"color: #000000;\"><strong>\u00a0<\/strong>M\u00e9s informaci\u00f3<\/span><\/span> <strong>\u00a0<span style=\"color: #0000ff;\"><a style=\"color: #0000ff;\" href=\"https:\/\/agora.xtec.cat\/ins-esport\/secretaria\/convalidacions-2\/convalidacions\/\" target=\"_blank\" rel=\"noopener\">AQU\u00cd<\/a><\/span><\/strong><\/p>\n<p>\u27a1 <strong>CONVALIDACIONS T\u00c8CNICS ESPORTIUS:<\/strong> \u00a0<a href=\"https:\/\/agora.xtec.cat\/ins-esport\/secretaria\/convalidacions-2\/convalidacions-entre-cicles\/\"><span style=\"color: #000000;\">M\u00e9s informaci\u00f3:<\/span>\u00a0 <span style=\"color: #0000ff;\"><strong>AQU\u00cd\u00a0<\/strong><\/span><\/a><\/p>\n<p>La convalidaci\u00f3 \u00e9s el procediment pel qual es reconeix i dona valor acad\u00e8mic als estudis oficials certificats per l\u2019entitat competent. Moltes\u00a0convalidacions es fan directament als centres educactius\u00a0excepte les<a title=\"Ves a Convalidacions d'FP\" href=\"https:\/\/espai.educacio.gencat.cat\/Alumnes\/Curriculum\/FP\/Convalidacions\/Pagines\/default.aspx#%21%23h23\">\u00a0<\/a>convalidaci\u200bons singulars\u00a0<a title=\"Ves a Convalidacions d'FP\" href=\"https:\/\/espai.educacio.gencat.cat\/Alumnes\/Curriculum\/FP\/Convalidacions\/Pagines\/default.aspx#%21%23h23\">\u200b<\/a>que les resol, o la Direcci\u00f3 General de Formaci\u00f3 Professional o el MEFP, segons correspongui.<\/p>\n<div>\u200bS\u00f3n convalidacions singulars:<\/div>\n<div>\n<ul>\n<li>Convalidacions a partir d\u2019estudis de formaci\u00f3 professional finalitzats o parcialment superats que no estan previstes en els decrets que estableixen els curr\u00edculums i normativa de convalidacions.<\/li>\n<li>Convalidacions a partir d\u2019estudis universitaris.<\/li>\n<\/ul>\n<\/div>\n<p>Per poder sol\u00b7licitar una convalidaci\u00f3 \u00e9s requisit imprescindible estar matriculat\/ada en el cicle formatiu pel qual es demana la convalidaci\u00f3. L&#8217;alumne ha d&#8217;estar matriculat del m\u00f2dul professional que sol\u00b7licita convalidar i cursar l&#8217;assignatura fins que no tingui una resoluci\u00f3 positiva de la mateixa.<\/p>\n<p><strong>\u00a0\u27a1 Convalidacions (pla nou) <\/strong>Angl\u00e8s, IPO1, IPO2, &#8220;Sostenibilitat i digitalitzaci\u00f3&#8221;, &#8220;Digitalitzaci\u00f3&#8221;:<\/p>\n<p>Per l\u2019alumnat nou que es matriculi en el nou pla d\u2019estudis,\u00a0<b>\u00a0les convalidacions seran per m\u00f2dul professional complert<\/b>, at\u00e8s que ja no treballem a nivell d&#8217;unitat formativa, sin\u00f3 a nivell de m\u00f2dul professional. Moltes convalidacions singulars en les que nom\u00e9s s&#8217;atorgava alguna UF solta, ja no es podran sol\u00b7licitar.<\/p>\n<div>\n<p><strong>Angl\u00e8s:<\/strong> Regeix la mateixa normativa que pel pla antic.<\/p>\n<div><b>IPO1 i IPO2<\/b>\u00a0quan aportin estudis LOGSE:<\/div>\n<ul>\n<li>Podran sol\u00b7licitar la convalidaci\u00f3 d\u2019IPO1 si aporten el m\u00f2dul professional de FOL superat + el Certificat de Nivell b\u00e0sic en Prevenci\u00f3 de riscos laborals, expedit d&#8217;acord amb el que disposa el Reial Decret 39\/1997, de 17 de gener, pel qual s\u2019aprova el Reglament dels Serveis de Prevenci\u00f3, amb indicaci\u00f3 expressa dels continguts superats.<\/li>\n<li>Podran sol\u00b7licitar la convalidaci\u00f3 d\u2019IPO2 si aporten els m\u00f2duls professionals LOGSE, reflectits a l&#8217;Annex II del Reial Decret 1085\/2020, de 9 de desembre, per convalidar el m\u00f2dul professional d&#8217;Empresa i Iniciativa Emprenedora, ara anomenat Itinerari personal per a l&#8217;ocupabilitat II.<\/li>\n<\/ul>\n<div>Respecte els MP de\u00a0<b>Sostenibilitat i Digitalitzaci\u00f3<\/b>: seran convalidables sempre que s&#8217;hagin cursat dins la mateixa fam\u00edlia professional.\u00a0 Ara b\u00e9,\u00a0<b>Digitalitzaci\u00f3 no ser\u00e0 convalidable entre cicles de GM i GS,<\/b>\u00a0o sigui,\u00a0 que no nom\u00e9s hauran de pert\u00e0nyer a la mateixa fam\u00edlia professional, sin\u00f3 que hauran de ser del mateix nivell.<\/div>\n<p>&nbsp;<\/p>\n<\/div>\n<p>Trobareu <a href=\"https:\/\/agora.xtec.cat\/ins-esport\/secretaria\/convalidacions-2\/convalidacions\/\">aqu\u00ed tota la informaci\u00f3<\/a> detallada de convalidacions singulars i de convalidacions de curr\u00edculum antic.<\/p>\n<p>&nbsp;<\/p>\n<div class=\"activity-item \" data-activityname=\"Reial decret 1085\/2020, de 9 de desembre on s\u2019estableixen les convalidacions entre m\u00f2duls professionals de formaci\u00f3 professional.\">\n<div class=\"activity-basis d-flex align-items-center\">\n<div class=\"d-flex flex-column flex-md-row w-100 align-self-start\">\n<div class=\"activity-instance d-flex flex-column\">\n<div class=\"activitytitle media modtype_url position-relative align-self-start\">\n<div class=\"activityiconcontainer content courseicon align-self-start mr-3\">Normativa de refer\u00e8ncia:<\/div>\n<div class=\"media-body align-self-center\">\n<div class=\"activityname\"><a class=\" aalink stretched-link\" href=\"https:\/\/odissea.xtec.cat\/mod\/url\/view.php?id=2338033\"><span class=\"instancename\">&#8211; Reial decret 1085\/2020, de 9 de desembre on s\u2019estableixen les convalidacions entre m\u00f2duls professionals de formaci\u00f3 professional.<span class=\"accesshide \">URL<\/span><\/span><\/a><\/div>\n<\/div>\n<\/div>\n<\/div>\n<div class=\"activity-info mt-1 mt-md-0\">\n<div class=\"activity-information\" data-region=\"activity-information\" data-activityname=\"Reial decret 1085\/2020, de 9 de desembre on s\u2019estableixen les convalidacions entre m\u00f2duls professionals de formaci\u00f3 professional.\"><\/div>\n<\/div>\n<\/div>\n<\/div>\n<div class=\"activity-basis d-flex align-items-center\">\n<div class=\"d-flex flex-column flex-md-row w-100 align-self-start\">\n<div class=\"activity-instance d-flex flex-column\">\n<div class=\"activitytitle media modtype_url position-relative align-self-start\">\n<div class=\"media-body align-self-center\">\n<div class=\"activityname\"><a class=\" aalink stretched-link\" href=\"https:\/\/odissea.xtec.cat\/mod\/url\/view.php?id=2338034\"><span class=\"instancename\">-Desplegament curricular cicles formatius de formaci\u00f3 professional<span class=\"accesshide \">URL<\/span><\/span><\/a><\/div>\n<\/div>\n<\/div>\n<\/div>\n<div class=\"activity-info mt-1 mt-md-0\">\n<div class=\"activity-information\" data-region=\"activity-information\" data-activityname=\"Desplegament curricular cicles formatius de formaci\u00f3 professional\"><\/div>\n<\/div>\n<\/div>\n<\/div>\n<\/div>\n<div class=\"activity-item \" data-activityname=\"Reial decret 659\/2023, de 18 de juliol, pel qual es desenvolupa l'ordenaci\u00f3 del sistema de formaci\u00f3 professional\">\n<div class=\"activity-basis d-flex align-items-center\">\n<div class=\"d-flex flex-column flex-md-row w-100 align-self-start\">\n<div class=\"activity-instance d-flex flex-column\">\n<div class=\"activitytitle media modtype_url position-relative align-self-start\">\n<div class=\"activityiconcontainer content courseicon align-self-start mr-3\"><a class=\" aalink stretched-link\" href=\"https:\/\/odissea.xtec.cat\/mod\/url\/view.php?id=2338035\"><span class=\"instancename\">&#8211;<strong>NOU:<\/strong> Reial decret 659\/2023, de 18 de juliol, pel qual es desenvolupa l&#8217;ordenaci\u00f3 del sistema de formaci\u00f3 professional<\/span><\/a><\/div>\n<\/div>\n<\/div>\n<\/div>\n<\/div>\n<\/div>\n<div><\/div>\n<div><\/div>\n<div><\/div>\n<p>&nbsp;<\/p>\n<p>&nbsp;<\/p>\n<p>&nbsp;<\/p>\n<p><span style=\"font-size: large;\">\u00a0<b><\/b><\/span><\/p>\n<p>&nbsp;<\/p>\n","protected":false},"excerpt":{"rendered":"<p>\u27a1 NOVETAT Presentaci\u00f3 de sol\u00b7licituds al formulari: del 8 al 15 d&#8217;octubre de 2025<br \/>\n\u27a1 CONVALIDACIONS CICLES FORMATIUS:\u00a0M\u00e9s informaci\u00f3 \u00a0<a style=\"color: #0000ff;\" href=\"https:\/\/agora.xtec.cat\/ins-esport\/secretaria\/convalidacions-2\/convalidacions\/\" target=\"_blank\" rel=\"noopener\">AQU\u00cd<\/a><br \/>\n\u27a1 CONVALIDACIONS T\u00c8CNICS ESPORTIUS: \u00a0<a href=\"https:\/\/agora.xtec.cat\/ins-esport\/secretaria\/convalidacions-2\/convalidacions-entre-cicles\/\">M\u00e9s informaci\u00f3:\u00a0 AQU\u00cd\u00a0<\/a><br \/>\nLa convalidaci\u00f3 \u00e9s el procediment pel qual es reconeix i dona valor acad\u00e8mic als estudis&hellip;  <a href=\"https:\/\/agora.xtec.cat\/ins-esport\/secretaria\/convalidacions-2\/\" title=\"Read Convalidacions\">Llegeix m\u00e9s\u00bb<\/a><\/p>\n","protected":false},"author":1,"featured_media":0,"parent":8556,"menu_order":4,"comment_status":"closed","ping_status":"closed","template":"page-templates\/side-menu.php","meta":{"_bbp_topic_count":0,"_bbp_reply_count":0,"_bbp_total_topic_count":0,"_bbp_total_reply_count":0,"_bbp_voice_count":0,"_bbp_anonymous_reply_count":0,"_bbp_topic_count_hidden":0,"_bbp_reply_count_hidden":0,"_bbp_forum_subforum_count":0,"footnotes":""},"class_list":["post-8894","page","type-page","status-publish","hentry"],"post_mailing_queue_ids":[],"_links":{"self":[{"href":"https:\/\/agora.xtec.cat\/ins-esport\/wp-json\/wp\/v2\/pages\/8894","targetHints":{"allow":["GET"]}}],"collection":[{"href":"https:\/\/agora.xtec.cat\/ins-esport\/wp-json\/wp\/v2\/pages"}],"about":[{"href":"https:\/\/agora.xtec.cat\/ins-esport\/wp-json\/wp\/v2\/types\/page"}],"author":[{"embeddable":true,"href":"https:\/\/agora.xtec.cat\/ins-esport\/wp-json\/wp\/v2\/users\/1"}],"replies":[{"embeddable":true,"href":"https:\/\/agora.xtec.cat\/ins-esport\/wp-json\/wp\/v2\/comments?post=8894"}],"version-history":[{"count":7,"href":"https:\/\/agora.xtec.cat\/ins-esport\/wp-json\/wp\/v2\/pages\/8894\/revisions"}],"predecessor-version":[{"id":14892,"href":"https:\/\/agora.xtec.cat\/ins-esport\/wp-json\/wp\/v2\/pages\/8894\/revisions\/14892"}],"up":[{"embeddable":true,"href":"https:\/\/agora.xtec.cat\/ins-esport\/wp-json\/wp\/v2\/pages\/8556"}],"wp:attachment":[{"href":"https:\/\/agora.xtec.cat\/ins-esport\/wp-json\/wp\/v2\/media?parent=8894"}],"curies":[{"name":"wp","href":"https:\/\/api.w.org\/{rel}","templated":true}]}}