{"id":8445,"date":"2020-03-23T17:55:11","date_gmt":"2020-03-23T16:55:11","guid":{"rendered":"https:\/\/agora.xtec.cat\/ins-esport\/?page_id=8445"},"modified":"2025-12-24T15:54:43","modified_gmt":"2025-12-24T14:54:43","slug":"acreditacio","status":"publish","type":"page","link":"https:\/\/agora.xtec.cat\/ins-esport\/serveis\/acreditacio\/","title":{"rendered":"Acreditaci\u00f3"},"content":{"rendered":"<h4 style=\"text-align: right;\"><span style=\"color: #3366ff;\"><strong><a href=\"https:\/\/agora.xtec.cat\/ins-esport\/wp-content\/uploads\/usu2109\/2020\/03\/secundari_H_COLOR-1.png\"><img loading=\"lazy\" decoding=\"async\" class=\" wp-image-8287 alignleft\" src=\"https:\/\/agora.xtec.cat\/ins-esport\/wp-content\/uploads\/usu2109\/2020\/03\/secundari_H_COLOR-1-300x129.png\" alt=\"\" width=\"137\" height=\"59\" srcset=\"https:\/\/agora.xtec.cat\/ins-esport\/wp-content\/uploads\/usu2109\/2020\/03\/secundari_H_COLOR-1-300x129.png 300w, https:\/\/agora.xtec.cat\/ins-esport\/wp-content\/uploads\/usu2109\/2020\/03\/secundari_H_COLOR-1-768x331.png 768w, https:\/\/agora.xtec.cat\/ins-esport\/wp-content\/uploads\/usu2109\/2020\/03\/secundari_H_COLOR-1-1024x441.png 1024w, https:\/\/agora.xtec.cat\/ins-esport\/wp-content\/uploads\/usu2109\/2020\/03\/secundari_H_COLOR-1.png 1454w\" sizes=\"auto, (max-width: 137px) 100vw, 137px\" \/><\/a><\/strong><\/span><a href=\"https:\/\/agora.xtec.cat\/ins-esport\/wp-content\/uploads\/usu2109\/2021\/05\/Logo-MEFP_UE.png\"><img loading=\"lazy\" decoding=\"async\" class=\"alignnone size-medium wp-image-13921\" src=\"https:\/\/agora.xtec.cat\/ins-esport\/wp-content\/uploads\/usu2109\/2024\/10\/Agencia-FPCAT-300x44.png\" alt=\"\" width=\"300\" height=\"44\" srcset=\"https:\/\/agora.xtec.cat\/ins-esport\/wp-content\/uploads\/usu2109\/2024\/10\/Agencia-FPCAT-300x44.png 300w, https:\/\/agora.xtec.cat\/ins-esport\/wp-content\/uploads\/usu2109\/2024\/10\/Agencia-FPCAT.png 586w\" sizes=\"auto, (max-width: 300px) 100vw, 300px\" \/><img loading=\"lazy\" decoding=\"async\" class=\"wp-image-9943 alignright\" src=\"https:\/\/agora.xtec.cat\/ins-esport\/wp-content\/uploads\/usu2109\/2021\/05\/Logo-MEFP_UE.png\" alt=\"\" width=\"257\" height=\"59\" srcset=\"https:\/\/agora.xtec.cat\/ins-esport\/wp-content\/uploads\/usu2109\/2021\/05\/Logo-MEFP_UE.png 520w, https:\/\/agora.xtec.cat\/ins-esport\/wp-content\/uploads\/usu2109\/2021\/05\/Logo-MEFP_UE-300x69.png 300w\" sizes=\"auto, (max-width: 257px) 100vw, 257px\" \/><\/a><\/h4>\n<p>&nbsp;<\/p>\n<p style=\"text-align: justify;\">Si tens <strong>experi\u00e8ncia laboral i\/o formaci\u00f3 sense titulaci\u00f3 oficial<\/strong>, l\u2019acreditaci\u00f3 de compet\u00e8ncies \u00e9s una bona manera d\u2019<strong>aconseguir que aquest aprenentatge tingui reconeixement<\/strong>.<\/p>\n<p style=\"text-align: justify;\">Participar en aquest procediment et permetr\u00e0 demostrar all\u00f2 que saps fer i que has apr\u00e8s al llarg de la teva vida professional i <strong>obtenir una acreditaci\u00f3 oficial<\/strong>.<\/p>\n<p style=\"text-align: justify;\">La inscripci\u00f3 \u00e9s gratu\u00efta i est\u00e0 oberta durant tot l\u2019any. Pots consultar tota la informaci\u00f3 oficial a l\u2019apartat <a href=\"https:\/\/fp.gencat.cat\/ca\/acreditacio\/em-vull-acreditar\/index.html\" target=\"_blank\" rel=\"noopener noreferrer\" data-saferedirecturl=\"https:\/\/www.google.com\/url?q=https:\/\/fp.gencat.cat\/ca\/acreditacio\/em-vull-acreditar\/index.html&amp;source=gmail&amp;ust=1766215678417000&amp;usg=AOvVaw0fPph_gQEx9M-CFo22XZSQ\"><b><i>Em vull acreditar<\/i><\/b><\/a><b>\u00a0<\/b>del web de l\u2019Ag\u00e8ncia FPCAT.<\/p>\n<p style=\"text-align: justify;\">Com a <strong>Punt d\u2019Informaci\u00f3 i orientaci\u00f3 del servei d\u2019Acreditaci\u00f3 de compet\u00e8ncies professionals<\/strong>, et podem explicar els requisits i les fases del proc\u00e9s, aix\u00ed com oferir-te suport en la inscripci\u00f3 telem\u00e0tica. Pots contactar amb nosaltres <a href=\"https:\/\/agora.xtec.cat\/ins-esport\/l-institut\/contacte\/\"><strong>inscrivint-te al nostre Servei d\u2019orientaci\u00f3<\/strong>.<\/a><\/p>\n","protected":false},"excerpt":{"rendered":"<p><a href=\"https:\/\/agora.xtec.cat\/ins-esport\/wp-content\/uploads\/usu2109\/2020\/03\/secundari_H_COLOR-1.png\"><\/a><a href=\"https:\/\/agora.xtec.cat\/ins-esport\/wp-content\/uploads\/usu2109\/2021\/05\/Logo-MEFP_UE.png\"><\/a><br \/>\n&nbsp;<br \/>\nSi tens experi\u00e8ncia laboral i\/o formaci\u00f3 sense titulaci\u00f3 oficial, l\u2019acreditaci\u00f3 de compet\u00e8ncies \u00e9s una bona manera d\u2019aconseguir que aquest aprenentatge tingui reconeixement.<br \/>\nParticipar en aquest procediment et permetr\u00e0 demostrar all\u00f2 que saps fer i que has apr\u00e8s al llarg de la teva vida professional&hellip;  <a href=\"https:\/\/agora.xtec.cat\/ins-esport\/serveis\/acreditacio\/\" title=\"Read Acreditaci\u00f3\">Llegeix m\u00e9s\u00bb<\/a><\/p>\n","protected":false},"author":1,"featured_media":0,"parent":13906,"menu_order":3,"comment_status":"closed","ping_status":"closed","template":"page-templates\/side-menu.php","meta":{"_bbp_topic_count":0,"_bbp_reply_count":0,"_bbp_total_topic_count":0,"_bbp_total_reply_count":0,"_bbp_voice_count":0,"_bbp_anonymous_reply_count":0,"_bbp_topic_count_hidden":0,"_bbp_reply_count_hidden":0,"_bbp_forum_subforum_count":0,"footnotes":""},"class_list":["post-8445","page","type-page","status-publish","hentry"],"post_mailing_queue_ids":[],"_links":{"self":[{"href":"https:\/\/agora.xtec.cat\/ins-esport\/wp-json\/wp\/v2\/pages\/8445","targetHints":{"allow":["GET"]}}],"collection":[{"href":"https:\/\/agora.xtec.cat\/ins-esport\/wp-json\/wp\/v2\/pages"}],"about":[{"href":"https:\/\/agora.xtec.cat\/ins-esport\/wp-json\/wp\/v2\/types\/page"}],"author":[{"embeddable":true,"href":"https:\/\/agora.xtec.cat\/ins-esport\/wp-json\/wp\/v2\/users\/1"}],"replies":[{"embeddable":true,"href":"https:\/\/agora.xtec.cat\/ins-esport\/wp-json\/wp\/v2\/comments?post=8445"}],"version-history":[{"count":7,"href":"https:\/\/agora.xtec.cat\/ins-esport\/wp-json\/wp\/v2\/pages\/8445\/revisions"}],"predecessor-version":[{"id":15078,"href":"https:\/\/agora.xtec.cat\/ins-esport\/wp-json\/wp\/v2\/pages\/8445\/revisions\/15078"}],"up":[{"embeddable":true,"href":"https:\/\/agora.xtec.cat\/ins-esport\/wp-json\/wp\/v2\/pages\/13906"}],"wp:attachment":[{"href":"https:\/\/agora.xtec.cat\/ins-esport\/wp-json\/wp\/v2\/media?parent=8445"}],"curies":[{"name":"wp","href":"https:\/\/api.w.org\/{rel}","templated":true}]}}