{"id":2100,"date":"2017-07-19T09:32:44","date_gmt":"2017-07-19T07:32:44","guid":{"rendered":"http:\/\/agora.xtec.cat\/ins-esc-santadria\/?page_id=2100"},"modified":"2025-07-14T12:09:53","modified_gmt":"2025-07-14T10:09:53","slug":"entitats-de-lentorn","status":"publish","type":"page","link":"https:\/\/agora.xtec.cat\/ins-esc-santadria\/serveis\/entitats-de-lentorn\/","title":{"rendered":"Entitats de l&#8217;entorn"},"content":{"rendered":"\n<figure class=\"wp-block-image alignleft size-large is-resized\"><a href=\"https:\/\/agora.xtec.cat\/ins-esc-santadria\/wp-content\/uploads\/usu1431\/2025\/07\/foto-2-2-2.jpg\"><img loading=\"lazy\" decoding=\"async\" width=\"1024\" height=\"768\" src=\"https:\/\/agora.xtec.cat\/ins-esc-santadria\/wp-content\/uploads\/usu1431\/2025\/07\/foto-2-2-2-1024x768.jpg\" alt=\"\" class=\"wp-image-15903\" style=\"width:474px;height:auto\" srcset=\"https:\/\/agora.xtec.cat\/ins-esc-santadria\/wp-content\/uploads\/usu1431\/2025\/07\/foto-2-2-2-1024x768.jpg 1024w, https:\/\/agora.xtec.cat\/ins-esc-santadria\/wp-content\/uploads\/usu1431\/2025\/07\/foto-2-2-2-300x225.jpg 300w, https:\/\/agora.xtec.cat\/ins-esc-santadria\/wp-content\/uploads\/usu1431\/2025\/07\/foto-2-2-2-768x576.jpg 768w, https:\/\/agora.xtec.cat\/ins-esc-santadria\/wp-content\/uploads\/usu1431\/2025\/07\/foto-2-2-2-1536x1152.jpg 1536w, https:\/\/agora.xtec.cat\/ins-esc-santadria\/wp-content\/uploads\/usu1431\/2025\/07\/foto-2-2-2.jpg 1600w\" sizes=\"auto, (max-width: 1024px) 100vw, 1024px\" \/><\/a><\/figure>\n\n\n<p>La col\u00b7laboraci\u00f3 amb les entitats de barri \u00e9s clau per a aconseguir els nostres objectius educatius. A m\u00e9s de la col\u00b7laboraci\u00f3 que ja existeix dins el PEB del barri, moltes d&#8217;aquestes entitats ja fa anys que ens donen suport. Heus ac\u00ed els seus contactes.<\/p>\n<p>CONSORCI DE LA MINA\u00a0\u00a0<a href=\"https:\/\/www.barrimina.cat\/\">https:\/\/www.barrimina.cat\/<\/a><\/p>\n<p><span style=\"font-family: inherit; font-size: 1em;\">ARXIU HIST\u00d2RIC DE LA MINA I DEL CAMP DE LA B\u00d3TA<\/span><\/p>\n<p><span style=\"font-family: inherit; font-size: 1em;\">SALESIA<\/span><span style=\"font-family: inherit; font-size: 1em;\">NS LA MINA <\/span><a style=\"font-family: inherit; font-size: 1em;\" href=\"http:\/\/peslamina.salesianssantjordi.org\/web\/\">www.peslamina.salesianssantjordi.org\/web\/<\/a><\/p>\n<p>CASAL DELS INFANTS <a href=\"http:\/\/www.casaldelsinfants.org\/cat\">www.casaldelsinfants.org\/cat<\/a><\/p>\n<p>FUNDACI\u00d3 PERE CLOSA <a href=\"http:\/\/www.fundaciopereclosa.org\/\" target=\"_blank\" rel=\"noopener noreferrer\" data-saferedirecturl=\"https:\/\/www.google.com\/url?hl=ca&amp;q=http:\/\/www.fundaciopereclosa.org&amp;source=gmail&amp;ust=1500649160309000&amp;usg=AFQjCNHJ1b1rc89ptPNoH-dSL0MhC7RqMw\">www.fundaciopereclosa.org<\/a><\/p>\n<p>BIBLIOTECA <em>LA FONT DE LA MINA<\/em><\/p>\n<p><a class=\"mail-link\" href=\"mailto:b.st.adriab.fm@diba.cat\">b.st.adriab.fm@diba.cat<\/a><\/p>\n<p>CASAL C\u00cdVIC LA MINA\u00a0 cc.lamina@gencat.cat<\/p>\n<p>ASSOCIACI\u00d3 GITANA DE JOVENTUT, IGUALTAT I PROGR\u00c9S<\/p>","protected":false},"excerpt":{"rendered":"<p>La col\u00b7laboraci\u00f3 amb les entitats de barri \u00e9s clau per a aconseguir els nostres objectius educatius. A m\u00e9s de la col\u00b7laboraci\u00f3 que ja existeix dins el PEB del barri, moltes d&#8217;aquestes entitats ja fa anys que ens donen suport. Heus ac\u00ed els seus contactes. CONSORCI DE LA MINA\u00a0\u00a0https:\/\/www.barrimina.cat\/ ARXIU HIST\u00d2RIC DE LA MINA I DEL [&hellip;]<\/p>\n","protected":false},"author":1,"featured_media":0,"parent":63,"menu_order":0,"comment_status":"closed","ping_status":"closed","template":"","meta":{"_bbp_topic_count":0,"_bbp_reply_count":0,"_bbp_total_topic_count":0,"_bbp_total_reply_count":0,"_bbp_voice_count":0,"_bbp_anonymous_reply_count":0,"_bbp_topic_count_hidden":0,"_bbp_reply_count_hidden":0,"_bbp_forum_subforum_count":0,"site-sidebar-layout":"default","site-content-layout":"","ast-site-content-layout":"default","site-content-style":"default","site-sidebar-style":"default","ast-global-header-display":"","ast-banner-title-visibility":"","ast-main-header-display":"","ast-hfb-above-header-display":"","ast-hfb-below-header-display":"","ast-hfb-mobile-header-display":"","site-post-title":"","ast-breadcrumbs-content":"","ast-featured-img":"","footer-sml-layout":"","theme-transparent-header-meta":"","adv-header-id-meta":"","stick-header-meta":"","header-above-stick-meta":"","header-main-stick-meta":"","header-below-stick-meta":"","astra-migrate-meta-layouts":"set","ast-page-background-enabled":"default","ast-page-background-meta":{"desktop":{"background-color":"var(--ast-global-color-4)","background-image":"","background-repeat":"repeat","background-position":"center center","background-size":"auto","background-attachment":"scroll","background-type":"","background-media":"","overlay-type":"","overlay-color":"","overlay-opacity":"","overlay-gradient":""},"tablet":{"background-color":"","background-image":"","background-repeat":"repeat","background-position":"center center","background-size":"auto","background-attachment":"scroll","background-type":"","background-media":"","overlay-type":"","overlay-color":"","overlay-opacity":"","overlay-gradient":""},"mobile":{"background-color":"","background-image":"","background-repeat":"repeat","background-position":"center center","background-size":"auto","background-attachment":"scroll","background-type":"","background-media":"","overlay-type":"","overlay-color":"","overlay-opacity":"","overlay-gradient":""}},"ast-content-background-meta":{"desktop":{"background-color":"var(--ast-global-color-5)","background-image":"","background-repeat":"repeat","background-position":"center center","background-size":"auto","background-attachment":"scroll","background-type":"","background-media":"","overlay-type":"","overlay-color":"","overlay-opacity":"","overlay-gradient":""},"tablet":{"background-color":"var(--ast-global-color-5)","background-image":"","background-repeat":"repeat","background-position":"center center","background-size":"auto","background-attachment":"scroll","background-type":"","background-media":"","overlay-type":"","overlay-color":"","overlay-opacity":"","overlay-gradient":""},"mobile":{"background-color":"var(--ast-global-color-5)","background-image":"","background-repeat":"repeat","background-position":"center center","background-size":"auto","background-attachment":"scroll","background-type":"","background-media":"","overlay-type":"","overlay-color":"","overlay-opacity":"","overlay-gradient":""}},"footnotes":""},"class_list":["post-2100","page","type-page","status-publish","hentry"],"post_mailing_queue_ids":[],"_links":{"self":[{"href":"https:\/\/agora.xtec.cat\/ins-esc-santadria\/wp-json\/wp\/v2\/pages\/2100","targetHints":{"allow":["GET"]}}],"collection":[{"href":"https:\/\/agora.xtec.cat\/ins-esc-santadria\/wp-json\/wp\/v2\/pages"}],"about":[{"href":"https:\/\/agora.xtec.cat\/ins-esc-santadria\/wp-json\/wp\/v2\/types\/page"}],"author":[{"embeddable":true,"href":"https:\/\/agora.xtec.cat\/ins-esc-santadria\/wp-json\/wp\/v2\/users\/1"}],"replies":[{"embeddable":true,"href":"https:\/\/agora.xtec.cat\/ins-esc-santadria\/wp-json\/wp\/v2\/comments?post=2100"}],"version-history":[{"count":6,"href":"https:\/\/agora.xtec.cat\/ins-esc-santadria\/wp-json\/wp\/v2\/pages\/2100\/revisions"}],"predecessor-version":[{"id":15984,"href":"https:\/\/agora.xtec.cat\/ins-esc-santadria\/wp-json\/wp\/v2\/pages\/2100\/revisions\/15984"}],"up":[{"embeddable":true,"href":"https:\/\/agora.xtec.cat\/ins-esc-santadria\/wp-json\/wp\/v2\/pages\/63"}],"wp:attachment":[{"href":"https:\/\/agora.xtec.cat\/ins-esc-santadria\/wp-json\/wp\/v2\/media?parent=2100"}],"curies":[{"name":"wp","href":"https:\/\/api.w.org\/{rel}","templated":true}]}}