{"id":13705,"date":"2023-02-24T10:21:30","date_gmt":"2023-02-24T09:21:30","guid":{"rendered":"https:\/\/agora.xtec.cat\/ins-esc-santadria\/?page_id=13705"},"modified":"2026-03-03T17:56:01","modified_gmt":"2026-03-03T16:56:01","slug":"beat-school","status":"publish","type":"page","link":"https:\/\/agora.xtec.cat\/ins-esc-santadria\/projecte-educatiu\/beat-school\/","title":{"rendered":"Projecte Art\u00edstic (programa araArt)"},"content":{"rendered":"\n<p><strong>Beat School. Art i cultura urbana.<\/strong><\/p>\n\n\n\n<p>Aquesta \u00e9s la presentaci\u00f3 del nostre <a href=\"https:\/\/agora.xtec.cat\/ins-esc-santadria\/wp-content\/uploads\/usu1431\/2025\/12\/Presentacio_-Projecte-Artistic_IE-La-Mina.pdf\" data-type=\"link\" data-id=\"https:\/\/agora.xtec.cat\/ins-esc-santadria\/wp-content\/uploads\/usu1431\/2025\/12\/Presentacio_-Projecte-Artistic_IE-La-Mina.pdf\">projecte art\u00edstic<\/a>.<\/p>\n\n\n\n<p>El curs 2024-2025 va ser el darrer de participaci\u00f3 en el Programa araART. Heus aqu\u00ed la  <a href=\"https:\/\/drive.google.com\/file\/d\/1_03Q2XS3tiJcwKcSkoopPb7eGcNL7eH6\/view?usp=sharing\">Mem\u00f2ria Relat<\/a> .<\/p>\n\n\n\n<p><strong>Hist\u00f2ria del projecte<\/strong><\/p>\n\n\n\n<p class=\"has-text-align-left\"><\/p>\n\n\n\n<p>El projecte Beat School s\u2019inicia el curs 2020-2021 amb els quatre grups de cicle superior: els dos de 5\u00e8 i els dos de 6\u00e8 de prim\u00e0ria. Es tracta d\u2019un curs de pilotatge per anar ampliant aquesta l\u00ednia metodol\u00f2gica als grups de 1r i 2n d\u2019ESO.<br>Beat School respon a la necessitat que tenim d\u2019expressar-nos i de ser escoltats, reafirmant l\u2019Escola com a espai de relacions i de conviv\u00e8ncia. La m\u00fasica \u00e9s l\u2019element facilitador que permet expressar les emocions de l\u2019alumnat, impulsant el llenguatge art\u00edstic, la creativitat i el talent.<\/p>\n\n\n\n<p>El curs 2022-2023 iniciem la nostra participaci\u00f3 en el Programa araART. Impulsat pel Departament d\u2019Educaci\u00f3, t\u00e9 la finalitat de fomentar i posar en valor projectes art\u00edstics que es portin a terme en el si d\u2019un centre d\u2019educaci\u00f3 infantil, prim\u00e0ria o secund\u00e0ria, en col\u00b7laboraci\u00f3 amb una escola art\u00edstica, un equipament cultural, o institucions, entitats i associacions art\u00edstiques, per promoure l\u2019equitat i la qualitat del sistema educatiu reflectida en la millora de les capacitats i compet\u00e8ncies de l\u2019alumnat participant.<\/p>\n\n\n\n<p>Durant el curs 2023-2024 vam continuar amb el segon any de participaci\u00f3 en el Programa araART. El nostre projecte art\u00edstic inclou aquest any m\u00e9s de 30 activitats al voltant del tema de l\u2019art i la cultura urbana, des d\u2019infantil fins a 4t de l\u2019ESO. El programa va n\u00e9ixer amb el Beat School, un projecte de creaci\u00f3 art\u00edstica a partir de la tecnologia musical i s\u2019ha anat ampliant a tots els cursos i a totes les \u00e0rees esmentades.<br>El seu objectiu general \u00e9s promoure l\u2019equitat i la qualitat de l\u2019aprenentatge reflectida en la millora de les capacitats i compet\u00e8ncies de l\u2019alumnat participant, contribuint, a trav\u00e9s de la creaci\u00f3 art\u00edstica, a estructurar el seu pensament.<\/p>\n\n\n\n<p>Es tracta d\u2019un projecte que aprofita la tecnologia musical per facilitar i promoure l\u2019acc\u00e9s a la creaci\u00f3 art\u00edstica. Permet descobrir interessos, desenvolupar habilitats, promoure la creativitat, treballar en equip, despertar i expressar emocions. S\u2019utilitza la tecnologia per connectar amb la m\u00fasica, poder \u201cfer m\u00fasica\u201d, ajudant l\u2019alumnat a trobar la seva pr\u00f2pia veu.<br>La m\u00fasica, potenciadora de la transformaci\u00f3 educativa, esdev\u00e9 element facilitador per despertar la motivaci\u00f3 de l\u2019alumnat, aportant un element emocional i de vincle, que millora l\u2019autoestima i el sentit de pertinen\u00e7a, generant oportunitats per detectar i promoure el talent, tot atenent la diversitat, i creant situacions d\u2019aprenentatge.<br>S\u2019apropa la creaci\u00f3 musical, des de diferents formats i estils musicals, als infants i joves, oferint la possibilitat de con\u00e8ixer, practicar i crear m\u00fasica, que pugui ser mostrada a les fam\u00edlies dels infants participants, a nivell comunitari i amb ress\u00f2 m\u00e9s enll\u00e0 de barri, amb la finalitat de posar en valor el treball desenvolupat.<\/p>\n\n\n\n<p>El projecte respon a la finalitat i als objectius del Programa araART, i als objectius seg\u00fcents:<br>Oferir metodologies inclusives, innovadores i vivencials que generin situacions d\u2019aprenentatge.<br>Garantir la continu\u00eftat i el progr\u00e9s educatiu, assegurant el tr\u00e0nsit de prim\u00e0ria a secund\u00e0ria.<br>Millorar la motivaci\u00f3 i la participaci\u00f3 de tot l\u2019alumnat, promovent creativitat i talent.<br>Oferir espais per a fomentar l\u2019autoestima, l\u2019autonomia i la autoregulaci\u00f3.<br>Aprendre a identificar i expressar les emocions en un ambient relacional positiu, millorant la qualitat de l\u2019aprenentatge.<br>Facilitar el treball col\u00b7laboratiu i en equip.<\/p>\n\n\n\n<figure class=\"wp-block-embed is-type-video is-provider-youtube wp-block-embed-youtube wp-embed-aspect-4-3 wp-has-aspect-ratio\"><div class=\"wp-block-embed__wrapper\">\n<div class=\"ast-oembed-container \" style=\"height: 100%;\"><iframe loading=\"lazy\" title=\"Beat School. Fundaci\u00f3 Primavera Sound.\" width=\"422\" height=\"750\" src=\"https:\/\/www.youtube.com\/embed\/DD-f6tOZk90?feature=oembed\" frameborder=\"0\" allow=\"accelerometer; autoplay; clipboard-write; encrypted-media; gyroscope; picture-in-picture; web-share\" referrerpolicy=\"strict-origin-when-cross-origin\" allowfullscreen><\/iframe><\/div>\n<\/div><\/figure>\n\n\n\n<figure class=\"wp-block-embed is-type-video is-provider-youtube wp-block-embed-youtube wp-embed-aspect-16-9 wp-has-aspect-ratio\"><div class=\"wp-block-embed__wrapper\">\n<div class=\"ast-oembed-container \" style=\"height: 100%;\"><iframe loading=\"lazy\" title=\"Una Mina de color\" width=\"500\" height=\"281\" src=\"https:\/\/www.youtube.com\/embed\/TiNjXkdIbYI?feature=oembed\" frameborder=\"0\" allow=\"accelerometer; autoplay; clipboard-write; encrypted-media; gyroscope; picture-in-picture; web-share\" referrerpolicy=\"strict-origin-when-cross-origin\" allowfullscreen><\/iframe><\/div>\n<\/div><\/figure>\n\n\n\n<p>Podeu veure tots els centres participants del programa clicant en aquest <a href=\"https:\/\/www.google.com\/maps\/d\/embed?mid=1NJU-HV3UOjbyQ6D0fN_QpwV6I0YGZvs&amp;ehbc=2E312F\">mapa<\/a>.<\/p>\n\n\n\n<figure class=\"wp-block-image aligncenter\"><a href=\"https:\/\/agora.xtec.cat\/ins-esc-santadria\/wp-content\/uploads\/usu1431\/2023\/02\/beat.jpg\"><img loading=\"lazy\" decoding=\"async\" width=\"486\" height=\"120\" src=\"https:\/\/agora.xtec.cat\/ins-esc-santadria\/wp-content\/uploads\/usu1431\/2023\/02\/beat.jpg\" alt=\"\" class=\"wp-image-13710\" srcset=\"https:\/\/agora.xtec.cat\/ins-esc-santadria\/wp-content\/uploads\/usu1431\/2023\/02\/beat.jpg 486w, https:\/\/agora.xtec.cat\/ins-esc-santadria\/wp-content\/uploads\/usu1431\/2023\/02\/beat-300x74.jpg 300w\" sizes=\"auto, (max-width: 486px) 100vw, 486px\" \/><\/a><\/figure>\n\n\n\n<p><\/p>\n\n\n\n<p>&nbsp;<\/p>\n","protected":false},"excerpt":{"rendered":"<p>Beat School. Art i cultura urbana. Aquesta \u00e9s la presentaci\u00f3 del nostre projecte art\u00edstic. El curs 2024-2025 va ser el darrer de participaci\u00f3 en el Programa araART. Heus aqu\u00ed la Mem\u00f2ria Relat . Hist\u00f2ria del projecte El projecte Beat School s\u2019inicia el curs 2020-2021 amb els quatre grups de cicle superior: els dos de 5\u00e8 [&hellip;]<\/p>\n","protected":false},"author":3,"featured_media":0,"parent":57,"menu_order":0,"comment_status":"closed","ping_status":"closed","template":"","meta":{"_bbp_topic_count":0,"_bbp_reply_count":0,"_bbp_total_topic_count":0,"_bbp_total_reply_count":0,"_bbp_voice_count":0,"_bbp_anonymous_reply_count":0,"_bbp_topic_count_hidden":0,"_bbp_reply_count_hidden":0,"_bbp_forum_subforum_count":0,"site-sidebar-layout":"no-sidebar","site-content-layout":"","ast-site-content-layout":"default","site-content-style":"default","site-sidebar-style":"default","ast-global-header-display":"","ast-banner-title-visibility":"","ast-main-header-display":"","ast-hfb-above-header-display":"","ast-hfb-below-header-display":"","ast-hfb-mobile-header-display":"","site-post-title":"","ast-breadcrumbs-content":"","ast-featured-img":"","footer-sml-layout":"","theme-transparent-header-meta":"","adv-header-id-meta":"","stick-header-meta":"","header-above-stick-meta":"","header-main-stick-meta":"","header-below-stick-meta":"","astra-migrate-meta-layouts":"set","ast-page-background-enabled":"default","ast-page-background-meta":{"desktop":{"background-color":"var(--ast-global-color-4)","background-image":"","background-repeat":"repeat","background-position":"center center","background-size":"auto","background-attachment":"scroll","background-type":"","background-media":"","overlay-type":"","overlay-color":"","overlay-opacity":"","overlay-gradient":""},"tablet":{"background-color":"","background-image":"","background-repeat":"repeat","background-position":"center center","background-size":"auto","background-attachment":"scroll","background-type":"","background-media":"","overlay-type":"","overlay-color":"","overlay-opacity":"","overlay-gradient":""},"mobile":{"background-color":"","background-image":"","background-repeat":"repeat","background-position":"center center","background-size":"auto","background-attachment":"scroll","background-type":"","background-media":"","overlay-type":"","overlay-color":"","overlay-opacity":"","overlay-gradient":""}},"ast-content-background-meta":{"desktop":{"background-color":"var(--ast-global-color-5)","background-image":"","background-repeat":"repeat","background-position":"center center","background-size":"auto","background-attachment":"scroll","background-type":"","background-media":"","overlay-type":"","overlay-color":"","overlay-opacity":"","overlay-gradient":""},"tablet":{"background-color":"var(--ast-global-color-5)","background-image":"","background-repeat":"repeat","background-position":"center center","background-size":"auto","background-attachment":"scroll","background-type":"","background-media":"","overlay-type":"","overlay-color":"","overlay-opacity":"","overlay-gradient":""},"mobile":{"background-color":"var(--ast-global-color-5)","background-image":"","background-repeat":"repeat","background-position":"center center","background-size":"auto","background-attachment":"scroll","background-type":"","background-media":"","overlay-type":"","overlay-color":"","overlay-opacity":"","overlay-gradient":""}},"footnotes":""},"class_list":["post-13705","page","type-page","status-publish","hentry"],"post_mailing_queue_ids":[],"_links":{"self":[{"href":"https:\/\/agora.xtec.cat\/ins-esc-santadria\/wp-json\/wp\/v2\/pages\/13705","targetHints":{"allow":["GET"]}}],"collection":[{"href":"https:\/\/agora.xtec.cat\/ins-esc-santadria\/wp-json\/wp\/v2\/pages"}],"about":[{"href":"https:\/\/agora.xtec.cat\/ins-esc-santadria\/wp-json\/wp\/v2\/types\/page"}],"author":[{"embeddable":true,"href":"https:\/\/agora.xtec.cat\/ins-esc-santadria\/wp-json\/wp\/v2\/users\/3"}],"replies":[{"embeddable":true,"href":"https:\/\/agora.xtec.cat\/ins-esc-santadria\/wp-json\/wp\/v2\/comments?post=13705"}],"version-history":[{"count":6,"href":"https:\/\/agora.xtec.cat\/ins-esc-santadria\/wp-json\/wp\/v2\/pages\/13705\/revisions"}],"predecessor-version":[{"id":16189,"href":"https:\/\/agora.xtec.cat\/ins-esc-santadria\/wp-json\/wp\/v2\/pages\/13705\/revisions\/16189"}],"up":[{"embeddable":true,"href":"https:\/\/agora.xtec.cat\/ins-esc-santadria\/wp-json\/wp\/v2\/pages\/57"}],"wp:attachment":[{"href":"https:\/\/agora.xtec.cat\/ins-esc-santadria\/wp-json\/wp\/v2\/media?parent=13705"}],"curies":[{"name":"wp","href":"https:\/\/api.w.org\/{rel}","templated":true}]}}