{"id":19,"date":"2014-09-17T14:56:56","date_gmt":"2014-09-17T14:56:56","guid":{"rendered":"http:\/\/agora.xtec.cat\/ins-esc-danielmangrane\/?page_id=19"},"modified":"2025-07-17T12:23:26","modified_gmt":"2025-07-17T10:23:26","slug":"linstitut","status":"publish","type":"page","link":"https:\/\/agora.xtec.cat\/ins-esc-danielmangrane\/linstitut\/","title":{"rendered":"L&#8217;Institut Escola"},"content":{"rendered":"<p>L\u2019Institut Escola Daniel Mangran\u00e9 \u00e9s un centre comprom\u00e8s amb l\u2019educaci\u00f3 integral del seu alumnat, arrelat al territori i alhora obert al m\u00f3n. Treballem en xarxa amb l\u2019entorn proper i impulsem una mirada global, cr\u00edtica i transformadora que promou la just\u00edcia social, la sostenibilitat, la cultura de la pau i la igualtat d\u2019oportunitats.<\/p>\n<p>El nostre projecte educatiu situa la lectura, l\u2019escriptura i la comunicaci\u00f3 com a eixos clau per a l\u2019aprenentatge i la inclusi\u00f3, des d\u2019un enfocament comprom\u00e8s amb la llengua catalana i el desenvolupament de les compet\u00e8ncies pluriling\u00fces. Apostem tamb\u00e9 per una educaci\u00f3 cientificotecnol\u00f2gica i creativa, a trav\u00e9s de l\u2019enfocament STEAM i de l\u2019experimentaci\u00f3 com a motor de curiositat i pensament cr\u00edtic.<\/p>\n<p>Acompanyem l\u2019alumnat en el desenvolupament del seu projecte vital i professional, promovent l\u2019autonomia, la responsabilitat, la cooperaci\u00f3 i la solidaritat, amb una atenci\u00f3 educativa inclusiva i personalitzada, des de P3 fins a 4t d\u2019ESO.<\/p>\n<p>Creiem en una escola que apr\u00e8n d\u2019ella mateixa, que s\u2019avalua i es transforma, que posa l\u2019alumne al centre de l\u2019aprenentatge i que valora la col\u00b7laboraci\u00f3 activa de tota la comunitat educativa com a clau per a l\u2019\u00e8xit educatiu i la cohesi\u00f3 social.<\/p>\n<p><a href=\"http:\/\/agora.xtec.cat\/ins-esc-danielmangrane\/wp-content\/uploads\/usu362\/2014\/09\/FotoMangrane1.jpg\"><img loading=\"lazy\" decoding=\"async\" src=\"http:\/\/agora.xtec.cat\/ins-esc-danielmangrane\/wp-content\/uploads\/usu362\/2014\/09\/FotoMangrane1.jpg\" alt=\"\" width=\"573\" height=\"322\" class=\"alignnone size-full wp-image-2424\" srcset=\"https:\/\/agora.xtec.cat\/ins-esc-danielmangrane\/wp-content\/uploads\/usu362\/2014\/09\/FotoMangrane1.jpg 573w, https:\/\/agora.xtec.cat\/ins-esc-danielmangrane\/wp-content\/uploads\/usu362\/2014\/09\/FotoMangrane1-300x169.jpg 300w\" sizes=\"auto, (max-width: 573px) 100vw, 573px\" \/><\/a><\/p>\n","protected":false},"excerpt":{"rendered":"<p>L\u2019Institut Escola Daniel Mangran\u00e9 \u00e9s un centre comprom\u00e8s amb l\u2019educaci\u00f3 integral del seu alumnat, arrelat al territori i alhora obert al m\u00f3n. Treballem en xarxa amb l\u2019entorn proper i impulsem una mirada global, cr\u00edtica i transformadora que promou la just\u00edcia social, la sostenibilitat, la cultura&hellip;  <a href=\"https:\/\/agora.xtec.cat\/ins-esc-danielmangrane\/linstitut\/\" title=\"Read L&#8217;Institut Escola\">Llegeix m\u00e9s\u00bb<\/a><\/p>\n","protected":false},"author":1,"featured_media":0,"parent":0,"menu_order":0,"comment_status":"closed","ping_status":"closed","template":"page-templates\/side-menu.php","meta":{"_bbp_topic_count":0,"_bbp_reply_count":0,"_bbp_total_topic_count":0,"_bbp_total_reply_count":0,"_bbp_voice_count":0,"_bbp_anonymous_reply_count":0,"_bbp_topic_count_hidden":0,"_bbp_reply_count_hidden":0,"_bbp_forum_subforum_count":0,"footnotes":""},"class_list":["post-19","page","type-page","status-publish","hentry"],"post_mailing_queue_ids":[],"_links":{"self":[{"href":"https:\/\/agora.xtec.cat\/ins-esc-danielmangrane\/wp-json\/wp\/v2\/pages\/19","targetHints":{"allow":["GET"]}}],"collection":[{"href":"https:\/\/agora.xtec.cat\/ins-esc-danielmangrane\/wp-json\/wp\/v2\/pages"}],"about":[{"href":"https:\/\/agora.xtec.cat\/ins-esc-danielmangrane\/wp-json\/wp\/v2\/types\/page"}],"author":[{"embeddable":true,"href":"https:\/\/agora.xtec.cat\/ins-esc-danielmangrane\/wp-json\/wp\/v2\/users\/1"}],"replies":[{"embeddable":true,"href":"https:\/\/agora.xtec.cat\/ins-esc-danielmangrane\/wp-json\/wp\/v2\/comments?post=19"}],"version-history":[{"count":4,"href":"https:\/\/agora.xtec.cat\/ins-esc-danielmangrane\/wp-json\/wp\/v2\/pages\/19\/revisions"}],"predecessor-version":[{"id":8705,"href":"https:\/\/agora.xtec.cat\/ins-esc-danielmangrane\/wp-json\/wp\/v2\/pages\/19\/revisions\/8705"}],"wp:attachment":[{"href":"https:\/\/agora.xtec.cat\/ins-esc-danielmangrane\/wp-json\/wp\/v2\/media?parent=19"}],"curies":[{"name":"wp","href":"https:\/\/api.w.org\/{rel}","templated":true}]}}