{"id":7570,"date":"2021-04-12T08:28:09","date_gmt":"2021-04-12T06:28:09","guid":{"rendered":"https:\/\/agora.xtec.cat\/insjoanfuster\/?page_id=7570"},"modified":"2022-06-14T18:46:48","modified_gmt":"2022-06-14T16:46:48","slug":"treballem-amb-el-frances","status":"publish","type":"page","link":"https:\/\/agora.xtec.cat\/ins-dolors-aleu-barcelona\/linstitut\/treballem-amb-el-frances\/","title":{"rendered":"Treballem amb el franc\u00e8s"},"content":{"rendered":"<h2><span style=\"color: #008080;\">Llengua francesa a l\u2019Institut Dolors Aleu<\/span><\/h2>\n<p>L\u2019objectiu principal de l\u2019institut \u00e9s donar als estudiants l\u2019oportunitat d\u2019aconseguir una bona preparaci\u00f3 en dues lleng\u00fces estrangeres: l\u2019anglesa i la francesa.<\/p>\n<p>A m\u00e9s d\u2019operar amb la llengua anglesa pensem que cal superar una altra llengua estrangera. Considerem que la llengua francesa ofereix nombrosos avantatges, estructures paral\u00b7leles, similituds l\u00e8xiques, fon\u00e8tiques que n\u2019afavoreixen el seu aprenentatge.<\/p>\n<p><iframe loading=\"lazy\" src=\"\/\/www.youtube.com\/embed\/NlQhsLXygX4\" width=\"714\" height=\"400\"><\/iframe><\/p>\n<p>El m\u00f3n \u00e9s multiling\u00fce, d\u2019ac\u00ed que:<\/p>\n<p>\u2013 Contribu\u00efm perqu\u00e8 les persones ens entenguem millor<\/p>\n<p>\u2013 Preparem els joves per a un m\u00f3n global ple de noves possibilitats professionals<\/p>\n<p>\u2013 Cerquem un valor afegit que ajudi els alumnes a accedir al mercat laboral amb m\u00e9s possibilitats<\/p>\n<p><iframe loading=\"lazy\" width=\"714\" height=\"400\" src=\"https:\/\/www.youtube.com\/embed\/fqQs5GXuot0\" title=\"YouTube video player\" frameborder=\"0\" allow=\"accelerometer; autoplay; clipboard-write; encrypted-media; gyroscope; picture-in-picture\" allowfullscreen><\/iframe><\/p>\n<p><iframe loading=\"lazy\" width=\"714\" height=\"400\" src=\"https:\/\/www.youtube.com\/embed\/0GJUViOc30A\" title=\"YouTube video player\" frameborder=\"0\" allow=\"accelerometer; autoplay; clipboard-write; encrypted-media; gyroscope; picture-in-picture\" allowfullscreen><\/iframe><\/p>\n<p><iframe loading=\"lazy\" src=\"\/\/www.youtube.com\/embed\/1fBKcffVQuk\" width=\"714\" height=\"400\"><\/iframe><\/p>\n<p><iframe loading=\"lazy\" src=\"\/\/www.youtube.com\/embed\/aFVxsQZ3fmw\" width=\"714\" height=\"400\"><\/iframe><\/p>\n<p><iframe loading=\"lazy\" src=\"\/\/www.youtube.com\/embed\/9C7nmW8yj3A\" width=\"714\" height=\"400\"><\/iframe><\/p>\n<p>&nbsp;<\/p>\n","protected":false},"excerpt":{"rendered":"<p>Llengua francesa a l\u2019Institut Dolors Aleu<br \/>\nL\u2019objectiu principal de l\u2019institut \u00e9s donar als estudiants l\u2019oportunitat d\u2019aconseguir una bona preparaci\u00f3 en dues lleng\u00fces estrangeres: l\u2019anglesa i la francesa.<br \/>\nA m\u00e9s d\u2019operar amb la llengua anglesa pensem que cal superar una altra llengua estrangera. Considerem que la llengua francesa&hellip;  <a href=\"https:\/\/agora.xtec.cat\/ins-dolors-aleu-barcelona\/linstitut\/treballem-amb-el-frances\/\" title=\"Read Treballem amb el franc\u00e8s\">Llegeix m\u00e9s\u00bb<\/a><\/p>\n","protected":false},"author":1,"featured_media":0,"parent":19,"menu_order":0,"comment_status":"closed","ping_status":"closed","template":"","meta":{"_bbp_topic_count":0,"_bbp_reply_count":0,"_bbp_total_topic_count":0,"_bbp_total_reply_count":0,"_bbp_voice_count":0,"_bbp_anonymous_reply_count":0,"_bbp_topic_count_hidden":0,"_bbp_reply_count_hidden":0,"_bbp_forum_subforum_count":0,"footnotes":""},"class_list":["post-7570","page","type-page","status-publish","hentry"],"post_mailing_queue_ids":[],"_links":{"self":[{"href":"https:\/\/agora.xtec.cat\/ins-dolors-aleu-barcelona\/wp-json\/wp\/v2\/pages\/7570","targetHints":{"allow":["GET"]}}],"collection":[{"href":"https:\/\/agora.xtec.cat\/ins-dolors-aleu-barcelona\/wp-json\/wp\/v2\/pages"}],"about":[{"href":"https:\/\/agora.xtec.cat\/ins-dolors-aleu-barcelona\/wp-json\/wp\/v2\/types\/page"}],"author":[{"embeddable":true,"href":"https:\/\/agora.xtec.cat\/ins-dolors-aleu-barcelona\/wp-json\/wp\/v2\/users\/1"}],"replies":[{"embeddable":true,"href":"https:\/\/agora.xtec.cat\/ins-dolors-aleu-barcelona\/wp-json\/wp\/v2\/comments?post=7570"}],"version-history":[{"count":3,"href":"https:\/\/agora.xtec.cat\/ins-dolors-aleu-barcelona\/wp-json\/wp\/v2\/pages\/7570\/revisions"}],"predecessor-version":[{"id":9282,"href":"https:\/\/agora.xtec.cat\/ins-dolors-aleu-barcelona\/wp-json\/wp\/v2\/pages\/7570\/revisions\/9282"}],"up":[{"embeddable":true,"href":"https:\/\/agora.xtec.cat\/ins-dolors-aleu-barcelona\/wp-json\/wp\/v2\/pages\/19"}],"wp:attachment":[{"href":"https:\/\/agora.xtec.cat\/ins-dolors-aleu-barcelona\/wp-json\/wp\/v2\/media?parent=7570"}],"curies":[{"name":"wp","href":"https:\/\/api.w.org\/{rel}","templated":true}]}}