{"id":7,"date":"2014-09-12T10:14:31","date_gmt":"2014-09-12T10:14:31","guid":{"rendered":"http:\/\/agora.xtec.cat\/insjoanfuster\/?page_id=7"},"modified":"2026-01-20T19:52:26","modified_gmt":"2026-01-20T18:52:26","slug":"enllacos","status":"publish","type":"page","link":"https:\/\/agora.xtec.cat\/ins-dolors-aleu-barcelona\/enllacos\/","title":{"rendered":"Enlla\u00e7os d&#8217;inter\u00e8s"},"content":{"rendered":"<p>Enlla\u00e7os d&#8217;inter\u00e8s per a:<\/p>\n<ul style=\"list-style-type: square;\">\n<li><strong><a style=\"font-size: 1.4375em; font-weight: bold;\" href=\"https:\/\/agora.xtec.cat\/ins-dolors-aleu-barcelona\/enllacos\/enllacos-dinteres-families\/\">Fam\u00edlies<\/a><\/strong><br \/>\n&#8211; <a href=\"https:\/\/app.dinantia.com\/\" target=\"_blank\" rel=\"noopener\">Dinantia<\/a><br \/>\n&#8211; <a href=\"https:\/\/bfgh.aplicacions.ensenyament.gencat.cat\/bfgh\/\">Esfer@<\/a><br \/>\n&#8211; <a href=\"http:\/\/xtec.gencat.cat\/ca\/inici\">Xtec<\/a><br \/>\n&#8211; <a href=\"https:\/\/inici.espai.educacio.gencat.cat\/\">Portal de centre<\/a><br \/>\n&#8211; <a href=\"http:\/\/educacio.gencat.cat\/ca\/inici\">Departament d\u2019Educaci\u00f3<\/a><br \/>\n&#8211; <a href=\"https:\/\/www.edubcn.cat\/ca\">Consorci d\u2019Educaci\u00f3 de Barcelona<\/a><\/li>\n<li><strong><a style=\"font-size: 1.4375em; font-weight: bold;\" href=\"https:\/\/agora.xtec.cat\/ins-dolors-aleu-barcelona\/enllacos\/enllacos-dinteres-alumnat\/\">Alumnat<\/a><\/strong><br \/>\n&#8211; <a href=\"https:\/\/agora.xtec.cat\/insjoanfuster\/wp-content\/uploads\/usu1296\/2020\/11\/WEB.-PAU.pdf\">Informaci\u00f3 sobre les PAU<\/a><br \/>\n&#8211; <a style=\"font-family: inherit; font-size: 1em;\" href=\"https:\/\/accesuniversitat.gencat.cat\/accesuniversitat\/login\">Portal d\u2019acc\u00e9s universitari<\/a><br \/>\n&#8211; <a href=\"https:\/\/www.unportal.net\/%C3%A7\">Informaci\u00f3 FP i Graus Universitaris<\/a><br \/>\n&#8211; <a href=\"http:\/\/queestudiar.gencat.cat\/ca\/orientacio\/joves\/informo-ensenyaments\/explora_mapa_destudis\/\">I despr\u00e9s de l\u2019ESO qu\u00e8?<\/a><br \/>\n&#8211; <a href=\"http:\/\/educacio.gencat.cat\/ca\/actualitat\/orientacio\/orientacio\/coneix-web-eac\/\">Informaci\u00f3\u00a0<em>Estudiar a Catalunya<\/em><\/a><br \/>\n&#8211; <a href=\"http:\/\/queestudiar.gencat.cat\/ca\/orientacio\/joves\/conec-interessos\/questionari-autoconeixement\/\">Q\u00fcestionari d\u2019autoconeixement<\/a><\/li>\n<li><strong><a style=\"font-size: 1.4375em; font-weight: bold;\" href=\"https:\/\/agora.xtec.cat\/ins-dolors-aleu-barcelona\/enllacos\/enllacos-dinteres-professorat\/\">Professorat<\/a><\/strong><br \/>\n&#8211; <a href=\"https:\/\/app.dinantia.com\/login\">Dinantia: control d&#8217;assist\u00e8ncia i registre d&#8217;activitat de l&#8217;alumnat.<\/a><br \/>\n&#8211; <a href=\"https:\/\/agora.xtec.cat\/ins-dolors-aleu-barcelona\/nodes\/professorat\/docs\/\">Documents per al professorat<\/a><br \/>\n&#8211; <a href=\"https:\/\/aplicacions.gestioeducativa.gencat.cat\/siteminderagent\/forms\/gicar2019edufed\/loginCorp2019v16edu.fcc?TYPE=33554433&amp;REALMOID=06-052eec34-8e5d-4932-ad9d-a7fa3b5343de&amp;GUID=&amp;SMAUTHREASON=0&amp;METHOD=GET&amp;SMAGENTNAME=-SM-Sr%2bMlhQwV6JSOJjx9kq2zbUiEBY4plxkaP5Qe8aLjJ0OVb3DZDoCzxrn16QgA%2foR&amp;TARGET=-SM-https%3a%2f%2fbfgh%2eaplicacions%2eensenyament%2egencat%2ecat%2fbfgh%2f\">Esfer@<\/a><span class=\"\"><br \/>\n<\/span>&#8211; <a href=\"https:\/\/atriportal.gencat.cat\/siteminderagent\/forms\/gicar2019pc\/loginCorp2019v16.fcc?TYPE=33554433&amp;REALMOID=06-f6754990-7e37-4c3f-bb62-da8f8f5acccd&amp;GUID=&amp;SMAUTHREASON=0&amp;METHOD=GET&amp;SMAGENTNAME=UhaJiTzIjeUe7KCbriKLC1sYf5zeiweXTIAg4Wq2okfEk0zmjzQMTSI4L3qHhhae&amp;TARGET=-SM-HTTPS%3a%2f%2fatriportal%2egencat%2ecat%2fSirhTokenHandler--web%2frestapi%2fext%2ftoken%2fgeneraAccessToken%3fapp%3datri_inet%26ts%3d1608136715786\">Atri<\/a><br \/>\n&#8211; <a href=\"http:\/\/xtec.gencat.cat\/ca\/inici\">Xtec<\/a><br \/>\n&#8211; <a href=\"http:\/\/educacio.gencat.cat\/ca\/inici\">Departament d\u2019Educaci\u00f3<\/a><br \/>\n&#8211; <a href=\"https:\/\/inici.espai.educacio.gencat.cat\/\">Portal de centre<\/a><\/li>\n<\/ul>\n","protected":false},"excerpt":{"rendered":"<p>Enlla\u00e7os d&#8217;inter\u00e8s per a:<\/p>\n<ul style=\"list-style-type: square;\">\n<li><a style=\"font-size: 1.4375em; font-weight: bold;\" href=\"https:\/\/agora.xtec.cat\/ins-dolors-aleu-barcelona\/enllacos\/enllacos-dinteres-families\/\">Fam\u00edlies<\/a><br \/>\n&#8211; <a href=\"https:\/\/app.dinantia.com\/\" target=\"_blank\" rel=\"noopener\">Dinantia<\/a><br \/>\n&#8211; <a href=\"https:\/\/bfgh.aplicacions.ensenyament.gencat.cat\/bfgh\/\">Esfer@<\/a><br \/>\n&#8211; <a href=\"http:\/\/xtec.gencat.cat\/ca\/inici\">Xtec<\/a><br \/>\n&#8211; <a href=\"https:\/\/inici.espai.educacio.gencat.cat\/\">Portal de centre<\/a><br \/>\n&#8211; <a href=\"http:\/\/educacio.gencat.cat\/ca\/inici\">Departament d\u2019Educaci\u00f3<\/a><br \/>\n&#8211; <a href=\"https:\/\/www.edubcn.cat\/ca\">Consorci d\u2019Educaci\u00f3 de Barcelona<\/a><\/li>\n<li><a style=\"font-size: 1.4375em; font-weight: bold;\" href=\"https:\/\/agora.xtec.cat\/ins-dolors-aleu-barcelona\/enllacos\/enllacos-dinteres-alumnat\/\">Alumnat<\/a><br \/>\n&#8211; <a href=\"https:\/\/agora.xtec.cat\/insjoanfuster\/wp-content\/uploads\/usu1296\/2020\/11\/WEB.-PAU.pdf\">Informaci\u00f3 sobre les PAU<\/a><br \/>\n&#8211; <a style=\"font-family: inherit; font-size:&hellip;  <a href=\"https:\/\/agora.xtec.cat\/ins-dolors-aleu-barcelona\/enllacos\/\" title=\"Read Enlla\u00e7os d&#8217;inter\u00e8s\">Llegeix m\u00e9s\u00bb<\/a><\/p>\n","protected":false},"author":1,"featured_media":0,"parent":0,"menu_order":0,"comment_status":"closed","ping_status":"closed","template":"page-templates\/side-menu.php","meta":{"_bbp_topic_count":0,"_bbp_reply_count":0,"_bbp_total_topic_count":0,"_bbp_total_reply_count":0,"_bbp_voice_count":0,"_bbp_anonymous_reply_count":0,"_bbp_topic_count_hidden":0,"_bbp_reply_count_hidden":0,"_bbp_forum_subforum_count":0,"footnotes":""},"class_list":["post-7","page","type-page","status-publish","hentry"],"post_mailing_queue_ids":[],"_links":{"self":[{"href":"https:\/\/agora.xtec.cat\/ins-dolors-aleu-barcelona\/wp-json\/wp\/v2\/pages\/7","targetHints":{"allow":["GET"]}}],"collection":[{"href":"https:\/\/agora.xtec.cat\/ins-dolors-aleu-barcelona\/wp-json\/wp\/v2\/pages"}],"about":[{"href":"https:\/\/agora.xtec.cat\/ins-dolors-aleu-barcelona\/wp-json\/wp\/v2\/types\/page"}],"author":[{"embeddable":true,"href":"https:\/\/agora.xtec.cat\/ins-dolors-aleu-barcelona\/wp-json\/wp\/v2\/users\/1"}],"replies":[{"embeddable":true,"href":"https:\/\/agora.xtec.cat\/ins-dolors-aleu-barcelona\/wp-json\/wp\/v2\/comments?post=7"}],"version-history":[{"count":4,"href":"https:\/\/agora.xtec.cat\/ins-dolors-aleu-barcelona\/wp-json\/wp\/v2\/pages\/7\/revisions"}],"predecessor-version":[{"id":517,"href":"https:\/\/agora.xtec.cat\/ins-dolors-aleu-barcelona\/wp-json\/wp\/v2\/pages\/7\/revisions\/517"}],"wp:attachment":[{"href":"https:\/\/agora.xtec.cat\/ins-dolors-aleu-barcelona\/wp-json\/wp\/v2\/media?parent=7"}],"curies":[{"name":"wp","href":"https:\/\/api.w.org\/{rel}","templated":true}]}}