{"id":586,"date":"2016-06-14T13:31:34","date_gmt":"2016-06-14T12:31:34","guid":{"rendered":"http:\/\/agora.xtec.cat\/insjoanfuster\/?page_id=586"},"modified":"2022-01-20T22:55:43","modified_gmt":"2022-01-20T21:55:43","slug":"escoles-adscrites","status":"publish","type":"page","link":"https:\/\/agora.xtec.cat\/ins-dolors-aleu-barcelona\/linstitut\/escoles-adscrites\/","title":{"rendered":"Escoles adscrites"},"content":{"rendered":"<p style=\"text-align: justify;\">El centre conforma la seva matr\u00edcula b\u00e0sicament amb alumnat de les escoles de prim\u00e0ria que t\u00e9 adscrites i que s\u00f3n:<\/p>\n<p><a href=\"https:\/\/agora.xtec.cat\/escferraniclua\/\" target=\"_blank\" rel=\"noopener noreferrer\">Escola Dr. Ferran i Clua.<\/a><\/p>\n<p style=\"text-align: justify;\"><a href=\"http:\/\/www.escolaelsagrer.cat\/\" target=\"_blank\" rel=\"noopener noreferrer\">Escola El Sagrer.<\/a><\/p>\n<p style=\"text-align: justify;\"><a href=\"http:\/\/www.xtec.cat\/ceipemili-juncadella\/\" target=\"_blank\" rel=\"noopener noreferrer\"> Escola Emili Juncadella.<\/a><\/p>\n<p style=\"text-align: justify;\"><a href=\"http:\/\/www.xtec.cat\/escola-lestel\/\" target=\"_blank\" rel=\"noopener noreferrer\">Escola L&#8217;Estel.<\/a><\/p>\n<p style=\"text-align: justify;\"><a href=\"http:\/\/www.escolaoctaviopaz.cat\" target=\"_blank\" rel=\"noopener noreferrer\">Escola Octavio Paz.<\/a><\/p>\n<p style=\"text-align: justify;\"><a href=\"http:\/\/www.escolapompeu.cat\/\" target=\"_blank\" rel=\"noopener noreferrer\">Escola Pompeu Fabra.<\/a><\/p>\n<p style=\"text-align: justify;\">Les \u00e1rees d&#8217;influ\u00e8ncia es basen en els barris i inclouen sempre tots els centres del barri. Per aix\u00f2 s\u00f3n f\u00e0cilment identificables i asseguren la proximitat. La ciutat es divideix en 29 zones a partir de les quals es delimiten les \u00e0rees d&#8217;influ\u00e8ncia de cada illa. Aquestes zones agrupen els 73 barris de la ciutat. Per tant, el barri o barris ve\u00efns al domicili esdevenen la refer\u00e8ncia per assegurar una proximitat suficient, en unitats geogr\u00e0fiques identificables i conegudes que faciliten la planificaci\u00f3 i la gesti\u00f3 de l&#8217;escolaritzaci\u00f3.<\/p>\n<p style=\"text-align: justify;\">Es podr\u00e0 consultar tota la informaci\u00f3 i les noves \u00e0rees d&#8217;influ\u00e8ncia a trav\u00e9s d&#8217;un cercador al web del <a href=\"http:\/\/www.edubcn.cat\" target=\"_blank\" rel=\"noopener noreferrer\">Consorci d&#8217;Educaci\u00f3 de Barcelona<\/a> a partir del 15 de febrer. A m\u00e9s els pares i mares rebran informaci\u00f3 a casa de l&#8217;\u00e0rea d&#8217;influ\u00e8ncia del seu domicili abans de la preinscripci\u00f3.<\/p>\n<p style=\"text-align: justify;\">El nostre institut \u00e9s tamb\u00e9 centre d&#8217;agrupament d&#8217;alumnat amb sordesa en col\u00b7laboraci\u00f3 amb el <a href=\"http:\/\/www.xtec.es\/serveis\/creda\/a8901335\" target=\"_blank\" rel=\"noopener noreferrer\">CREDAC Pere Barnils<\/a>.<\/p>\n","protected":false},"excerpt":{"rendered":"<p>El centre conforma la seva matr\u00edcula b\u00e0sicament amb alumnat de les escoles de prim\u00e0ria que t\u00e9 adscrites i que s\u00f3n:<br \/>\n<a href=\"https:\/\/agora.xtec.cat\/escferraniclua\/\" target=\"_blank\" rel=\"noopener noreferrer\">Escola Dr. Ferran i Clua.<\/a><br \/>\n<a href=\"http:\/\/www.escolaelsagrer.cat\/\" target=\"_blank\" rel=\"noopener noreferrer\">Escola El Sagrer.<\/a><br \/>\n<a href=\"http:\/\/www.xtec.cat\/ceipemili-juncadella\/\" target=\"_blank\" rel=\"noopener noreferrer\"> Escola Emili Juncadella.<\/a><br \/>\n<a href=\"http:\/\/www.xtec.cat\/escola-lestel\/\" target=\"_blank\" rel=\"noopener noreferrer\">Escola&hellip;  <a href=\"https:\/\/agora.xtec.cat\/ins-dolors-aleu-barcelona\/linstitut\/escoles-adscrites\/\" title=\"Read Escoles adscrites\">Llegeix m\u00e9s\u00bb<\/a><\/p>\n","protected":false},"author":1,"featured_media":0,"parent":19,"menu_order":0,"comment_status":"closed","ping_status":"closed","template":"","meta":{"_bbp_topic_count":0,"_bbp_reply_count":0,"_bbp_total_topic_count":0,"_bbp_total_reply_count":0,"_bbp_voice_count":0,"_bbp_anonymous_reply_count":0,"_bbp_topic_count_hidden":0,"_bbp_reply_count_hidden":0,"_bbp_forum_subforum_count":0,"footnotes":""},"class_list":["post-586","page","type-page","status-publish","hentry"],"post_mailing_queue_ids":[],"_links":{"self":[{"href":"https:\/\/agora.xtec.cat\/ins-dolors-aleu-barcelona\/wp-json\/wp\/v2\/pages\/586","targetHints":{"allow":["GET"]}}],"collection":[{"href":"https:\/\/agora.xtec.cat\/ins-dolors-aleu-barcelona\/wp-json\/wp\/v2\/pages"}],"about":[{"href":"https:\/\/agora.xtec.cat\/ins-dolors-aleu-barcelona\/wp-json\/wp\/v2\/types\/page"}],"author":[{"embeddable":true,"href":"https:\/\/agora.xtec.cat\/ins-dolors-aleu-barcelona\/wp-json\/wp\/v2\/users\/1"}],"replies":[{"embeddable":true,"href":"https:\/\/agora.xtec.cat\/ins-dolors-aleu-barcelona\/wp-json\/wp\/v2\/comments?post=586"}],"version-history":[{"count":3,"href":"https:\/\/agora.xtec.cat\/ins-dolors-aleu-barcelona\/wp-json\/wp\/v2\/pages\/586\/revisions"}],"predecessor-version":[{"id":8579,"href":"https:\/\/agora.xtec.cat\/ins-dolors-aleu-barcelona\/wp-json\/wp\/v2\/pages\/586\/revisions\/8579"}],"up":[{"embeddable":true,"href":"https:\/\/agora.xtec.cat\/ins-dolors-aleu-barcelona\/wp-json\/wp\/v2\/pages\/19"}],"wp:attachment":[{"href":"https:\/\/agora.xtec.cat\/ins-dolors-aleu-barcelona\/wp-json\/wp\/v2\/media?parent=586"}],"curies":[{"name":"wp","href":"https:\/\/api.w.org\/{rel}","templated":true}]}}