{"id":27,"date":"2014-09-17T16:24:03","date_gmt":"2014-09-17T16:24:03","guid":{"rendered":"http:\/\/agora.xtec.cat\/insjoanfuster\/?page_id=27"},"modified":"2024-09-20T14:40:14","modified_gmt":"2024-09-20T12:40:14","slug":"historia","status":"publish","type":"page","link":"https:\/\/agora.xtec.cat\/ins-dolors-aleu-barcelona\/linstitut\/historia\/","title":{"rendered":"Hist\u00f2ria"},"content":{"rendered":"<p>L\u2019Institut Dolors Aleu es va crear el 1995. S\u2019ubica al districte de Sant Andreu, concretament al barri de Navas.<\/p>\n<p>En els inicis, l\u2019edifici, propietat de \u201cLa Caixa\u201d, va estar regentat per una comunitat salesiana durant molts anys. De fet, al barri encara se\u2019l coneix com el col\u00b7legi \u201cJuan Bosco\u201d. Quan la comunitat va deixar la seva reg\u00e8ncia va continuar com a escola, i pass\u00e0 a formar part de l\u2019Obra Social de \u201cLa Caixa\u201d. La Generalitat de Catalunya, a trav\u00e9s del Departament d\u2019Ensenyament, va adquirir l\u2019edifici el 1995 i l\u2019institut pass\u00e0 a formar part de la xarxa p\u00fablica amb el nom Joan Fuster.<\/p>\n<p>El centre ara per ara t\u00e9 tres l\u00ednies d\u2019ESO i dues de Batxillerat, amb una r\u00e0tio al voltant de 20 alumnes per grup al 1r cicle d&#8217;ESO i de 30 al 2n cicle d&#8217;ESO. Actualment, compta amb una matr\u00edcula al voltant dels quatre-cents alumnes.<\/p>\n<p>La plantilla del professorat est\u00e0 formada per una quarantena de membres. El personal d\u2019administraci\u00f3 i serveis t\u00e9 2 membres.<\/p>\n<p>L\u2019alumnat procedeix majorit\u00e0riament del mateix barri, de les escoles adscrites i concertades. El nivell socioecon\u00f2mic de l\u2019entorn ha estat habitualment de classe mitjana. L\u2019institut impulsa projectes d\u2019innovaci\u00f3, interdisciplinaris i transversals.<\/p>\n<p>Destaquem els seg\u00fcents projectes: Treball Globalitzat, En Directe, Pla Lector, Teatre, Escoles M\u00e9s Sostenibles, entre d\u2019altres.<\/p>\n<p><img loading=\"lazy\" decoding=\"async\" class=\"alignnone wp-image-10980 size-large\" src=\"https:\/\/agora.xtec.cat\/ins-dolors-aleu-barcelona\/wp-content\/uploads\/usu1296\/2023\/05\/IMG_20230518_093451_red-scaled-e1726836004983-1024x350.jpg\" alt=\"\" width=\"1024\" height=\"350\" srcset=\"https:\/\/agora.xtec.cat\/ins-dolors-aleu-barcelona\/wp-content\/uploads\/usu1296\/2023\/05\/IMG_20230518_093451_red-scaled-e1726836004983-1024x350.jpg 1024w, https:\/\/agora.xtec.cat\/ins-dolors-aleu-barcelona\/wp-content\/uploads\/usu1296\/2023\/05\/IMG_20230518_093451_red-scaled-e1726836004983-300x102.jpg 300w, https:\/\/agora.xtec.cat\/ins-dolors-aleu-barcelona\/wp-content\/uploads\/usu1296\/2023\/05\/IMG_20230518_093451_red-scaled-e1726836004983-768x262.jpg 768w, https:\/\/agora.xtec.cat\/ins-dolors-aleu-barcelona\/wp-content\/uploads\/usu1296\/2023\/05\/IMG_20230518_093451_red-scaled-e1726836004983-1536x524.jpg 1536w, https:\/\/agora.xtec.cat\/ins-dolors-aleu-barcelona\/wp-content\/uploads\/usu1296\/2023\/05\/IMG_20230518_093451_red-scaled-e1726836004983-2048x699.jpg 2048w\" sizes=\"auto, (max-width: 1024px) 100vw, 1024px\" \/><\/p>\n<ul>\n<li><a href=\"http:\/\/el-passat-del-joan-fuster.webnode.cat\/%20\/\">El passat de l&#8217;Institut Joan Fuster (ara Dolors Aleu)<\/a><\/li>\n<\/ul>\n<h3><strong>Qui era Dolors Aleu?<\/strong><\/h3>\n<p><img loading=\"lazy\" decoding=\"async\" class=\" wp-image-12941 alignleft\" src=\"https:\/\/agora.xtec.cat\/ins-dolors-aleu-barcelona\/wp-content\/uploads\/usu1296\/2024\/06\/Dolores_Aleu_4-1024x730.jpg\" alt=\"\" width=\"456\" height=\"325\" srcset=\"https:\/\/agora.xtec.cat\/ins-dolors-aleu-barcelona\/wp-content\/uploads\/usu1296\/2024\/06\/Dolores_Aleu_4-1024x730.jpg 1024w, https:\/\/agora.xtec.cat\/ins-dolors-aleu-barcelona\/wp-content\/uploads\/usu1296\/2024\/06\/Dolores_Aleu_4-300x214.jpg 300w, https:\/\/agora.xtec.cat\/ins-dolors-aleu-barcelona\/wp-content\/uploads\/usu1296\/2024\/06\/Dolores_Aleu_4-768x547.jpg 768w, https:\/\/agora.xtec.cat\/ins-dolors-aleu-barcelona\/wp-content\/uploads\/usu1296\/2024\/06\/Dolores_Aleu_4-1536x1095.jpg 1536w, https:\/\/agora.xtec.cat\/ins-dolors-aleu-barcelona\/wp-content\/uploads\/usu1296\/2024\/06\/Dolores_Aleu_4-2048x1460.jpg 2048w\" sizes=\"auto, (max-width: 456px) 100vw, 456px\" \/><a href=\"https:\/\/ca.wikipedia.org\/wiki\/Dolors_Aleu_i_Riera\">Dolors Aleu i Riera<\/a> <em>(Barcelona, 7 d&#8217;abril de 1857 &#8211; 18 de febrer de 1913)<\/em> fou una metgessa catalana. Especialitzada en ginecologia i pediatria, fou la primera dona llicenciada en medicina de l&#8217;Estat espanyol i la segona que va assolir el t\u00edtol de doctora.<\/p>\n<p>Aleu port\u00e0 una vida professional molt activa durant 25\u00a0anys a les dues consultes que va obrir a <a title=\"Barcelona\" href=\"https:\/\/ca.wikipedia.org\/wiki\/Barcelona\">Barcelona<\/a>, de <a title=\"Pediatria\" href=\"https:\/\/ca.wikipedia.org\/wiki\/Pediatria\">pediatria<\/a> i <a title=\"Ginecologia\" href=\"https:\/\/ca.wikipedia.org\/wiki\/Ginecologia\">ginecologia<\/a>. Va ser professora d&#8217;higiene dom\u00e8stica a l&#8217;<i>Academia de Ciencias, Artes y Oficios para la Mujer<\/i>, fundada el 1885 al n\u00famero 10 de la Rambla de Canaletes. En va ser cofundadora amb la concertista d&#8217;ideologia lliberal <a title=\"Clotilde Cerd\u00e0 i Bosch\" href=\"https:\/\/ca.wikipedia.org\/wiki\/Clotilde_Cerd%C3%A0_i_Bosch\">Clotilde Cerd\u00e0 i Bosch<\/a>, coneguda art\u00edsticament com a <a title=\"Clotilde Cerd\u00e0 i Bosch\" href=\"https:\/\/ca.wikipedia.org\/wiki\/Clotilde_Cerd%C3%A0_i_Bosch\">Esmeralda Cervantes<\/a>.<\/p>\n<p>Tamb\u00e9 va ser autora de textos de car\u00e0cter divulgatiu, orientats a millorar la qualitat de vida de les dones, especialment en l&#8217;\u00e0mbit de la maternitat, com ara <i>Consejos a una madre sobre el r\u00e9gimen, limpieza, vestidos, sue\u00f1o, ejercicio y entretenimiento de los ni\u00f1os<\/i>. Advoc\u00e0 perqu\u00e8 s&#8217;abandon\u00e9s la <a title=\"Cotilla\" href=\"https:\/\/ca.wikipedia.org\/wiki\/Cotilla\">cotilla<\/a>, que oprimia el t\u00f2rax i afinava la cintura de les dones, perqu\u00e8 dificultava la circulaci\u00f3 sangu\u00ednia i provocava desmais.<\/p>\n<p><i>[Font: Viquip\u00e8dia i Enciclop\u00e8dia Catalana]<\/i><\/p>\n<h3><strong>Qui era Joan Fuster?<\/strong><\/h3>\n<p style=\"text-align: left;\">Joan Fuster i Ortells <em>(Sueca, Ribera Baixa, 23 de novembre de 1922 &#8211; Sueca, Ribera Baixa, 21 de juny de 1992)<\/em><\/p>\n<p style=\"text-align: center;\"><a href=\"http:\/\/agora.xtec.cat\/insjoanfuster\/linstitut\/historia\/attachment\/joan-fuster1\/\" rel=\"attachment wp-att-1828\"><img loading=\"lazy\" decoding=\"async\" class=\"alignnone size-medium wp-image-1828 alignleft\" src=\"http:\/\/agora.xtec.cat\/insjoanfuster\/wp-content\/uploads\/usu1296\/2014\/09\/joan-fuster1-200x300.jpg\" alt=\"joan-fuster1\" width=\"200\" height=\"300\" srcset=\"https:\/\/agora.xtec.cat\/ins-dolors-aleu-barcelona\/wp-content\/uploads\/usu1296\/2014\/09\/joan-fuster1-200x300.jpg 200w, https:\/\/agora.xtec.cat\/ins-dolors-aleu-barcelona\/wp-content\/uploads\/usu1296\/2014\/09\/joan-fuster1.jpg 300w\" sizes=\"auto, (max-width: 200px) 100vw, 200px\" \/><\/a><\/p>\n<p>Escriptor i assagista. Llicenciat en dret el 1947 a la Universitat de Val\u00e8ncia, el 1985 es doctor\u00e0 en filologia catalana. L\u0092any 1944 public\u00e0 el primer article en catal\u00e0 <i>\u0093Vint-i-cinc anys de poesia valenciana\u0094<\/i>. Col\u00b7labor\u00e0 a la premsa de Val\u00e8ncia i Barcelona, i dirig\u00ed la revista \u0093Espill\u0094.<\/p>\n<p>El 1955 inici\u00e0, amb <i>El descr\u00e8dit de la realitat<\/i>, una brillant carrera d\u0092assagista, que inclou t\u00edtols com <i>Literatura catalana contempor\u00e0nia<\/i> (Premi de la Cr\u00edtica Serra d&#8217;Or 1973).<\/p>\n<p>La seva dedicaci\u00f3 als temes valencians culmin\u00e0 amb <i>Nosaltres els valencians<\/i> (Lletra d&#8217;Or 1963).<\/p>\n<p>\u00c9s autor tamb\u00e9 de nombrosos estudis i articles, alguns dels quals estan recollits a les seves <i>Obres completes<\/i>.<\/p>\n<p>Promotor i president d\u0092&#8217;Acci\u00f3 Cultural del Pa\u00eds Valenci\u00e0 (1978), fou guardonat tamb\u00e9 amb el Premi d\u0092&#8217;Honor de les Lletres Catalanes (1975) i la Medalla d&#8217;\u0092Or de la Generalitat de Catalunya (1983).<\/p>\n<p><i>[Font: IEC. Institut d&#8217;Estudis Catalans]<\/i><\/p>\n<p>Podeu veure el documental sobre la seva vida en el seg\u00fcent <a href=\"https:\/\/www.youtube.com\/watch?v=8iQ9Nl2N7C4\" target=\"_blank\" rel=\"noopener noreferrer\">enlla\u00e7<\/a>.<\/p>\n","protected":false},"excerpt":{"rendered":"<p>L\u2019Institut Dolors Aleu es va crear el 1995. S\u2019ubica al districte de Sant Andreu, concretament al barri de Navas.<br \/>\nEn els inicis, l\u2019edifici, propietat de \u201cLa Caixa\u201d, va estar regentat per una comunitat salesiana durant molts anys. De fet, al barri encara se\u2019l coneix com el&hellip;  <a href=\"https:\/\/agora.xtec.cat\/ins-dolors-aleu-barcelona\/linstitut\/historia\/\" title=\"Read Hist\u00f2ria\">Llegeix m\u00e9s\u00bb<\/a><\/p>\n","protected":false},"author":1,"featured_media":0,"parent":19,"menu_order":0,"comment_status":"closed","ping_status":"closed","template":"page-templates\/side-menu.php","meta":{"_bbp_topic_count":0,"_bbp_reply_count":0,"_bbp_total_topic_count":0,"_bbp_total_reply_count":0,"_bbp_voice_count":0,"_bbp_anonymous_reply_count":0,"_bbp_topic_count_hidden":0,"_bbp_reply_count_hidden":0,"_bbp_forum_subforum_count":0,"footnotes":""},"class_list":["post-27","page","type-page","status-publish","hentry"],"post_mailing_queue_ids":[],"_links":{"self":[{"href":"https:\/\/agora.xtec.cat\/ins-dolors-aleu-barcelona\/wp-json\/wp\/v2\/pages\/27","targetHints":{"allow":["GET"]}}],"collection":[{"href":"https:\/\/agora.xtec.cat\/ins-dolors-aleu-barcelona\/wp-json\/wp\/v2\/pages"}],"about":[{"href":"https:\/\/agora.xtec.cat\/ins-dolors-aleu-barcelona\/wp-json\/wp\/v2\/types\/page"}],"author":[{"embeddable":true,"href":"https:\/\/agora.xtec.cat\/ins-dolors-aleu-barcelona\/wp-json\/wp\/v2\/users\/1"}],"replies":[{"embeddable":true,"href":"https:\/\/agora.xtec.cat\/ins-dolors-aleu-barcelona\/wp-json\/wp\/v2\/comments?post=27"}],"version-history":[{"count":6,"href":"https:\/\/agora.xtec.cat\/ins-dolors-aleu-barcelona\/wp-json\/wp\/v2\/pages\/27\/revisions"}],"predecessor-version":[{"id":13170,"href":"https:\/\/agora.xtec.cat\/ins-dolors-aleu-barcelona\/wp-json\/wp\/v2\/pages\/27\/revisions\/13170"}],"up":[{"embeddable":true,"href":"https:\/\/agora.xtec.cat\/ins-dolors-aleu-barcelona\/wp-json\/wp\/v2\/pages\/19"}],"wp:attachment":[{"href":"https:\/\/agora.xtec.cat\/ins-dolors-aleu-barcelona\/wp-json\/wp\/v2\/media?parent=27"}],"curies":[{"name":"wp","href":"https:\/\/api.w.org\/{rel}","templated":true}]}}