{"id":14536,"date":"2025-09-18T12:03:58","date_gmt":"2025-09-18T10:03:58","guid":{"rendered":"https:\/\/agora.xtec.cat\/ins-dolors-aleu-barcelona\/?page_id=14536"},"modified":"2025-09-18T12:07:52","modified_gmt":"2025-09-18T10:07:52","slug":"pla-de-xoc","status":"publish","type":"page","link":"https:\/\/agora.xtec.cat\/ins-dolors-aleu-barcelona\/families\/beques\/pla-de-xoc\/","title":{"rendered":"Pla de Xoc"},"content":{"rendered":"<p>Us informem que ja est\u00e0 disponible el nou enlla\u00e7 per sol\u00b7licitar l&#8217;ajut del <strong>Pla de Xoc<\/strong> atorgat pel <strong>Consorci d&#8217;Educaci\u00f3 de Barcelona<\/strong>. Podeu accedir-hi a trav\u00e9s del seg\u00fcent enlla\u00e7: <a href=\"https:\/\/www.edubcn.cat\/ca\/alumnat_i_familia\/ajuts_beques_i_subvencions\/sol_licitud_nee_b\">https:\/\/www.edubcn.cat\/ca\/alumnat_i_familia\/ajuts_beques_i_subvencions\/sol_licitud_nee_b<\/a><\/p>\n","protected":false},"excerpt":{"rendered":"<p>Us informem que ja est\u00e0 disponible el nou enlla\u00e7 per sol\u00b7licitar l&#8217;ajut del Pla de Xoc atorgat pel Consorci d&#8217;Educaci\u00f3 de Barcelona. Podeu accedir-hi a trav\u00e9s del seg\u00fcent enlla\u00e7: <a href=\"https:\/\/www.edubcn.cat\/ca\/alumnat_i_familia\/ajuts_beques_i_subvencions\/sol_licitud_nee_b\">https:\/\/www.edubcn.cat\/ca\/alumnat_i_familia\/ajuts_beques_i_subvencions\/sol_licitud_nee_b<\/a><\/p>\n","protected":false},"author":1,"featured_media":0,"parent":4732,"menu_order":0,"comment_status":"closed","ping_status":"closed","template":"","meta":{"_bbp_topic_count":0,"_bbp_reply_count":0,"_bbp_total_topic_count":0,"_bbp_total_reply_count":0,"_bbp_voice_count":0,"_bbp_anonymous_reply_count":0,"_bbp_topic_count_hidden":0,"_bbp_reply_count_hidden":0,"_bbp_forum_subforum_count":0,"footnotes":""},"class_list":["post-14536","page","type-page","status-publish","hentry"],"post_mailing_queue_ids":[],"_links":{"self":[{"href":"https:\/\/agora.xtec.cat\/ins-dolors-aleu-barcelona\/wp-json\/wp\/v2\/pages\/14536","targetHints":{"allow":["GET"]}}],"collection":[{"href":"https:\/\/agora.xtec.cat\/ins-dolors-aleu-barcelona\/wp-json\/wp\/v2\/pages"}],"about":[{"href":"https:\/\/agora.xtec.cat\/ins-dolors-aleu-barcelona\/wp-json\/wp\/v2\/types\/page"}],"author":[{"embeddable":true,"href":"https:\/\/agora.xtec.cat\/ins-dolors-aleu-barcelona\/wp-json\/wp\/v2\/users\/1"}],"replies":[{"embeddable":true,"href":"https:\/\/agora.xtec.cat\/ins-dolors-aleu-barcelona\/wp-json\/wp\/v2\/comments?post=14536"}],"version-history":[{"count":2,"href":"https:\/\/agora.xtec.cat\/ins-dolors-aleu-barcelona\/wp-json\/wp\/v2\/pages\/14536\/revisions"}],"predecessor-version":[{"id":14540,"href":"https:\/\/agora.xtec.cat\/ins-dolors-aleu-barcelona\/wp-json\/wp\/v2\/pages\/14536\/revisions\/14540"}],"up":[{"embeddable":true,"href":"https:\/\/agora.xtec.cat\/ins-dolors-aleu-barcelona\/wp-json\/wp\/v2\/pages\/4732"}],"wp:attachment":[{"href":"https:\/\/agora.xtec.cat\/ins-dolors-aleu-barcelona\/wp-json\/wp\/v2\/media?parent=14536"}],"curies":[{"name":"wp","href":"https:\/\/api.w.org\/{rel}","templated":true}]}}