{"id":773,"date":"2022-03-05T16:59:23","date_gmt":"2022-03-05T15:59:23","guid":{"rendered":"https:\/\/agora.xtec.cat\/ilb\/?page_id=773"},"modified":"2026-05-14T18:01:10","modified_gmt":"2026-05-14T16:01:10","slug":"programes-de-formacio-i-insercio-pfi","status":"publish","type":"page","link":"https:\/\/agora.xtec.cat\/ilb\/estudis\/programes-de-formacio-i-insercio-pfi\/","title":{"rendered":"Auxiliar de comercialitzaci\u00f3 de log\u00edstica i productes (PFI)"},"content":{"rendered":"<p>&nbsp;<\/p>\n<p><img loading=\"lazy\" decoding=\"async\" class=\"aligncenter wp-image-5019\" src=\"https:\/\/agora.xtec.cat\/ilb\/wp-content\/uploads\/usu2296\/2026\/05\/PFI_magatzem_arrodonida.png\" alt=\"Espai de magatzem i log\u00edstica relacionat amb activitats auxiliars de comer\u00e7 i magatzem.\" width=\"945\" height=\"630\" srcset=\"https:\/\/agora.xtec.cat\/ilb\/wp-content\/uploads\/usu2296\/2026\/05\/PFI_magatzem_arrodonida.png 1024w, https:\/\/agora.xtec.cat\/ilb\/wp-content\/uploads\/usu2296\/2026\/05\/PFI_magatzem_arrodonida-300x200.png 300w, https:\/\/agora.xtec.cat\/ilb\/wp-content\/uploads\/usu2296\/2026\/05\/PFI_magatzem_arrodonida-768x512.png 768w\" sizes=\"auto, (max-width: 945px) 100vw, 945px\" \/><\/p>\n<hr \/>\n<h1 data-section-id=\"1yywd0r\" data-start=\"749\" data-end=\"773\">Programa de Formaci\u00f3 i Inserci\u00f3 (PFI)<\/h1>\n<hr \/>\n<h3 data-section-id=\"1yywd0r\" data-start=\"749\" data-end=\"773\">\ud83d\udccc Informaci\u00f3 general<\/h3>\n<ul data-start=\"775\" data-end=\"989\">\n<li data-section-id=\"1tac2xv\" data-start=\"775\" data-end=\"811\"><strong data-start=\"777\" data-end=\"789\">Fam\u00edlia:<\/strong> Comer\u00e7 i m\u00e0rqueting<\/li>\n<li data-section-id=\"1ailgey\" data-start=\"812\" data-end=\"839\"><strong>Perfil professional<\/strong>: Auxiliar de comercialitzaci\u00f3 de log\u00edstica i productes<\/li>\n<li data-section-id=\"1ailgey\" data-start=\"812\" data-end=\"839\"><strong>Codi del perfil<\/strong>: CM03<\/li>\n<li data-section-id=\"1ailgey\" data-start=\"812\" data-end=\"839\"><strong data-start=\"814\" data-end=\"825\">Durada:<\/strong> 1.000 hores<\/li>\n<li data-section-id=\"5j8q7v\" data-start=\"840\" data-end=\"874\"><strong data-start=\"842\" data-end=\"853\">Cursos:<\/strong> 1 curs acad\u00e8mic<\/li>\n<li data-section-id=\"aaafuw\" data-start=\"875\" data-end=\"895\"><strong data-start=\"877\" data-end=\"888\">Horari:<\/strong> matins de 9 h a 13.30 h i dues tardes de 15 h a 18 h.<\/li>\n<li data-section-id=\"njztev\" data-start=\"896\" data-end=\"952\"><strong data-start=\"898\" data-end=\"914\">Preu:<\/strong> matr\u00edcula gratu\u00efta<\/li>\n<\/ul>\n<hr \/>\n<h3>\ud83d\udcdd Descripci\u00f3<\/h3>\n<p style=\"padding-left: 40px;\"><span style=\"font-weight: 400;\"><br \/>\nEs tracta d\u2019un programa educatiu que s\u2019organitza entorn d&#8217;una doble finalitat formativa i professionalitzadora, en aquest cas en el m\u00f3n del Comer\u00e7, la log\u00edstica i la distribuci\u00f3.\u00a0 Els seus objectius s\u00f3n fonamentalment dos:<\/span><\/p>\n<ul>\n<li style=\"list-style-type: none;\">\n<ul>\n<li style=\"list-style-type: none;\">\n<ul>\n<li><span style=\"font-weight: 400;\">Obtenir una formaci\u00f3 b\u00e0sica per poder accedir al mercat laboral.<\/span><\/li>\n<li><span style=\"font-weight: 400;\">Retornar al sistema educatiu reglat, proporcionant als nois i a les noies la possibilitat d\u2019incorporar-se de nou al sistema educatiu per continuar els estudis de cicles formatius.<\/span><\/li>\n<\/ul>\n<\/li>\n<\/ul>\n<\/li>\n<\/ul>\n<p style=\"padding-left: 40px;\"><a href=\"https:\/\/agora.xtec.cat\/ilb\/wp-content\/uploads\/usu2296\/2023\/03\/PFI-Diptic-def-ILB-20232024-1.pdf\" target=\"_blank\" rel=\"noopener\"><span style=\"font-weight: 400;\">Descarrega\u00b4t el <\/span><span style=\"font-weight: 400;\">d\u00edptic informatiu<\/span> <b>del PFI d&#8217;Auxiliar de\u00a0Comercialitzaci\u00f3 de Log\u00edstica i Productes a l&#8217;ILB<\/b><\/a><b><\/b><\/p>\n<hr \/>\n<h3>\u2705 Qui pot accedir?<\/h3>\n<p style=\"padding-left: 40px;\"><span style=\"font-weight: 400;\"><br \/>\nPersones que:<\/span><\/p>\n<ul>\n<li style=\"list-style-type: none;\">\n<ul>\n<li style=\"list-style-type: none;\">\n<ul>\n<li style=\"font-weight: 400;\" aria-level=\"1\"><span style=\"font-weight: 400;\">No han obtingut el t\u00edtol de graduat en ESO (GESO).<\/span><\/li>\n<li style=\"font-weight: 400;\" aria-level=\"1\"><span style=\"font-weight: 400;\">Tenen com a m\u00ednim 16 anys i com a m\u00e0xim 21 anys, l\u2019any d\u2019inici del programa.<\/span><\/li>\n<li style=\"font-weight: 400;\" aria-level=\"1\"><span style=\"font-weight: 400;\">En el moment d\u2019iniciar aquest programa no segueixin estudis en el sistema educatiu reglat aix\u00ed com tampoc participin en altres accions de formaci\u00f3.<\/span><\/li>\n<\/ul>\n<\/li>\n<\/ul>\n<\/li>\n<\/ul>\n<hr \/>\n<h3>\ud83d\udcda <strong>Pla d\u2019estudis<\/strong><\/h3>\n<p><span style=\"font-weight: 400;\"><br \/>\nEl PFI s\u2019estructura en m\u00f2duls generals, m\u00f2duls professionals i accions de seguiment i orientaci\u00f3 de l\u2019alumne\/a.<\/span><b><\/b><\/p>\n<table style=\"width: 71.9297%; height: 807px;\">\n<tbody>\n<tr style=\"height: 33px; background-color: #67b6da;\">\n<td style=\"height: 32px; width: 81.8719%;\" colspan=\"2\"><b>I. M\u00f2duls formaci\u00f3 professional<\/b><\/td>\n<\/tr>\n<tr style=\"height: 57px;\">\n<td style=\"height: 57px; width: 67.4282%;\"><span style=\"font-weight: 400;\">T\u00e8cniques b\u00e0siques de comercialitzaci\u00f3<\/span><\/td>\n<td style=\"height: 57px; width: 14.4437%;\">\n<p style=\"text-align: right;\"><span style=\"font-weight: 400;\">297 hores*<\/span><\/p>\n<\/td>\n<\/tr>\n<tr style=\"height: 57px;\">\n<td style=\"height: 57px; width: 67.4282%;\"><span style=\"font-weight: 400;\">Preparaci\u00f3 de comandes<\/span><\/td>\n<td style=\"height: 57px; width: 14.4437%;\">\n<p style=\"text-align: right;\"><span style=\"font-weight: 400;\">88 hores*<\/span><\/p>\n<\/td>\n<\/tr>\n<tr style=\"height: 57px;\">\n<td style=\"height: 57px; width: 67.4282%;\"><span style=\"font-weight: 400;\">Lliurament i recollida d&#8217;enviaments de productes a domicili<\/span><\/td>\n<td style=\"height: 57px; width: 14.4437%;\">\n<p style=\"text-align: right;\"><span style=\"font-weight: 400;\">120 hores*<\/span><\/p>\n<\/td>\n<\/tr>\n<tr style=\"height: 57px;\">\n<td style=\"height: 57px; width: 67.4282%;\"><span style=\"font-weight: 400;\">Operacions de cobrament en el servei de lliurament i recollida a domicili<\/span><\/td>\n<td style=\"height: 57px; width: 14.4437%;\">\n<p style=\"text-align: right;\"><span style=\"font-weight: 400;\">90 hores*<\/span><\/p>\n<\/td>\n<\/tr>\n<tr style=\"height: 57px;\">\n<td style=\"height: 57px; width: 67.4282%;\"><span style=\"font-weight: 400;\">Projecte<\/span><\/td>\n<td style=\"height: 57px; width: 14.4437%;\">\n<p style=\"text-align: right;\"><span style=\"font-weight: 400;\">25 hores*<\/span><\/p>\n<\/td>\n<\/tr>\n<tr style=\"height: 57px;\">\n<td style=\"height: 57px; width: 67.4282%;\"><span style=\"font-weight: 400;\">M\u00f2dul de prevenci\u00f3 de riscos laborals<\/span><\/td>\n<td style=\"height: 57px; width: 14.4437%;\">\n<p style=\"text-align: right;\">30 hores*<\/p>\n<\/td>\n<\/tr>\n<tr style=\"height: 58px;\">\n<td style=\"height: 58px; width: 67.4282%;\"><em><span style=\"font-weight: 400;\">(*) Inclouen 200 hores d&#8217;Estada a l&#8217;Empresa<\/span><\/em><\/td>\n<td style=\"height: 58px; width: 14.4437%;\">\n<p style=\"text-align: right;\"><b>650 hores<\/b><\/p>\n<\/td>\n<\/tr>\n<tr style=\"height: 33px; background-color: #67b6da;\">\n<td style=\"height: 32px; width: 81.8719%;\" colspan=\"2\"><b>II. M\u00f2duls formaci\u00f3 general<\/b><\/td>\n<\/tr>\n<tr style=\"height: 57px;\">\n<td style=\"height: 57px; width: 67.4282%;\"><span style=\"font-weight: 400;\">Estrat\u00e8gies i t\u00e8cniques de comunicaci\u00f3<\/span><\/td>\n<td style=\"height: 57px; width: 14.4437%;\">\n<p style=\"text-align: right;\"><span style=\"font-weight: 400;\">110 hores<\/span><\/p>\n<\/td>\n<\/tr>\n<tr style=\"height: 57px;\">\n<td style=\"height: 57px; width: 67.4282%;\"><span style=\"font-weight: 400;\">Entorn social i territorial<\/span><\/td>\n<td style=\"height: 57px; width: 14.4437%;\">\n<p style=\"text-align: right;\"><span style=\"font-weight: 400;\">45 hores<\/span><\/p>\n<\/td>\n<\/tr>\n<tr style=\"height: 57px;\">\n<td style=\"height: 57px; width: 67.4282%;\"><span style=\"font-weight: 400;\">Estrat\u00e8gies i eines matem\u00e0tiques<\/span><\/td>\n<td style=\"height: 57px; width: 14.4437%;\">\n<p style=\"text-align: right;\"><span style=\"font-weight: 400;\">110 hores<\/span><\/p>\n<\/td>\n<\/tr>\n<tr style=\"height: 57px;\">\n<td style=\"height: 57px; width: 67.4282%;\"><span style=\"font-weight: 400;\">Incorporaci\u00f3 al m\u00f3n professional<\/span><\/td>\n<td style=\"height: 57px; width: 14.4437%;\">\n<p style=\"text-align: right;\"><span style=\"font-weight: 400;\">50 hores<\/span><\/p>\n<\/td>\n<\/tr>\n<tr style=\"height: 58px;\">\n<td style=\"height: 58px; width: 67.4282%;\">Tutoria<\/td>\n<td style=\"height: 58px; width: 14.4437%;\">\n<p style=\"text-align: right;\">35 hores<\/p>\n<\/td>\n<\/tr>\n<tr style=\"height: 57px;\">\n<td style=\"height: 57px; width: 67.4282%;\"><\/td>\n<td style=\"height: 57px; width: 14.4437%;\">\n<p style=\"text-align: right;\"><strong>350 hores<\/strong><\/p>\n<\/td>\n<\/tr>\n<tr style=\"height: 33px; background-color: #67b6da;\">\n<td style=\"width: 67.4282%;\"><em><strong>TOTAL d&#8217;hores AUXILIAR DE COMERCIALITZACI\u00d3 DE LOG\u00cdSTICA I PRODUCTES<\/strong><\/em><\/td>\n<td style=\"width: 14.4437%;\">\n<p style=\"text-align: right;\"><strong>1000 hores<\/strong><\/p>\n<\/td>\n<\/tr>\n<\/tbody>\n<\/table>\n<hr \/>\n<h3>\ud83c\udf1f Per qu\u00e8 estudiar a l&#8217;Institut de Log\u00edstica de Barcelona?<\/h3>\n<ul>\n<li style=\"list-style-type: none;\">\n<ul>\n<li aria-level=\"1\"><span style=\"font-size: 16px; font-weight: 400;\">Perqu\u00e8 far\u00e0s les pr\u00e0ctiques en empreses molt conegudes i amb un gran provenir.<\/span><\/li>\n<li style=\"font-weight: 400;\" aria-level=\"1\"><span style=\"font-weight: 400;\">Perqu\u00e8 et trobar\u00e0s en un entorn acollidor, amb noves tecnologies incorporades a l\u2019aula.<\/span><\/li>\n<li style=\"font-weight: 400;\" aria-level=\"1\"><span style=\"font-weight: 400;\">Perqu\u00e8 el professorat est\u00e0 permanentment actualitzat en les \u00faltimes tend\u00e8ncies en els \u00e0mbits del Comer\u00e7, la Log\u00edstica i la distribuci\u00f3.<\/span><\/li>\n<li style=\"font-weight: 400;\" aria-level=\"1\"><span style=\"font-weight: 400;\">Perqu\u00e8 fem moltes sortides escolars i visitem moltes empreses al llarg del curs.<\/span><\/li>\n<li style=\"font-weight: 400;\" aria-level=\"1\"><span style=\"font-weight: 400;\">Perqu\u00e8 \u00e9s un sector amb constant creixement que ocupa cada dia a m\u00e9s gent.\u00a0<\/span><\/li>\n<\/ul>\n<\/li>\n<\/ul>\n<hr \/>\n<h3><strong>\ud83d\udccb Tr\u00e0mits<\/strong><\/h3>\n<p style=\"padding-left: 40px;\"><span style=\"font-weight: 400;\">Per poder cursar un PFI organitzat pel <\/span><a href=\"https:\/\/www.edubcn.cat\/ca\/alumnat_i_familia\/etapes_educatives_i_ensenyaments\/programes_de_formacio_i_insercio\"><span style=\"font-weight: 400;\">Consorci d\u2019Educaci\u00f3 de Barcelona<\/span><\/a><span style=\"font-weight: 400;\">, cal fer la preinscripci\u00f3 i matr\u00edcula segons les directrius d&#8217;aquest.<\/span><\/p>\n<p style=\"padding-left: 40px;\"><strong><span style=\"text-decoration: underline;\">Calendari de preinscripci\u00f3<\/span>:<\/strong><\/p>\n<p style=\"padding-left: 80px;\">Podeu consultar el calendari de preinscripci\u00f3 per al curs 2026-2027 en aquest <a href=\"https:\/\/preinscripcio.gencat.cat\/ca\/estudis\/pfi\/inici\/index.html\">enlla\u00e7<\/a>.<\/p>\n<p style=\"padding-left: 40px;\"><strong><span style=\"text-decoration: underline;\">Informaci\u00f3 i contacte<\/span>:<\/strong><\/p>\n<p style=\"padding-left: 80px;\">Per a m\u00e9s informaci\u00f3 sobre el PFI al nostre centre podeu escriure a:\u00a0<a href=\"mailto:pfi@ilb.cat\">pfi@ilb.cat<\/a> o posar-vos en contacte al tel\u00e8fon 93 118 12 88<\/p>\n<p>&nbsp;<\/p>\n<p style=\"text-align: right;\"><em><span style=\"color: #0000ff;\"><strong>Rumb al teu futur<\/strong><\/span><\/em><\/p>\n<p style=\"text-align: right;\"><em><span style=\"color: #0000ff;\"><strong>ILB \u2013 connected to change<\/strong><\/span><\/em><\/p>\n","protected":false},"excerpt":{"rendered":"<p>&nbsp; Programa de Formaci\u00f3 i Inserci\u00f3 (PFI) \ud83d\udccc Informaci\u00f3 general Fam\u00edlia: Comer\u00e7 i m\u00e0rqueting Perfil professional: Auxiliar de comercialitzaci\u00f3 de log\u00edstica i productes Codi del perfil: CM03 Durada: 1.000 hores Cursos: 1 curs acad\u00e8mic Horari: matins de 9 h a 13.30 h i dues tardes de 15 h a 18 h. Preu: matr\u00edcula gratu\u00efta \ud83d\udcdd [&hellip;]<\/p>\n","protected":false},"author":1,"featured_media":0,"parent":195,"menu_order":0,"comment_status":"closed","ping_status":"closed","template":"","meta":{"_bbp_topic_count":0,"_bbp_reply_count":0,"_bbp_total_topic_count":0,"_bbp_total_reply_count":0,"_bbp_voice_count":0,"_bbp_anonymous_reply_count":0,"_bbp_topic_count_hidden":0,"_bbp_reply_count_hidden":0,"_bbp_forum_subforum_count":0,"site-sidebar-layout":"default","site-content-layout":"","ast-site-content-layout":"full-width-container","site-content-style":"default","site-sidebar-style":"default","ast-global-header-display":"","ast-banner-title-visibility":"","ast-main-header-display":"","ast-hfb-above-header-display":"","ast-hfb-below-header-display":"","ast-hfb-mobile-header-display":"","site-post-title":"","ast-breadcrumbs-content":"","ast-featured-img":"","footer-sml-layout":"","theme-transparent-header-meta":"default","adv-header-id-meta":"","stick-header-meta":"","header-above-stick-meta":"","header-main-stick-meta":"","header-below-stick-meta":"","astra-migrate-meta-layouts":"set","ast-page-background-enabled":"default","ast-page-background-meta":{"desktop":{"background-color":"var(--ast-global-color-4)","background-image":"","background-repeat":"repeat","background-position":"center center","background-size":"auto","background-attachment":"scroll","background-type":"","background-media":"","overlay-type":"","overlay-color":"","overlay-opacity":"","overlay-gradient":""},"tablet":{"background-color":"","background-image":"","background-repeat":"repeat","background-position":"center center","background-size":"auto","background-attachment":"scroll","background-type":"","background-media":"","overlay-type":"","overlay-color":"","overlay-opacity":"","overlay-gradient":""},"mobile":{"background-color":"","background-image":"","background-repeat":"repeat","background-position":"center center","background-size":"auto","background-attachment":"scroll","background-type":"","background-media":"","overlay-type":"","overlay-color":"","overlay-opacity":"","overlay-gradient":""}},"ast-content-background-meta":{"desktop":{"background-color":"var(--ast-global-color-5)","background-image":"","background-repeat":"repeat","background-position":"center center","background-size":"auto","background-attachment":"scroll","background-type":"","background-media":"","overlay-type":"","overlay-color":"","overlay-opacity":"","overlay-gradient":""},"tablet":{"background-color":"var(--ast-global-color-5)","background-image":"","background-repeat":"repeat","background-position":"center center","background-size":"auto","background-attachment":"scroll","background-type":"","background-media":"","overlay-type":"","overlay-color":"","overlay-opacity":"","overlay-gradient":""},"mobile":{"background-color":"var(--ast-global-color-5)","background-image":"","background-repeat":"repeat","background-position":"center center","background-size":"auto","background-attachment":"scroll","background-type":"","background-media":"","overlay-type":"","overlay-color":"","overlay-opacity":"","overlay-gradient":""}},"footnotes":""},"class_list":["post-773","page","type-page","status-publish","hentry"],"post_mailing_queue_ids":[],"_links":{"self":[{"href":"https:\/\/agora.xtec.cat\/ilb\/wp-json\/wp\/v2\/pages\/773","targetHints":{"allow":["GET"]}}],"collection":[{"href":"https:\/\/agora.xtec.cat\/ilb\/wp-json\/wp\/v2\/pages"}],"about":[{"href":"https:\/\/agora.xtec.cat\/ilb\/wp-json\/wp\/v2\/types\/page"}],"author":[{"embeddable":true,"href":"https:\/\/agora.xtec.cat\/ilb\/wp-json\/wp\/v2\/users\/1"}],"replies":[{"embeddable":true,"href":"https:\/\/agora.xtec.cat\/ilb\/wp-json\/wp\/v2\/comments?post=773"}],"version-history":[{"count":7,"href":"https:\/\/agora.xtec.cat\/ilb\/wp-json\/wp\/v2\/pages\/773\/revisions"}],"predecessor-version":[{"id":5027,"href":"https:\/\/agora.xtec.cat\/ilb\/wp-json\/wp\/v2\/pages\/773\/revisions\/5027"}],"up":[{"embeddable":true,"href":"https:\/\/agora.xtec.cat\/ilb\/wp-json\/wp\/v2\/pages\/195"}],"wp:attachment":[{"href":"https:\/\/agora.xtec.cat\/ilb\/wp-json\/wp\/v2\/media?parent=773"}],"curies":[{"name":"wp","href":"https:\/\/api.w.org\/{rel}","templated":true}]}}