{"id":769,"date":"2022-03-05T16:59:23","date_gmt":"2022-03-05T15:59:23","guid":{"rendered":"https:\/\/agora.xtec.cat\/ilb\/?page_id=769"},"modified":"2025-12-17T16:50:06","modified_gmt":"2025-12-17T15:50:06","slug":"cfgm-gestio-administrativa","status":"publish","type":"page","link":"https:\/\/agora.xtec.cat\/ilb\/cicles-formatius-de-grau-mitja-2\/cfgm-gestio-administrativa\/","title":{"rendered":"CFGM Gesti\u00f3 Administrativa"},"content":{"rendered":"<p><a href=\"https:\/\/agora.xtec.cat\/ilb\/wp-content\/uploads\/usu2296\/2022\/03\/Foto_11_oficina.jpg\"><img loading=\"lazy\" decoding=\"async\" class=\"alignnone size-large wp-image-812\" src=\"https:\/\/agora.xtec.cat\/ilb\/wp-content\/uploads\/usu2296\/2022\/03\/Foto_11_oficina-1024x617.jpg\" alt=\"\" width=\"1024\" height=\"617\" srcset=\"https:\/\/agora.xtec.cat\/ilb\/wp-content\/uploads\/usu2296\/2022\/03\/Foto_11_oficina-1024x617.jpg 1024w, https:\/\/agora.xtec.cat\/ilb\/wp-content\/uploads\/usu2296\/2022\/03\/Foto_11_oficina-300x181.jpg 300w, https:\/\/agora.xtec.cat\/ilb\/wp-content\/uploads\/usu2296\/2022\/03\/Foto_11_oficina-768x462.jpg 768w, https:\/\/agora.xtec.cat\/ilb\/wp-content\/uploads\/usu2296\/2022\/03\/Foto_11_oficina-1536x925.jpg 1536w, https:\/\/agora.xtec.cat\/ilb\/wp-content\/uploads\/usu2296\/2022\/03\/Foto_11_oficina.jpg 1920w\" sizes=\"auto, (max-width: 1024px) 100vw, 1024px\" \/><\/a><\/p>\n<p><b>T\u00e8cnic\/a en gesti\u00f3 administrativa, perfil professional log\u00edstica<\/b><\/p>\n<p><b><i>Cicle formatiu de grau mitj\u00e0<\/i><\/b><\/p>\n<p><b>FAM\u00cdLIA: <\/b><span style=\"font-weight: 400;\">administraci\u00f3 i gesti\u00f3<\/span> <span style=\"font-weight: 400;\"> \u00a0 <strong>DURADA<\/strong>: 2000 hores<\/span><span style=\"font-family: inherit; font-size: 1em;\">\u00a0 (en el centre i l\u2019empresa)<\/span><\/p>\n<p><b>N\u00daM. DE CURSOS:<\/b><span style=\"font-weight: 400;\"> 2 cursos<\/span><\/p>\n<p><b>METODOLOGIA:<\/b><span style=\"font-weight: 400;\"> metodologies actives d\u2019aprenentatge<\/span><\/p>\n<p><b>HORARI: <\/b>Mat\u00ed (Primer curs) &#8211; Tarda (Segon curs)<\/p>\n<p><b>PREU EN CONCEPTE DE MATERIAL: <\/b>80 euros de material (pagament \u00fanic a principi de curs, no hi ha quota mensual)<\/p>\n<p dir=\"ltr\"><strong>MODALITATS MATR\u00cdCULA:<\/strong><\/p>\n<p dir=\"ltr\">Es pot fer la matr\u00edcula del cicle complet o b\u00e9 matricular-se de m\u00f2duls solts o unitats formatives soltes. Tamb\u00e9 es pot realitzar matr\u00edcula en <a href=\"https:\/\/triaeducativa.gencat.cat\/ca\/fp\/cataleg-serveis\/matricula-semipresencial\/\">modalitat semipresencial<\/a> per tal de facilitar l\u2019assist\u00e8ncia a les persones que no poden assistir presencialment a totes les hores lectives (per feina, per tenir cura d&#8217;altres persones o per qualsevol altra circumst\u00e0ncia excepcional). La incompatibilitat amb l&#8217;horari lectiu s&#8217;ha d&#8217;acreditar documentalment.<\/p>\n<p dir=\"ltr\">Per a m\u00e9s informaci\u00f3 consulteu el <a href=\"https:\/\/xtec.gencat.cat\/ca\/curriculum\/professionals\/fp\/comcursar\/\">web del Departament d\u2019Educaci\u00f3<\/a>.<\/p>\n<p><b>CONDICIONS D\u2019ACC\u00c9S:<\/b><\/p>\n<ul>\n<li style=\"list-style-type: none;\">\n<ul>\n<li style=\"font-weight: 400;\" aria-level=\"1\"><span style=\"font-weight: 400;\">tenir el t\u00edtol de graduat en educaci\u00f3 secund\u00e0ria obligat\u00f2ria,<\/span><\/li>\n<li style=\"font-weight: 400;\" aria-level=\"1\"><span style=\"font-weight: 400;\">tenir el t\u00edtol de t\u00e8cnic o de t\u00e8cnic auxiliar,<\/span><\/li>\n<li style=\"font-weight: 400;\" aria-level=\"1\"><span style=\"font-weight: 400;\">haver superat el curs espec\u00edfic per a l&#8217;acc\u00e9s als cicles formatius de grau mitj\u00e0 (CAM),<\/span><\/li>\n<li style=\"font-weight: 400;\" aria-level=\"1\"><span style=\"font-weight: 400;\">haver superat el segon curs del batxillerat unificat i polivalent (BUP),<\/span><\/li>\n<li style=\"font-weight: 400;\" aria-level=\"1\"><span style=\"font-weight: 400;\">tenir altres estudis equivalents a efectes acad\u00e8mics,<\/span><\/li>\n<li style=\"font-weight: 400;\" aria-level=\"1\"><span style=\"font-weight: 400;\">haver superat els m\u00f2duls obligatoris d&#8217;un programa de qualificaci\u00f3 professional inicial (PQPI),<\/span><\/li>\n<li style=\"font-weight: 400;\" aria-level=\"1\"><span style=\"font-weight: 400;\">haver superat la prova d&#8217;acc\u00e9s a la universitat per a majors de 25 anys, o de 45 anys, o haver accedit a la universitat per haver acreditat experi\u00e8ncia laboral o professional tenint complerts 40 anys d&#8217;edat,<\/span><\/li>\n<li style=\"font-weight: 400;\" aria-level=\"1\"><span style=\"font-weight: 400;\">tenir un t\u00edtol per accedir a un cicle formatiu de grau superior.\u00a0<\/span><\/li>\n<\/ul>\n<\/li>\n<\/ul>\n<p><span style=\"font-weight: 400;\">Les persones que no compleixen cap dels requisits esmentats han de superar una <\/span><a href=\"https:\/\/educacio.gencat.cat\/ca\/serveis-tramits\/proves\/proves-acces\/gm-fp\/\"><span style=\"font-weight: 400;\">prova d&#8217;acc\u00e9s<\/span><\/a><span style=\"font-weight: 400;\">. Per presentar-s&#8217;hi han de tenir, com a m\u00ednim, 17 anys l&#8217;any en qu\u00e8 es fa la prova.<\/span><\/p>\n<p><b>PLA D\u2019ESTUDIS:<\/b><\/p>\n<table style=\"width: 58.2419%; height: 462px;\">\n<tbody>\n<tr style=\"height: 33px;\">\n<td style=\"width: 111.188%; height: 33px;\" colspan=\"2\"><b>Curs 1r<em> (Curr\u00edculum nou)<\/em><\/b><\/td>\n<\/tr>\n<tr style=\"height: 33px;\">\n<td style=\"width: 83.2493%; height: 33px;\"><b>M\u00f2duls professionals<\/b><\/td>\n<td style=\"width: 27.9383%; height: 33px;\"><b><i>Hores totals<\/i><\/b><\/td>\n<\/tr>\n<tr style=\"height: 33px;\">\n<td style=\"width: 83.2493%; height: 33px;\"><b>0437 Comunicaci\u00f3 empresarial i atenci\u00f3 al client<\/b><\/td>\n<td style=\"width: 27.9383%; text-align: center; height: 33px;\"><b>99<\/b><\/td>\n<\/tr>\n<tr style=\"height: 33px;\">\n<td style=\"width: 83.2493%; height: 33px;\"><b>0438 Operacions administratives de compravenda<\/b><\/td>\n<td style=\"width: 27.9383%; text-align: center; height: 33px;\"><b>99<\/b><\/td>\n<\/tr>\n<tr style=\"height: 33px;\">\n<td style=\"width: 83.2493%; height: 33px;\"><b>0440 Tractament inform\u00e0tic de la informaci\u00f3 <\/b><\/td>\n<td style=\"width: 27.9383%; text-align: center; height: 33px;\"><b>165<\/b><\/td>\n<\/tr>\n<tr style=\"height: 33px;\">\n<td style=\"width: 83.2493%; height: 33px;\"><b>0441 T\u00e8cnica comptable<\/b><\/td>\n<td style=\"width: 27.9383%; text-align: center; height: 33px;\"><b>99<\/b><\/td>\n<\/tr>\n<tr style=\"height: 33px;\">\n<td style=\"width: 83.2493%; height: 33px;\"><b>0448 Operacions auxiliars de gesti\u00f3 de tresoreria<\/b><\/td>\n<td style=\"width: 27.9383%; text-align: center; height: 33px;\"><b>99<\/b><\/td>\n<\/tr>\n<tr style=\"height: 33px;\">\n<td style=\"width: 83.2493%; height: 33px;\"><b>C056 Catal\u00e0 Professional<\/b><\/td>\n<td style=\"width: 27.9383%; text-align: center; height: 33px;\"><b>66<\/b><\/td>\n<\/tr>\n<tr style=\"height: 33px;\">\n<td style=\"width: 83.2493%; height: 33px;\"><strong>1664 Digitalitzaci\u00f3 aplicada als sectors productius<\/strong><\/td>\n<td style=\"width: 27.9383%; text-align: center; height: 33px;\"><b>33<\/b><\/td>\n<\/tr>\n<tr style=\"height: 33px;\">\n<td style=\"width: 83.2493%; height: 33px;\"><strong>1708 Sostenibilitat aplicada al sistema productiu<\/strong><\/td>\n<td style=\"width: 27.9383%; text-align: center; height: 33px;\"><b>33<\/b><\/td>\n<\/tr>\n<tr style=\"height: 33px;\">\n<td style=\"width: 83.2493%; height: 33px;\"><strong>1709 IPO I<\/strong><\/td>\n<td style=\"width: 27.9383%; text-align: center; height: 33px;\"><b>99<\/b><\/td>\n<\/tr>\n<tr style=\"height: 33px;\">\n<td style=\"width: 83.2493%; height: 33px;\"><b>Tutoria<\/b><\/td>\n<td style=\"width: 27.9383%; text-align: center; height: 33px;\"><b>33<\/b><\/td>\n<\/tr>\n<tr style=\"height: 33px;\">\n<td style=\"width: 83.2493%; height: 33px;\"><b>Total primer curs<\/b><\/td>\n<td style=\"width: 27.9383%; text-align: center; height: 33px;\"><b>825<\/b><\/td>\n<\/tr>\n<\/tbody>\n<\/table>\n<p>&nbsp;<\/p>\n<table>\n<tbody>\n<tr>\n<td colspan=\"4\"><b>Curs 2n <em>(Curr\u00edculum antic)<\/em><\/b><\/td>\n<\/tr>\n<tr>\n<td><b>M\u00f2duls professionals<\/b><\/td>\n<td><b><i>Hores m\u00ednimes<\/i><\/b><\/td>\n<td><b><i>HLD<\/i><\/b><\/td>\n<td><b><i>Hores totals<\/i><\/b><\/td>\n<\/tr>\n<tr>\n<td><b>MP3 Operacions administratives de recursos humans<\/b><\/td>\n<td><b>99<\/b><\/td>\n<td><b>\u00a0<\/b><\/td>\n<td><b>99<\/b><\/td>\n<\/tr>\n<tr>\n<td><b>MP6 Tractament de la documentaci\u00f3 comptable<\/b><\/td>\n<td><b>99<\/b><\/td>\n<td><b>33<\/b><\/td>\n<td><b>132<\/b><\/td>\n<\/tr>\n<tr>\n<td><b>MP7 Tractament inform\u00e0tic de la informaci\u00f3 UF4, UF5, UF6 (1)<\/b><\/td>\n<td><b>99<\/b><\/td>\n<td><b>\u00a0<\/b><\/td>\n<td><b>99<\/b><\/td>\n<\/tr>\n<tr>\n<td><b>MP9 Empresa i Administraci\u00f3<\/b><\/td>\n<td><b>132<\/b><\/td>\n<td><b>\u00a0<\/b><\/td>\n<td><b>132<\/b><\/td>\n<\/tr>\n<tr>\n<td><b>MP10 Empresa a l&#8217;aula<\/b><\/td>\n<td><b>264<\/b><\/td>\n<td><b>\u00a0<\/b><\/td>\n<td><b>264<\/b><\/td>\n<\/tr>\n<tr>\n<td><b>Total<\/b><\/td>\n<td><b>693<\/b><\/td>\n<td><b>33<\/b><\/td>\n<td><b>726<\/b><\/td>\n<\/tr>\n<tr>\n<td><b>Tutoria<\/b><\/td>\n<td><b>33<\/b><\/td>\n<td><b>\u00a0<\/b><\/td>\n<td><b>33<\/b><\/td>\n<\/tr>\n<tr>\n<td><b>Total segon curs<\/b><\/td>\n<td><b>726<\/b><\/td>\n<td><b>\u00a0<\/b><\/td>\n<td><b>759<\/b><\/td>\n<\/tr>\n<tr>\n<td><b>MP12. Formaci\u00f3 en centres de treball<\/b><\/td>\n<td><b>\u00a0<\/b><\/td>\n<td><b>\u00a0<\/b><\/td>\n<td><b>416<\/b><\/td>\n<\/tr>\n<\/tbody>\n<\/table>\n<p><b>POTS OPTAR PER:<\/b><\/p>\n<p><span style=\"font-weight: 400;\">Una formaci\u00f3 professional d\u2019excel\u00b7l\u00e8ncia i d\u2019un alt nivell de qualitat.<\/span><\/p>\n<p><b>QUINA SER\u00c0 LA MEVA FORMACI\u00d3?:<\/b><\/p>\n<p><span style=\"font-weight: 400;\">Aquest\/a professional tindr\u00e0 la capacitat de r<\/span><span style=\"font-weight: 400;\">ealitzar activitats de suport administratiu en l&#8217;\u00e0mbit laboral, comptable, comercial, financer i fiscal, aix\u00ed com d&#8217;atenci\u00f3 al client\/usuari, tant a empreses p\u00fabliques com a privades, aplicant la normativa vigent i protocols de qualitat, assegurant la satisfacci\u00f3 del client i actuant segons normes de prevenci\u00f3 de riscos laborals i protecci\u00f3 ambiental. Es formar\u00e0 professionalment en:<\/span><\/p>\n<ol>\n<li style=\"list-style-type: none;\">\n<ol style=\"list-style-type: lower-alpha;\">\n<li><span style=\"font-weight: 400;\">Analitzar el flux d\u2019informaci\u00f3 i la tipologia i finalitat dels documents o comunicacions que s\u2019utilitzen en l\u2019empresa, per tramitar-los.<\/span><\/li>\n<li><span style=\"font-weight: 400;\">Analitzar els documents o comunicacions que s\u2019utilitzen en l\u2019empresa, reconeixent la seva estructura, elements i caracter\u00edstiques per elaborar-los.<\/span><\/li>\n<li><span style=\"font-weight: 400;\">Identificar i seleccionar les expressions en llengua anglesa, pr\u00f2pies de l\u2019empresa per elaborar documents i comunicacions.<\/span><\/li>\n<li><span style=\"font-weight: 400;\">Analitzar les possibilitats de les aplicacions i equips inform\u00e0tics, relacionant-les amb la seva ocupaci\u00f3 m\u00e9s efica\u00e7 en el tractament de la informaci\u00f3 per elaborar documents i comunicacions.<\/span><\/li>\n<li><span style=\"font-weight: 400;\">Realitzar documents i comunicacions en el format caracter\u00edstic i amb les condicions de qualitat corresponent, aplicant les t\u00e8cniques de tractament de la informaci\u00f3 en la seva elaboraci\u00f3.<\/span><\/li>\n<li><span style=\"font-weight: 400;\">Analitzar i elegir els sistemes i t\u00e8cniques de preservaci\u00f3 de comunicacions i documents adequats a cada cas, aplicant-les de forma manual i inform\u00e0tica per classificar-los, registrar-los i arxivar-los.<\/span><\/li>\n<li><span style=\"font-weight: 400;\">Interpretar la normativa i metodologia comptable, analitzant la problem\u00e0tica comptable que es pot donar en una empresa, aix\u00ed com la documentaci\u00f3 associada per al seu registre.<\/span><\/li>\n<li><span style=\"font-weight: 400;\">Introduir assentaments comptables manualment i en aplicacions inform\u00e0tiques espec\u00edfiques, seguint la normativa en vigor per registrar comptablement la documentaci\u00f3.<\/span><\/li>\n<li><span style=\"font-weight: 400;\">Comparar i avaluar els elements que intervenen en la gesti\u00f3 de la tresoreria, els productes i serveis financers b\u00e0sics i els documents relacionats amb els mateixos, comprovant les necessitats de liquiditat i finan\u00e7ament de l\u2019empresa per realitzar les gestions administratives relacionades.<\/span><\/li>\n<li><span style=\"font-weight: 400;\">Efectuar c\u00e0lculs b\u00e0sics de productes i serveis financers, emprant principis i matem\u00e0tica financera elemental per realitzar les gestions administratives de tresoreria.<\/span><\/li>\n<li><span style=\"font-weight: 400;\">Recon\u00e8ixer la normativa legal aplicable, les t\u00e8cniques de gesti\u00f3 associades\u00a0 les funcions del departament de recursos humans, analitzant la problem\u00e0tica laboral que es pot donar en una empresa i la documentaci\u00f3 relacionada per realitzar la gesti\u00f3 administrativa dels recursos humans.<\/span><\/li>\n<li><span style=\"font-weight: 400;\">Identificar i preparar la documentaci\u00f3 rellevant aix\u00ed com les actuacions que s\u2019han de desenvolupar, interpretant la pol\u00edtica de l\u2019empresa per efectuar les gestions administratives de les \u00e0rees de selecci\u00f3 i formaci\u00f3 del recursos humans.<\/span><\/li>\n<li><span style=\"font-weight: 400;\">Emplenar documentaci\u00f3 i preparar informes consultant la normativa en vigor i les vies d\u2019acc\u00e9s (Internet, oficines d\u2019atenci\u00f3 al p\u00fablic) a l\u2019Administraci\u00f3 P\u00fablica i emprant, en el seu cas, aplicacions inform\u00e0tiques ad hoc per donar suport administratiu en l\u2019\u00e0rea de gesti\u00f3 laboral de l\u2019empresa.<\/span><\/li>\n<li><span style=\"font-weight: 400;\">Seleccionar dades i emplenar documents derivats de l\u2019\u00e0rea comercial, interpretant normes mercantils i fiscals per realitzar les gestions administratives corresponents.<\/span><\/li>\n<li><span style=\"font-weight: 400;\">Transmetre comunicacions de forma oral, telem\u00e0tica o escrita, adequant-les a cada cas i analitzant els protocols de qualitat i imatge empresarial o institucional per desenvolupar les activitats d\u2019atenci\u00f3 al client\/usuari..<\/span><\/li>\n<li><span style=\"font-weight: 400;\">Identificar les normes de qualitat i seguretat i de prevenci\u00f3 de riscos laborals i ambientals, reconeixent els factors de risc i par\u00e0metres de qualitat per aplicar els protocols corresponents en el desenvolupament del treball .<\/span><\/li>\n<li><span style=\"font-weight: 400;\">Recon\u00e8ixer les principals aplicacions ofim\u00e0tiques de gesti\u00f3 per al seu \u00fas assidu en l\u2019acompliment de l\u2019activitat administrativa.<\/span><\/li>\n<\/ol>\n<\/li>\n<\/ol>\n<p><b>EN FINALITZAR ELS MEUS ESTUDIS, QU\u00c8 PUC FER?:<\/b><\/p>\n<ol>\n<li style=\"font-weight: 400;\" aria-level=\"1\"><span style=\"font-weight: 400;\">Continuar estudiant:<\/span><\/li>\n<\/ol>\n<p><span style=\"font-weight: 400;\">Amb aquests estudis s\u2019obt\u00e9 el t\u00edtol de t\u00e8cnic o t\u00e8cnica, que permet accedir:<\/span><\/p>\n<ul>\n<li style=\"list-style-type: none;\">\n<ul>\n<li style=\"font-weight: 400;\" aria-level=\"1\"><span style=\"font-weight: 400;\">al batxillerat en qualsevol modalitat,<\/span><\/li>\n<li style=\"font-weight: 400;\" aria-level=\"1\"><span style=\"font-weight: 400;\">a un altre cicle de grau mitj\u00e0 amb la possibilitat d&#8217;establir convalidacions de m\u00f2duls professionals d\u2019acord amb la normativa vigent,<\/span><\/li>\n<li style=\"font-weight: 400;\" aria-level=\"1\"><span style=\"font-weight: 400;\">a un cicle de grau superior de formaci\u00f3 professional.<\/span><\/li>\n<\/ul>\n<\/li>\n<\/ul>\n<p><span style=\"font-weight: 400;\">2. Optar per les seg\u00fcents sortides professionals:<\/span><\/p>\n<p><span style=\"font-weight: 400;\">La superaci\u00f3 d&#8217;aquest cicle formatiu permet accedir al m\u00f3n laboral com a:<\/span><\/p>\n<ul>\n<li style=\"list-style-type: none;\">\n<ul>\n<li style=\"font-weight: 400;\" aria-level=\"1\"><span style=\"font-weight: 400;\">Auxiliar administratiu.<\/span><\/li>\n<li style=\"font-weight: 400;\" aria-level=\"1\"><span style=\"font-weight: 400;\">Ajudant d&#8217;oficina.<\/span><\/li>\n<li style=\"font-weight: 400;\" aria-level=\"1\"><span style=\"font-weight: 400;\">Auxiliar administratiu de cobraments i pagaments Administratiu comercial.<\/span><\/li>\n<li style=\"font-weight: 400;\" aria-level=\"1\"><span style=\"font-weight: 400;\">Auxiliar administratiu de gesti\u00f3 de personal<\/span><\/li>\n<li style=\"font-weight: 400;\" aria-level=\"1\"><span style=\"font-weight: 400;\">Auxiliar administratiu de les administracions p\u00fabliques. Recepcionista.<\/span><\/li>\n<li style=\"font-weight: 400;\" aria-level=\"1\"><span style=\"font-weight: 400;\">Empleat d&#8217;atenci\u00f3 al client.<\/span><\/li>\n<li style=\"font-weight: 400;\" aria-level=\"1\"><span style=\"font-weight: 400;\">Empleat de tresoreria.<\/span><\/li>\n<li style=\"font-weight: 400;\" aria-level=\"1\"><span style=\"font-weight: 400;\">Empleat de mitjans de pagament.<\/span><\/li>\n<\/ul>\n<\/li>\n<\/ul>\n<p style=\"text-align: right;\"><em><span style=\"color: #0000ff;\"><strong>Rumb al teu futur<\/strong><\/span><\/em><\/p>\n<p style=\"text-align: right;\"><em><span style=\"color: #0000ff;\"><strong>ILB \u2013 connected to change<\/strong><\/span><\/em><\/p>\n","protected":false},"excerpt":{"rendered":"<p><a href=\"https:\/\/agora.xtec.cat\/ilb\/wp-content\/uploads\/usu2296\/2022\/03\/Foto_11_oficina.jpg\"><\/a><br \/>\nT\u00e8cnic\/a en gesti\u00f3 administrativa, perfil professional log\u00edstica<br \/>\nCicle formatiu de grau mitj\u00e0<br \/>\nFAM\u00cdLIA: administraci\u00f3 i gesti\u00f3  \u00a0 DURADA: 2000 hores\u00a0 (en el centre i l\u2019empresa)<br \/>\nN\u00daM. DE CURSOS: 2 cursos<br \/>\nMETODOLOGIA: metodologies actives d\u2019aprenentatge<br \/>\nHORARI: Mat\u00ed (Primer curs) &#8211; Tarda (Segon curs)<br \/>\nPREU EN CONCEPTE DE MATERIAL: 80 euros&hellip;  <a href=\"https:\/\/agora.xtec.cat\/ilb\/cicles-formatius-de-grau-mitja-2\/cfgm-gestio-administrativa\/\" title=\"Read CFGM Gesti\u00f3 Administrativa\">Llegeix m\u00e9s\u00bb<\/a><\/p>\n","protected":false},"author":1,"featured_media":0,"parent":798,"menu_order":0,"comment_status":"closed","ping_status":"closed","template":"","meta":{"_bbp_topic_count":0,"_bbp_reply_count":0,"_bbp_total_topic_count":0,"_bbp_total_reply_count":0,"_bbp_voice_count":0,"_bbp_anonymous_reply_count":0,"_bbp_topic_count_hidden":0,"_bbp_reply_count_hidden":0,"_bbp_forum_subforum_count":0,"footnotes":""},"class_list":["post-769","page","type-page","status-publish","hentry"],"post_mailing_queue_ids":[],"_links":{"self":[{"href":"https:\/\/agora.xtec.cat\/ilb\/wp-json\/wp\/v2\/pages\/769","targetHints":{"allow":["GET"]}}],"collection":[{"href":"https:\/\/agora.xtec.cat\/ilb\/wp-json\/wp\/v2\/pages"}],"about":[{"href":"https:\/\/agora.xtec.cat\/ilb\/wp-json\/wp\/v2\/types\/page"}],"author":[{"embeddable":true,"href":"https:\/\/agora.xtec.cat\/ilb\/wp-json\/wp\/v2\/users\/1"}],"replies":[{"embeddable":true,"href":"https:\/\/agora.xtec.cat\/ilb\/wp-json\/wp\/v2\/comments?post=769"}],"version-history":[{"count":6,"href":"https:\/\/agora.xtec.cat\/ilb\/wp-json\/wp\/v2\/pages\/769\/revisions"}],"predecessor-version":[{"id":4630,"href":"https:\/\/agora.xtec.cat\/ilb\/wp-json\/wp\/v2\/pages\/769\/revisions\/4630"}],"up":[{"embeddable":true,"href":"https:\/\/agora.xtec.cat\/ilb\/wp-json\/wp\/v2\/pages\/798"}],"wp:attachment":[{"href":"https:\/\/agora.xtec.cat\/ilb\/wp-json\/wp\/v2\/media?parent=769"}],"curies":[{"name":"wp","href":"https:\/\/api.w.org\/{rel}","templated":true}]}}