{"id":65,"date":"2014-09-18T10:12:22","date_gmt":"2014-09-18T10:12:22","guid":{"rendered":"http:\/\/agora.xtec.cat\/ilb\/?page_id=65"},"modified":"2025-12-17T17:10:43","modified_gmt":"2025-12-17T16:10:43","slug":"serveis-digitals","status":"publish","type":"page","link":"https:\/\/agora.xtec.cat\/ilb\/serveis\/serveis-digitals\/","title":{"rendered":"Portes obertes curs 2025-2026"},"content":{"rendered":"<p><a href=\"https:\/\/agora.xtec.cat\/ilb\/wp-content\/uploads\/usu2296\/2025\/02\/portes-obertes-Cartell.png\"><img loading=\"lazy\" decoding=\"async\" class=\"aligncenter size-full wp-image-3884\" src=\"https:\/\/agora.xtec.cat\/ilb\/wp-content\/uploads\/usu2296\/2025\/02\/portes-obertes-Cartell.png\" alt=\"\" width=\"590\" height=\"836\" srcset=\"https:\/\/agora.xtec.cat\/ilb\/wp-content\/uploads\/usu2296\/2025\/02\/portes-obertes-Cartell.png 590w, https:\/\/agora.xtec.cat\/ilb\/wp-content\/uploads\/usu2296\/2025\/02\/portes-obertes-Cartell-212x300.png 212w\" sizes=\"auto, (max-width: 590px) 100vw, 590px\" \/><\/a><\/p>\n<p style=\"text-align: center;\"><em><strong>ATENCI\u00d3 IMPORTANT PREINSCRIPCI\u00d3: CURS 2025-2026, Nou grup de primer curs de CFGS de Transport i Log\u00edstica en torn de tarda.<\/strong><\/em><\/p>\n<p><a href=\"https:\/\/agora.xtec.cat\/ilb\/wp-content\/uploads\/usu2296\/2025\/03\/Be_Pro_Banner-744x250-03.png\"><img loading=\"lazy\" decoding=\"async\" class=\"aligncenter size-full wp-image-4040\" src=\"https:\/\/agora.xtec.cat\/ilb\/wp-content\/uploads\/usu2296\/2025\/03\/Be_Pro_Banner-744x250-03.png\" alt=\"\" width=\"744\" height=\"250\" srcset=\"https:\/\/agora.xtec.cat\/ilb\/wp-content\/uploads\/usu2296\/2025\/03\/Be_Pro_Banner-744x250-03.png 744w, https:\/\/agora.xtec.cat\/ilb\/wp-content\/uploads\/usu2296\/2025\/03\/Be_Pro_Banner-744x250-03-300x101.png 300w\" sizes=\"auto, (max-width: 744px) 100vw, 744px\" \/><\/a> <a href=\"https:\/\/agora.xtec.cat\/ilb\/wp-content\/uploads\/usu2296\/2025\/03\/Be_Pro_Banner-744x250-01.png\"><img loading=\"lazy\" decoding=\"async\" class=\"aligncenter size-full wp-image-4039\" src=\"https:\/\/agora.xtec.cat\/ilb\/wp-content\/uploads\/usu2296\/2025\/03\/Be_Pro_Banner-744x250-01.png\" alt=\"\" width=\"743\" height=\"249\" srcset=\"https:\/\/agora.xtec.cat\/ilb\/wp-content\/uploads\/usu2296\/2025\/03\/Be_Pro_Banner-744x250-01.png 743w, https:\/\/agora.xtec.cat\/ilb\/wp-content\/uploads\/usu2296\/2025\/03\/Be_Pro_Banner-744x250-01-300x101.png 300w\" sizes=\"auto, (max-width: 743px) 100vw, 743px\" \/><\/a><\/p>\n<p>Les jornades de Portes Obertes \u00e9s un moment per poder con\u00e8ixer el nostre projecte, vine presencialment o a dist\u00e0ncia a les sessions on professorat del centre, experts en la formaci\u00f3, t\u2019expliquen de primera m\u00e0 els estudis.<\/p>\n<p>Per poder participar cal inscripci\u00f3 pr\u00e8via, per aquest curs hi ha dues sessions amb el seg\u00fcent detall:<\/p>\n<ul>\n<li>26-03-25 per FP de grau mitj\u00e0 i superior, presencial en dos torns: 18:00 h i 19:00 h<\/li>\n<li>27-03-25 per FP de grau mitj\u00e0 i superior, virtual: 18:00 h<\/li>\n<\/ul>\n<p><i><b>*Nota: exhaurides les places per participar en les portes obertes presencials i virtuals, moltes gr\u00e0cies a tothom!\u00a0<\/b><\/i><\/p>\n<p>&nbsp;<\/p>\n<p style=\"text-align: right;\"><em><span style=\"color: #0000ff;\"><strong>Rumb al teu futur<\/strong><\/span><\/em><\/p>\n<p style=\"text-align: right;\"><em><span style=\"color: #0000ff;\"><strong>ILB \u2013 connected to change<\/strong><\/span><\/em><\/p>\n","protected":false},"excerpt":{"rendered":"<p><a href=\"https:\/\/agora.xtec.cat\/ilb\/wp-content\/uploads\/usu2296\/2025\/02\/portes-obertes-Cartell.png\"><\/a><br \/>\nATENCI\u00d3 IMPORTANT PREINSCRIPCI\u00d3: CURS 2025-2026, Nou grup de primer curs de CFGS de Transport i Log\u00edstica en torn de tarda.<br \/>\n<a href=\"https:\/\/agora.xtec.cat\/ilb\/wp-content\/uploads\/usu2296\/2025\/03\/Be_Pro_Banner-744x250-03.png\"><\/a> <a href=\"https:\/\/agora.xtec.cat\/ilb\/wp-content\/uploads\/usu2296\/2025\/03\/Be_Pro_Banner-744x250-01.png\"><\/a><br \/>\nLes jornades de Portes Obertes \u00e9s un moment per poder con\u00e8ixer el nostre projecte, vine presencialment o a dist\u00e0ncia a les sessions&hellip;  <a href=\"https:\/\/agora.xtec.cat\/ilb\/serveis\/serveis-digitals\/\" title=\"Read Portes obertes curs 2025-2026\">Llegeix m\u00e9s\u00bb<\/a><\/p>\n","protected":false},"author":1,"featured_media":0,"parent":63,"menu_order":10,"comment_status":"closed","ping_status":"closed","template":"page-templates\/side-menu.php","meta":{"_bbp_topic_count":0,"_bbp_reply_count":0,"_bbp_total_topic_count":0,"_bbp_total_reply_count":0,"_bbp_voice_count":0,"_bbp_anonymous_reply_count":0,"_bbp_topic_count_hidden":0,"_bbp_reply_count_hidden":0,"_bbp_forum_subforum_count":0,"footnotes":""},"class_list":["post-65","page","type-page","status-publish","hentry"],"post_mailing_queue_ids":[],"_links":{"self":[{"href":"https:\/\/agora.xtec.cat\/ilb\/wp-json\/wp\/v2\/pages\/65","targetHints":{"allow":["GET"]}}],"collection":[{"href":"https:\/\/agora.xtec.cat\/ilb\/wp-json\/wp\/v2\/pages"}],"about":[{"href":"https:\/\/agora.xtec.cat\/ilb\/wp-json\/wp\/v2\/types\/page"}],"author":[{"embeddable":true,"href":"https:\/\/agora.xtec.cat\/ilb\/wp-json\/wp\/v2\/users\/1"}],"replies":[{"embeddable":true,"href":"https:\/\/agora.xtec.cat\/ilb\/wp-json\/wp\/v2\/comments?post=65"}],"version-history":[{"count":6,"href":"https:\/\/agora.xtec.cat\/ilb\/wp-json\/wp\/v2\/pages\/65\/revisions"}],"predecessor-version":[{"id":4642,"href":"https:\/\/agora.xtec.cat\/ilb\/wp-json\/wp\/v2\/pages\/65\/revisions\/4642"}],"up":[{"embeddable":true,"href":"https:\/\/agora.xtec.cat\/ilb\/wp-json\/wp\/v2\/pages\/63"}],"wp:attachment":[{"href":"https:\/\/agora.xtec.cat\/ilb\/wp-json\/wp\/v2\/media?parent=65"}],"curies":[{"name":"wp","href":"https:\/\/api.w.org\/{rel}","templated":true}]}}