{"id":636,"date":"2022-03-05T00:59:38","date_gmt":"2022-03-04T23:59:38","guid":{"rendered":"https:\/\/agora.xtec.cat\/ilb\/?page_id=636"},"modified":"2025-12-17T17:13:59","modified_gmt":"2025-12-17T16:13:59","slug":"homologacions-destudis-estrangers","status":"publish","type":"page","link":"https:\/\/agora.xtec.cat\/ilb\/homologacions-destudis-estrangers\/","title":{"rendered":"Homologacions d&#8217;estudis estrangers"},"content":{"rendered":"<p><em>En aquesta secci\u00f3, trobareu informaci\u00f3 de com homologar els vostres estudis cursats a l&#8217;estranger:<\/em><\/p>\n<ul>\n<li style=\"list-style-type: none;\">\n<ul>\n<li><a href=\"https:\/\/www.edubcn.cat\/ca\/alumnat_i_familia\/tramits\/homologacio_i_convalidacio\">Homologaci\u00f3 i convalidaci\u00f3 de t\u00edtols estrangers no universitaris &#8211; Consorci d&#8217;Educaci\u00f3 de Barcelona<\/a><\/li>\n<li><a href=\"https:\/\/triaeducativa.gencat.cat\/ca\/homologacio\/inici\/index.html\">Homologaci\u00f3 d&#8217;estudis estrangers &#8211; Generalitat de Catalunya<\/a><\/li>\n<\/ul>\n<\/li>\n<\/ul>\n<p>Si has rebut la resoluci\u00f3 de la teva credencial com a alumne\/a o si tens qualsevol dubte, t&#8217;animem a posar-te en contacte amb nosaltres. Si us plau, envia&#8217;ns un missatge a <strong><em>matricula@ilb.cat<\/em><\/strong> i t&#8217;ajudarem en tot el que puguem.<\/p>\n<p>&nbsp;<\/p>\n<p style=\"text-align: right;\"><em><span style=\"color: #0000ff;\"><strong>Rumb al teu futur<\/strong><\/span><\/em><\/p>\n<p style=\"text-align: right;\"><em><span style=\"color: #0000ff;\"><strong>ILB \u2013 connected to change<\/strong><\/span><\/em><\/p>\n","protected":false},"excerpt":{"rendered":"<p>En aquesta secci\u00f3, trobareu informaci\u00f3 de com homologar els vostres estudis cursats a l&#8217;estranger:<\/p>\n<ul>\n<li style=\"list-style-type: none;\">\n<ul>\n<li><a href=\"https:\/\/www.edubcn.cat\/ca\/alumnat_i_familia\/tramits\/homologacio_i_convalidacio\">Homologaci\u00f3 i convalidaci\u00f3 de t\u00edtols estrangers no universitaris &#8211; Consorci d&#8217;Educaci\u00f3 de Barcelona<\/a><\/li>\n<li><a href=\"https:\/\/triaeducativa.gencat.cat\/ca\/homologacio\/inici\/index.html\">Homologaci\u00f3 d&#8217;estudis estrangers &#8211; Generalitat de Catalunya<\/a><\/li>\n<\/ul>\n<\/li>\n<\/ul>\n<p>Si has rebut la resoluci\u00f3 de la teva credencial com&hellip;  <a href=\"https:\/\/agora.xtec.cat\/ilb\/homologacions-destudis-estrangers\/\" title=\"Read Homologacions d&#8217;estudis estrangers\">Llegeix m\u00e9s\u00bb<\/a><\/p>\n","protected":false},"author":1,"featured_media":0,"parent":0,"menu_order":0,"comment_status":"closed","ping_status":"closed","template":"","meta":{"_bbp_topic_count":0,"_bbp_reply_count":0,"_bbp_total_topic_count":0,"_bbp_total_reply_count":0,"_bbp_voice_count":0,"_bbp_anonymous_reply_count":0,"_bbp_topic_count_hidden":0,"_bbp_reply_count_hidden":0,"_bbp_forum_subforum_count":0,"footnotes":""},"class_list":["post-636","page","type-page","status-publish","hentry"],"post_mailing_queue_ids":[],"_links":{"self":[{"href":"https:\/\/agora.xtec.cat\/ilb\/wp-json\/wp\/v2\/pages\/636","targetHints":{"allow":["GET"]}}],"collection":[{"href":"https:\/\/agora.xtec.cat\/ilb\/wp-json\/wp\/v2\/pages"}],"about":[{"href":"https:\/\/agora.xtec.cat\/ilb\/wp-json\/wp\/v2\/types\/page"}],"author":[{"embeddable":true,"href":"https:\/\/agora.xtec.cat\/ilb\/wp-json\/wp\/v2\/users\/1"}],"replies":[{"embeddable":true,"href":"https:\/\/agora.xtec.cat\/ilb\/wp-json\/wp\/v2\/comments?post=636"}],"version-history":[{"count":5,"href":"https:\/\/agora.xtec.cat\/ilb\/wp-json\/wp\/v2\/pages\/636\/revisions"}],"predecessor-version":[{"id":4648,"href":"https:\/\/agora.xtec.cat\/ilb\/wp-json\/wp\/v2\/pages\/636\/revisions\/4648"}],"wp:attachment":[{"href":"https:\/\/agora.xtec.cat\/ilb\/wp-json\/wp\/v2\/media?parent=636"}],"curies":[{"name":"wp","href":"https:\/\/api.w.org\/{rel}","templated":true}]}}