{"id":577,"date":"2022-03-05T00:17:05","date_gmt":"2022-03-04T23:17:05","guid":{"rendered":"https:\/\/agora.xtec.cat\/ilb\/?page_id=577"},"modified":"2025-12-17T16:45:14","modified_gmt":"2025-12-17T15:45:14","slug":"equip-directiu","status":"publish","type":"page","link":"https:\/\/agora.xtec.cat\/ilb\/equip-directiu\/","title":{"rendered":"Equip directiu"},"content":{"rendered":"<p><a href=\"https:\/\/agora.xtec.cat\/ilb\/wp-content\/uploads\/usu2296\/2024\/10\/P1000082.jpg\"><img loading=\"lazy\" decoding=\"async\" class=\"size-full wp-image-3625 aligncenter\" src=\"https:\/\/agora.xtec.cat\/ilb\/wp-content\/uploads\/usu2296\/2024\/10\/P1000082.jpg\" alt=\"\" width=\"1024\" height=\"768\" srcset=\"https:\/\/agora.xtec.cat\/ilb\/wp-content\/uploads\/usu2296\/2024\/10\/P1000082.jpg 1024w, https:\/\/agora.xtec.cat\/ilb\/wp-content\/uploads\/usu2296\/2024\/10\/P1000082-300x225.jpg 300w, https:\/\/agora.xtec.cat\/ilb\/wp-content\/uploads\/usu2296\/2024\/10\/P1000082-768x576.jpg 768w, https:\/\/agora.xtec.cat\/ilb\/wp-content\/uploads\/usu2296\/2024\/10\/P1000082-200x150.jpg 200w\" sizes=\"auto, (max-width: 1024px) 100vw, 1024px\" \/><\/a><\/p>\n<table style=\"border-collapse: collapse; width: 100%; height: 160px;\">\n<tbody>\n<tr style=\"height: 32px;\">\n<td style=\"width: 50%; height: 32px;\"><a href=\"https:\/\/agora.xtec.cat\/ilb\/wp-content\/uploads\/usu2296\/2024\/06\/078.jpg\"><img loading=\"lazy\" decoding=\"async\" class=\"alignnone size-full wp-image-3197\" src=\"https:\/\/agora.xtec.cat\/ilb\/wp-content\/uploads\/usu2296\/2024\/06\/078.jpg\" alt=\"\" width=\"1024\" height=\"682\" srcset=\"https:\/\/agora.xtec.cat\/ilb\/wp-content\/uploads\/usu2296\/2024\/06\/078.jpg 1024w, https:\/\/agora.xtec.cat\/ilb\/wp-content\/uploads\/usu2296\/2024\/06\/078-300x200.jpg 300w, https:\/\/agora.xtec.cat\/ilb\/wp-content\/uploads\/usu2296\/2024\/06\/078-768x512.jpg 768w\" sizes=\"auto, (max-width: 1024px) 100vw, 1024px\" \/><\/a><\/td>\n<td style=\"width: 50%; height: 32px;\"><em>Professor d&#8217;Organitzaci\u00f3 i Gesti\u00f3 Comercial, he treballat com a consultor docent de la Universitat Oberta de Catalunya, com a col\u00b7laborador extern a l&#8217;Institut Obert de Catalunya, com a cap d&#8217;estudis, assessor t\u00e8cnic docent al Departament d&#8217;Educaci\u00f3 i actualment com a director de l&#8217;Institut de Log\u00edstica de Barcelona, impulsant la creaci\u00f3 i posada en marxa del projecte. En el meu temps lliure m&#8217;agrada gaudir del teatre, el cinema i la natura.<\/em><\/p>\n<p><a href=\"https:\/\/drive.google.com\/file\/d\/1h2Mk1vBhSdUVxYrhjv5R2RsjKOHKPWbK\/view?usp=drive_link\" target=\"_blank\" rel=\"noopener\"><em><strong>Jos\u00e9 Antonio V\u00e1zquez G\u00e1zquez<\/strong><\/em><\/a><\/p>\n<p><a href=\"https:\/\/drive.google.com\/file\/d\/1h2Mk1vBhSdUVxYrhjv5R2RsjKOHKPWbK\/view?usp=drive_link\" target=\"_blank\" rel=\"noopener\"><em><strong>Director executiu\u00a0<\/strong><\/em><\/a><\/td>\n<\/tr>\n<tr style=\"height: 32px;\">\n<td style=\"width: 50%; height: 32px;\"><a href=\"https:\/\/agora.xtec.cat\/ilb\/wp-content\/uploads\/usu2296\/2024\/06\/099.jpg\"><img loading=\"lazy\" decoding=\"async\" class=\"alignnone size-full wp-image-3199\" src=\"https:\/\/agora.xtec.cat\/ilb\/wp-content\/uploads\/usu2296\/2024\/06\/099.jpg\" alt=\"\" width=\"1024\" height=\"682\" srcset=\"https:\/\/agora.xtec.cat\/ilb\/wp-content\/uploads\/usu2296\/2024\/06\/099.jpg 1024w, https:\/\/agora.xtec.cat\/ilb\/wp-content\/uploads\/usu2296\/2024\/06\/099-300x200.jpg 300w, https:\/\/agora.xtec.cat\/ilb\/wp-content\/uploads\/usu2296\/2024\/06\/099-768x512.jpg 768w\" sizes=\"auto, (max-width: 1024px) 100vw, 1024px\" \/><\/a><\/td>\n<td style=\"width: 50%; height: 32px;\"><em>En el meu temps lliure, gaudeixo explorant altres coses que no requereixin l&#8217;\u00fas de pantalles, preferint, en canvi, l&#8217;aire lliure. Em trobar\u00e0s sovint passejant per la meva ciutat o relaxant-me a la platja, que m&#8217;encanta!<\/em><\/p>\n<p><a href=\"https:\/\/drive.google.com\/file\/d\/1_9Gg-zfb17Z0kZ6315NhgeG3StuNY2Jj\/view?usp=drive_link\" target=\"_blank\" rel=\"noopener\"><em><strong>Francesca Carmona Barrios<\/strong><\/em><\/a><\/p>\n<p><a href=\"https:\/\/drive.google.com\/file\/d\/1_9Gg-zfb17Z0kZ6315NhgeG3StuNY2Jj\/view?usp=drive_link\" target=\"_blank\" rel=\"noopener\"><em><strong>Directora de serveis generals<\/strong><\/em><\/a><\/td>\n<\/tr>\n<tr style=\"height: 32px;\">\n<td style=\"width: 50%; height: 32px;\">&nbsp;<\/p>\n<p><a href=\"https:\/\/agora.xtec.cat\/ilb\/wp-content\/uploads\/usu2296\/2024\/10\/100.jpg\"><img loading=\"lazy\" decoding=\"async\" class=\"alignnone size-full wp-image-3624\" src=\"https:\/\/agora.xtec.cat\/ilb\/wp-content\/uploads\/usu2296\/2024\/10\/100.jpg\" alt=\"\" width=\"1024\" height=\"682\" srcset=\"https:\/\/agora.xtec.cat\/ilb\/wp-content\/uploads\/usu2296\/2024\/10\/100.jpg 1024w, https:\/\/agora.xtec.cat\/ilb\/wp-content\/uploads\/usu2296\/2024\/10\/100-300x200.jpg 300w, https:\/\/agora.xtec.cat\/ilb\/wp-content\/uploads\/usu2296\/2024\/10\/100-768x512.jpg 768w\" sizes=\"auto, (max-width: 1024px) 100vw, 1024px\" \/><\/a><\/td>\n<td style=\"width: 50%; height: 32px;\">M&#8217;encanta aixecar-me aviat per a passejar per la platja i gaudir d&#8217;aquests moments. Valoro i prioritzo el temps amb la meva fam\u00edlia. Fomento un ambient de treball positiu, motivant i donant suport als altres.<\/p>\n<p><strong><a href=\"https:\/\/drive.google.com\/file\/d\/1mSYLXLmz6WeuoYENB19H7QhVYig8dAsm\/view?usp=drive_link\" target=\"_blank\" rel=\"noopener\"><em>Directora de formaci\u00f3<\/em><\/a><\/strong><\/p>\n<p><strong><a href=\"https:\/\/drive.google.com\/file\/d\/1mSYLXLmz6WeuoYENB19H7QhVYig8dAsm\/view?usp=drive_link\" target=\"_blank\" rel=\"noopener\"><em>\u00c0ngels Vives Serra<\/em><\/a><\/strong><\/td>\n<\/tr>\n<tr style=\"height: 32px;\">\n<td style=\"width: 50%; height: 32px;\">&nbsp;<\/p>\n<p><a href=\"https:\/\/agora.xtec.cat\/ilb\/wp-content\/uploads\/usu2296\/2024\/10\/P1000078.jpg\"><img loading=\"lazy\" decoding=\"async\" class=\"alignnone size-full wp-image-3623\" src=\"https:\/\/agora.xtec.cat\/ilb\/wp-content\/uploads\/usu2296\/2024\/10\/P1000078.jpg\" alt=\"\" width=\"1024\" height=\"768\" srcset=\"https:\/\/agora.xtec.cat\/ilb\/wp-content\/uploads\/usu2296\/2024\/10\/P1000078.jpg 1024w, https:\/\/agora.xtec.cat\/ilb\/wp-content\/uploads\/usu2296\/2024\/10\/P1000078-300x225.jpg 300w, https:\/\/agora.xtec.cat\/ilb\/wp-content\/uploads\/usu2296\/2024\/10\/P1000078-768x576.jpg 768w, https:\/\/agora.xtec.cat\/ilb\/wp-content\/uploads\/usu2296\/2024\/10\/P1000078-200x150.jpg 200w\" sizes=\"auto, (max-width: 1024px) 100vw, 1024px\" \/><\/a><\/td>\n<td style=\"width: 50%; height: 32px;\">&nbsp;<\/p>\n<p>Nascuda i educada a Fran\u00e7a, comparteixo amb la meva fam\u00edlia d&#8217;origen la curiositat per con\u00e8ixer altres cultures i les ganes d&#8217;aprendre lleng\u00fces estrangeres.<br \/>\nEn m\u00e9s de 20 anys a Catalunya, he ensenyat franc\u00e8s i altres mat\u00e8ries a p\u00fablics molt diferents, aconseguint una visi\u00f3 \u00e0mplia de l&#8217;aprenentatge al llarg de tota la vida.<br \/>\nDe car\u00e0cter contemplatiu, m&#8217;encanta fer sortides a la muntanya o a altres indrets on la natura \u00e9s protagonista. Per\u00f2 en el meu temps lliure, tamb\u00e9 em podeu trobar llegint, gaudint d&#8217;un concert de jazz o jugant a voleibol.<\/p>\n<p><a href=\"https:\/\/drive.google.com\/file\/d\/1NXhorRZKHyytVY2N71F37Fuues5rod6m\/view?usp=drive_link\" target=\"_blank\" rel=\"noopener\"><strong><em>Directora de formaci\u00f3 adjunta<\/em><\/strong><\/a><\/p>\n<p><a href=\"https:\/\/drive.google.com\/file\/d\/1NXhorRZKHyytVY2N71F37Fuues5rod6m\/view?usp=drive_link\" target=\"_blank\" rel=\"noopener\"><strong><em>Emilie Lerin<\/em><\/strong><\/a><\/td>\n<\/tr>\n<tr style=\"height: 32px;\">\n<td style=\"width: 50%; height: 32px;\"><a href=\"https:\/\/agora.xtec.cat\/ilb\/wp-content\/uploads\/usu2296\/2024\/06\/096.jpg\"><img loading=\"lazy\" decoding=\"async\" class=\"alignnone size-full wp-image-3203\" src=\"https:\/\/agora.xtec.cat\/ilb\/wp-content\/uploads\/usu2296\/2024\/06\/096.jpg\" alt=\"\" width=\"1024\" height=\"682\" srcset=\"https:\/\/agora.xtec.cat\/ilb\/wp-content\/uploads\/usu2296\/2024\/06\/096.jpg 1024w, https:\/\/agora.xtec.cat\/ilb\/wp-content\/uploads\/usu2296\/2024\/06\/096-300x200.jpg 300w, https:\/\/agora.xtec.cat\/ilb\/wp-content\/uploads\/usu2296\/2024\/06\/096-768x512.jpg 768w\" sizes=\"auto, (max-width: 1024px) 100vw, 1024px\" \/><\/a><\/td>\n<td style=\"width: 50%; height: 32px;\"><em>M&#8217;agrada viatjar, con\u00e8ixer noves cultures i aprendre dels altres. Crec en la llibertat de les persones i el poder de decisi\u00f3. I admiro a la gent valenta, que vibra i t\u00e9 energia. M&#8217;apassiona la meva feina, ser\u00a0 professora implica poder compartir els teus aprenentatges i experi\u00e8ncia amb persones (alumnes) i deixar una petjada en elles i ells. Avui dia que quasi tot \u00e9s temporal, la forma en la que fem sentir a les persones \u00e9s per sempre.<\/em><\/p>\n<p><strong><em><a href=\"https:\/\/drive.google.com\/file\/d\/1VwGeVLgly0qgYX6IqOENdGYhPseuXlBO\/view?usp=drive_link\" target=\"_blank\" rel=\"noopener\">Maria Celda Escriv\u00e0<\/a><\/em><\/strong><\/p>\n<p><strong><a href=\"https:\/\/drive.google.com\/file\/d\/1VwGeVLgly0qgYX6IqOENdGYhPseuXlBO\/view?usp=drive_link\" target=\"_blank\" rel=\"noopener\"><em>Coordinadora pedag\u00f2gica<\/em><\/a><\/strong><\/td>\n<\/tr>\n<\/tbody>\n<\/table>\n<p style=\"text-align: right;\"><em><span style=\"color: #0000ff;\"><strong>Rumb al teu futur<\/strong><\/span><\/em><\/p>\n<p style=\"text-align: right;\"><em><span style=\"color: #0000ff;\"><strong>ILB \u2013 connected to change<\/strong><\/span><\/em><\/p>\n","protected":false},"excerpt":{"rendered":"<p><a href=\"https:\/\/agora.xtec.cat\/ilb\/wp-content\/uploads\/usu2296\/2024\/10\/P1000082.jpg\"><\/a><\/p>\n<p><a href=\"https:\/\/agora.xtec.cat\/ilb\/wp-content\/uploads\/usu2296\/2024\/06\/078.jpg\"><\/a><br \/>\nProfessor d&#8217;Organitzaci\u00f3 i Gesti\u00f3 Comercial, he treballat com a consultor docent de la Universitat Oberta de Catalunya, com a col\u00b7laborador extern a l&#8217;Institut Obert de Catalunya, com a cap d&#8217;estudis, assessor t\u00e8cnic docent al Departament d&#8217;Educaci\u00f3 i actualment com a director de l&#8217;Institut&hellip;  <a href=\"https:\/\/agora.xtec.cat\/ilb\/equip-directiu\/\" title=\"Read Equip directiu\">Llegeix m\u00e9s\u00bb<\/a><\/p>\n","protected":false},"author":1,"featured_media":0,"parent":0,"menu_order":0,"comment_status":"closed","ping_status":"closed","template":"","meta":{"_bbp_topic_count":0,"_bbp_reply_count":0,"_bbp_total_topic_count":0,"_bbp_total_reply_count":0,"_bbp_voice_count":0,"_bbp_anonymous_reply_count":0,"_bbp_topic_count_hidden":0,"_bbp_reply_count_hidden":0,"_bbp_forum_subforum_count":0,"footnotes":""},"class_list":["post-577","page","type-page","status-publish","hentry"],"post_mailing_queue_ids":[],"_links":{"self":[{"href":"https:\/\/agora.xtec.cat\/ilb\/wp-json\/wp\/v2\/pages\/577","targetHints":{"allow":["GET"]}}],"collection":[{"href":"https:\/\/agora.xtec.cat\/ilb\/wp-json\/wp\/v2\/pages"}],"about":[{"href":"https:\/\/agora.xtec.cat\/ilb\/wp-json\/wp\/v2\/types\/page"}],"author":[{"embeddable":true,"href":"https:\/\/agora.xtec.cat\/ilb\/wp-json\/wp\/v2\/users\/1"}],"replies":[{"embeddable":true,"href":"https:\/\/agora.xtec.cat\/ilb\/wp-json\/wp\/v2\/comments?post=577"}],"version-history":[{"count":6,"href":"https:\/\/agora.xtec.cat\/ilb\/wp-json\/wp\/v2\/pages\/577\/revisions"}],"predecessor-version":[{"id":4613,"href":"https:\/\/agora.xtec.cat\/ilb\/wp-json\/wp\/v2\/pages\/577\/revisions\/4613"}],"wp:attachment":[{"href":"https:\/\/agora.xtec.cat\/ilb\/wp-json\/wp\/v2\/media?parent=577"}],"curies":[{"name":"wp","href":"https:\/\/api.w.org\/{rel}","templated":true}]}}