{"id":39,"date":"2014-09-17T16:36:44","date_gmt":"2014-09-17T16:36:44","guid":{"rendered":"http:\/\/agora.xtec.cat\/ilb\/?page_id=39"},"modified":"2025-12-17T16:45:42","modified_gmt":"2025-12-17T15:45:42","slug":"instal%c2%b7lacions","status":"publish","type":"page","link":"https:\/\/agora.xtec.cat\/ilb\/linstitut\/instal%c2%b7lacions\/","title":{"rendered":"Instal\u00b7lacions"},"content":{"rendered":"<p>L&#8217;Institut de Log\u00edstica de Barcelona es situa al Moll de Barcelona a World Trade Center Barcelona. Compta amb tres espais diferenciats, un espai de serveis i dos aularis. Les aules reben el nom dels principals ports internacionals i de la Mediterr\u00e0nia:<\/p>\n<ol>\n<li style=\"list-style-type: none;\">\n<ol>\n<li><em><strong>Serveis:\u00a0<\/strong><\/em>ubicat a la planta baixa, zona Nord de World Trade Center Barcelona, aqu\u00ed s&#8217;ubica la secretaria acad\u00e8mica, prefectura d&#8217;estudis, la coordinaci\u00f3 pedag\u00f2gica, direcci\u00f3 i una sala de reunions.<\/li>\n<li><strong><i>Aulari\u00a0Estaci\u00f3 Mar\u00edtima Nord:\u00a0<\/i><\/strong>ubicat a la primera planta de l&#8217;Estaci\u00f3 Mar\u00edtima Nord a World Trade Center. Aqu\u00ed ens trobem amb una zona de despatxos, distribu\u00efdor polivalent, zona office i les aules Tangier, Hamburg i Alexandria.<\/li>\n<li><strong><i>Aulari\u00a0World Trade Center:\u00a0<\/i><\/strong>ubicat a la planta baixa, zona Sud a World Trade Center. Aqu\u00ed ens trobem amb les aules Shanghai i Bangkok, amb acc\u00e9s directe des de la pla\u00e7a central, i l&#8217;aulari principal. En aquest espai principal ens trobem amb la recepci\u00f3 de l&#8217;edifici, la sala de professorat, la zona office i les aules Algiers, Barcelona, Rotterdam, Antwerp i Chivitavecchia.<\/li>\n<\/ol>\n<\/li>\n<\/ol>\n<p>&nbsp;<\/p>\n<p style=\"text-align: right;\"><em><span style=\"color: #0000ff;\"><strong>Rumb al teu futur<\/strong><\/span><\/em><\/p>\n<p style=\"text-align: right;\"><em><span style=\"color: #0000ff;\"><strong>ILB \u2013 connected to change<\/strong><\/span><\/em><\/p>\n","protected":false},"excerpt":{"rendered":"<p>L&#8217;Institut de Log\u00edstica de Barcelona es situa al Moll de Barcelona a World Trade Center Barcelona. Compta amb tres espais diferenciats, un espai de serveis i dos aularis. Les aules reben el nom dels principals ports internacionals i de la Mediterr\u00e0nia:<\/p>\n<ol>\n<li style=\"list-style-type: none;\">\n<ol>\n<li>Serveis:\u00a0ubicat a la&hellip;  <a href=\"https:\/\/agora.xtec.cat\/ilb\/linstitut\/instal%c2%b7lacions\/\" title=\"Read Instal\u00b7lacions\">Llegeix m\u00e9s\u00bb<\/a><br \/>\n","protected":false},"author":1,"featured_media":0,"parent":19,"menu_order":30,"comment_status":"closed","ping_status":"closed","template":"page-templates\/side-menu.php","meta":{"_bbp_topic_count":0,"_bbp_reply_count":0,"_bbp_total_topic_count":0,"_bbp_total_reply_count":0,"_bbp_voice_count":0,"_bbp_anonymous_reply_count":0,"_bbp_topic_count_hidden":0,"_bbp_reply_count_hidden":0,"_bbp_forum_subforum_count":0,"footnotes":""},"class_list":["post-39","page","type-page","status-publish","hentry"],"post_mailing_queue_ids":[],"_links":{"self":[{"href":"https:\/\/agora.xtec.cat\/ilb\/wp-json\/wp\/v2\/pages\/39","targetHints":{"allow":["GET"]}}],"collection":[{"href":"https:\/\/agora.xtec.cat\/ilb\/wp-json\/wp\/v2\/pages"}],"about":[{"href":"https:\/\/agora.xtec.cat\/ilb\/wp-json\/wp\/v2\/types\/page"}],"author":[{"embeddable":true,"href":"https:\/\/agora.xtec.cat\/ilb\/wp-json\/wp\/v2\/users\/1"}],"replies":[{"embeddable":true,"href":"https:\/\/agora.xtec.cat\/ilb\/wp-json\/wp\/v2\/comments?post=39"}],"version-history":[{"count":4,"href":"https:\/\/agora.xtec.cat\/ilb\/wp-json\/wp\/v2\/pages\/39\/revisions"}],"predecessor-version":[{"id":4616,"href":"https:\/\/agora.xtec.cat\/ilb\/wp-json\/wp\/v2\/pages\/39\/revisions\/4616"}],"up":[{"embeddable":true,"href":"https:\/\/agora.xtec.cat\/ilb\/wp-json\/wp\/v2\/pages\/19"}],"wp:attachment":[{"href":"https:\/\/agora.xtec.cat\/ilb\/wp-json\/wp\/v2\/media?parent=39"}],"curies":[{"name":"wp","href":"https:\/\/api.w.org\/{rel}","templated":true}]}}