{"id":195,"date":"2014-09-22T10:39:39","date_gmt":"2014-09-22T10:39:39","guid":{"rendered":"http:\/\/agora.xtec.cat\/ilb\/?page_id=195"},"modified":"2023-03-02T20:17:34","modified_gmt":"2023-03-02T19:17:34","slug":"estudis","status":"publish","type":"page","link":"https:\/\/agora.xtec.cat\/ilb\/estudis\/","title":{"rendered":"Estudis"},"content":{"rendered":"<header class=\"entry-header\" style=\"color: #444444;\">\n<h1 class=\"entry-title\" style=\"font-weight: 400; color: #087eb6;\">CFGM<\/h1>\n<\/header>\n<div class=\"entry-content\" style=\"color: #444444;\">\n<ul>\n<li><a href=\"https:\/\/agora.xtec.cat\/ilb\/cicles-formatius-de-grau-mitja-2\/cfgm-activitats-comercials-logistica\/\"><strong>CFGM Activitats Comercials, perfil log\u00edstica<\/strong><\/a><\/li>\n<li><a href=\"https:\/\/agora.xtec.cat\/ilb\/cicles-formatius-de-grau-mitja-2\/cfgm-gestio-administrativa\/\"><strong>CFGM Gesti\u00f3 Administrativa<\/strong><\/a><\/li>\n<li><a href=\"https:\/\/agora.xtec.cat\/ilb\/cicles-formatius-de-grau-mitja-2\/cfgm-sistemes-microinformatics-i-xarxes\/\"><strong>CFGM Sistemes Microinform\u00e0tics i Xarxes<\/strong><\/a><\/li>\n<\/ul>\n<header class=\"entry-header\">\n<h1 class=\"entry-title\" style=\"font-weight: 400; color: #087eb6;\">CFGS<\/h1>\n<\/header>\n<ul>\n<li><a href=\"https:\/\/agora.xtec.cat\/ilb\/cicles-formatius-de-grau-superior-3\/cfgs-comerc-internacional\/\"><strong>CFGS Comer\u00e7 Internacional<\/strong><\/a><\/li>\n<li><a href=\"https:\/\/agora.xtec.cat\/ilb\/cicles-formatius-de-grau-superior-3\/cfgs-transport-i-logistica\/\"><strong>CFGS Transport i Log\u00edstica<\/strong><\/a><\/li>\n<li><a href=\"https:\/\/agora.xtec.cat\/ilb\/cicles-formatius-de-grau-superior-3\/cfgs-administracio-i-finances\/\"><strong>CFGS Administraci\u00f3 i Finances<\/strong><\/a><\/li>\n<li><a href=\"https:\/\/agora.xtec.cat\/ilb\/cicles-formatius-de-grau-superior-3\/cfgs-administracio-de-sistemes-informatica-en-xarxa-ciberseguretat\/\"><strong>CFGS Administraci\u00f3 de Sistemes Inform\u00e0tics en Xarxa Ciberseguretat<\/strong><\/a><\/li>\n<\/ul>\n<header class=\"entry-header\">\n<h1 class=\"entry-title\" style=\"font-weight: 400; color: #087eb6;\">PFI<\/h1>\n<\/header>\n<ul>\n<li><a href=\"https:\/\/agora.xtec.cat\/ilb\/programes-de-formacio-i-insercio-pfi\/\"><strong>Auxiliar de comercialitzaci\u00f3 de log\u00edstica i productes (PFI)<\/strong><\/a><\/li>\n<\/ul>\n<p>&nbsp;<\/p>\n<\/div>\n","protected":false},"excerpt":{"rendered":"<p>CFGM CFGM Activitats Comercials, perfil log\u00edstica CFGM Gesti\u00f3 Administrativa CFGM Sistemes Microinform\u00e0tics i Xarxes CFGS CFGS Comer\u00e7 Internacional CFGS Transport i Log\u00edstica CFGS Administraci\u00f3 i Finances CFGS Administraci\u00f3 de Sistemes Inform\u00e0tics en Xarxa Ciberseguretat PFI Auxiliar de comercialitzaci\u00f3 de log\u00edstica i productes (PFI) &nbsp;<\/p>\n","protected":false},"author":1,"featured_media":0,"parent":0,"menu_order":0,"comment_status":"closed","ping_status":"closed","template":"","meta":{"_bbp_topic_count":0,"_bbp_reply_count":0,"_bbp_total_topic_count":0,"_bbp_total_reply_count":0,"_bbp_voice_count":0,"_bbp_anonymous_reply_count":0,"_bbp_topic_count_hidden":0,"_bbp_reply_count_hidden":0,"_bbp_forum_subforum_count":0,"site-sidebar-layout":"default","site-content-layout":"","ast-site-content-layout":"","site-content-style":"default","site-sidebar-style":"default","ast-global-header-display":"","ast-banner-title-visibility":"","ast-main-header-display":"","ast-hfb-above-header-display":"","ast-hfb-below-header-display":"","ast-hfb-mobile-header-display":"","site-post-title":"","ast-breadcrumbs-content":"","ast-featured-img":"","footer-sml-layout":"","theme-transparent-header-meta":"","adv-header-id-meta":"","stick-header-meta":"","header-above-stick-meta":"","header-main-stick-meta":"","header-below-stick-meta":"","astra-migrate-meta-layouts":"default","ast-page-background-enabled":"default","ast-page-background-meta":{"desktop":{"background-color":"var(--ast-global-color-4)","background-image":"","background-repeat":"repeat","background-position":"center center","background-size":"auto","background-attachment":"scroll","background-type":"","background-media":"","overlay-type":"","overlay-color":"","overlay-opacity":"","overlay-gradient":""},"tablet":{"background-color":"","background-image":"","background-repeat":"repeat","background-position":"center center","background-size":"auto","background-attachment":"scroll","background-type":"","background-media":"","overlay-type":"","overlay-color":"","overlay-opacity":"","overlay-gradient":""},"mobile":{"background-color":"","background-image":"","background-repeat":"repeat","background-position":"center center","background-size":"auto","background-attachment":"scroll","background-type":"","background-media":"","overlay-type":"","overlay-color":"","overlay-opacity":"","overlay-gradient":""}},"ast-content-background-meta":{"desktop":{"background-color":"var(--ast-global-color-5)","background-image":"","background-repeat":"repeat","background-position":"center center","background-size":"auto","background-attachment":"scroll","background-type":"","background-media":"","overlay-type":"","overlay-color":"","overlay-opacity":"","overlay-gradient":""},"tablet":{"background-color":"var(--ast-global-color-5)","background-image":"","background-repeat":"repeat","background-position":"center center","background-size":"auto","background-attachment":"scroll","background-type":"","background-media":"","overlay-type":"","overlay-color":"","overlay-opacity":"","overlay-gradient":""},"mobile":{"background-color":"var(--ast-global-color-5)","background-image":"","background-repeat":"repeat","background-position":"center center","background-size":"auto","background-attachment":"scroll","background-type":"","background-media":"","overlay-type":"","overlay-color":"","overlay-opacity":"","overlay-gradient":""}},"footnotes":""},"class_list":["post-195","page","type-page","status-publish","hentry"],"post_mailing_queue_ids":[],"_links":{"self":[{"href":"https:\/\/agora.xtec.cat\/ilb\/wp-json\/wp\/v2\/pages\/195","targetHints":{"allow":["GET"]}}],"collection":[{"href":"https:\/\/agora.xtec.cat\/ilb\/wp-json\/wp\/v2\/pages"}],"about":[{"href":"https:\/\/agora.xtec.cat\/ilb\/wp-json\/wp\/v2\/types\/page"}],"author":[{"embeddable":true,"href":"https:\/\/agora.xtec.cat\/ilb\/wp-json\/wp\/v2\/users\/1"}],"replies":[{"embeddable":true,"href":"https:\/\/agora.xtec.cat\/ilb\/wp-json\/wp\/v2\/comments?post=195"}],"version-history":[{"count":4,"href":"https:\/\/agora.xtec.cat\/ilb\/wp-json\/wp\/v2\/pages\/195\/revisions"}],"predecessor-version":[{"id":1886,"href":"https:\/\/agora.xtec.cat\/ilb\/wp-json\/wp\/v2\/pages\/195\/revisions\/1886"}],"wp:attachment":[{"href":"https:\/\/agora.xtec.cat\/ilb\/wp-json\/wp\/v2\/media?parent=195"}],"curies":[{"name":"wp","href":"https:\/\/api.w.org\/{rel}","templated":true}]}}