{"id":19,"date":"2014-09-17T14:56:56","date_gmt":"2014-09-17T14:56:56","guid":{"rendered":"http:\/\/agora.xtec.cat\/ilb\/?page_id=19"},"modified":"2023-02-13T11:25:22","modified_gmt":"2023-02-13T10:25:22","slug":"linstitut","status":"publish","type":"page","link":"https:\/\/agora.xtec.cat\/ilb\/linstitut\/","title":{"rendered":"L&#8217;institut"},"content":{"rendered":"<p style=\"color: #444444;\"><a href=\"https:\/\/agora.xtec.cat\/ilb\/wp-content\/uploads\/usu2296\/2022\/03\/Foto_02_seu_provisional.jpg\"><img loading=\"lazy\" decoding=\"async\" class=\"alignnone size-large wp-image-683\" src=\"https:\/\/agora.xtec.cat\/ilb\/wp-content\/uploads\/usu2296\/2022\/03\/Foto_02_seu_provisional-1024x683.jpg\" alt=\"\" width=\"1024\" height=\"683\" srcset=\"https:\/\/agora.xtec.cat\/ilb\/wp-content\/uploads\/usu2296\/2022\/03\/Foto_02_seu_provisional-1024x683.jpg 1024w, https:\/\/agora.xtec.cat\/ilb\/wp-content\/uploads\/usu2296\/2022\/03\/Foto_02_seu_provisional-300x200.jpg 300w, https:\/\/agora.xtec.cat\/ilb\/wp-content\/uploads\/usu2296\/2022\/03\/Foto_02_seu_provisional-768x512.jpg 768w, https:\/\/agora.xtec.cat\/ilb\/wp-content\/uploads\/usu2296\/2022\/03\/Foto_02_seu_provisional-1536x1024.jpg 1536w, https:\/\/agora.xtec.cat\/ilb\/wp-content\/uploads\/usu2296\/2022\/03\/Foto_02_seu_provisional.jpg 1920w\" sizes=\"auto, (max-width: 1024px) 100vw, 1024px\" \/><\/a><\/p>\n<p><span style=\"font-weight: 400;\">L\u2019ILB \u00e9s un centre p\u00fablic de <\/span><b>Formaci\u00f3 Professional <\/b><span style=\"font-weight: 400;\">especialitzat en la <\/span><b>log\u00edstica i internacionalitzaci\u00f3 <\/b><span style=\"font-weight: 400;\">de l\u2019empresa, per donar servei a la Ind\u00fastria 4.0 que inicia la seva activitat en el curs 2022-2023 al Port de Barcelona.<\/span><\/p>\n<p><b>Qu\u00e8 ens caracteritza?<\/b><\/p>\n<ul>\n<li style=\"font-weight: 400;\" aria-level=\"1\"><span style=\"font-weight: 400;\">Centre de nova generaci\u00f3 referent en la formaci\u00f3 professional en l\u2019\u00e0mbit de la log\u00edstica i el comer\u00e7 internacional.<\/span><\/li>\n<li style=\"font-weight: 400;\" aria-level=\"1\"><span style=\"font-weight: 400;\">Donem cobertura a les empreses de l\u2019ecosistema portuari, log\u00edstic, industrial i empresarial de la ciutat de Barcelona i de Catalunya a nivell internacional.<\/span><\/li>\n<li style=\"font-weight: 400;\" aria-level=\"1\"><span style=\"font-weight: 400;\">Formem a professionals que es desenvolupen amb solv\u00e8ncia en l\u2019\u00e0mbit de la revoluci\u00f3 4.0<\/span><\/li>\n<\/ul>\n<p><b>Qu\u00e8 oferim?<\/b><\/p>\n<p><span style=\"font-weight: 400;\">Som un centre especialitzat en la formaci\u00f3 professional d\u2019alt nivell d&#8217;excel\u00b7l\u00e8ncia, amb vocaci\u00f3 biling\u00fce i d\u2019internacionalitzaci\u00f3 de les fam\u00edlies professionals de:<\/span><\/p>\n<ol>\n<li style=\"font-weight: 400;\" aria-level=\"1\"><span style=\"font-weight: 400;\">Comer\u00e7 i m\u00e0rqueting amb perfil log\u00edstic.<\/span><\/li>\n<li style=\"font-weight: 400;\" aria-level=\"1\"><span style=\"font-weight: 400;\">Administraci\u00f3 i finances.<\/span><\/li>\n<li style=\"font-weight: 400;\" aria-level=\"1\"><span style=\"font-weight: 400;\">Inform\u00e0tica i comunicacions amb especialitzaci\u00f3 en ciberseguretat.<\/span><\/li>\n<\/ol>\n<p><span style=\"font-weight: 400;\">Som un centre innovador, transparent, ambaixador del sector, generador de talent, cocreador, amb espais transformadors, que treballa en xarxa, amb metodologies actives d\u2019aprenentatge, relacional, pluriling\u00fce i internacional.<\/span><\/p>\n<p><span style=\"font-weight: 400;\">La nostra <\/span><b>missi\u00f3<\/b><span style=\"font-weight: 400;\"> \u00e9s ser prove\u00efdor de refer\u00e8ncia dels futurs professionals d&#8217;excel\u00b7l\u00e8ncia del sector.<\/span><\/p>\n<p><span style=\"font-weight: 400;\">A l\u2019ILB volem que l\u2019alumnat estigui immers en un entorn professional i professionalitzador, reproduint a l\u2019aula la realitat de l\u2019empresa.<\/span><\/p>\n<p><span style=\"font-weight: 400;\">La nostra formaci\u00f3 es caracteritza per:<\/span><\/p>\n<ul>\n<li style=\"font-weight: 400;\" aria-level=\"1\"><span style=\"font-weight: 400;\">Oferir titulacions oficials de grau mitj\u00e0 i grau superior altament reconegudes a nivell europeu.<\/span><\/li>\n<li style=\"font-weight: 400;\" aria-level=\"1\"><span style=\"font-weight: 400;\">Comptar amb les titulacions m\u00e9s demandades dins del <\/span><i><span style=\"font-weight: 400;\">cluster <\/span><\/i><span style=\"font-weight: 400;\">log\u00edstic, industrial, comercial i internacional.<\/span><\/li>\n<li style=\"font-weight: 400;\" aria-level=\"1\"><span style=\"font-weight: 400;\">Oferir possibilitats de mobilitat internacional per a tota la comunitat educativa.<\/span><\/li>\n<li style=\"font-weight: 400;\" aria-level=\"1\"><span style=\"font-weight: 400;\">Desenvolupar la formaci\u00f3 en centres de treball en modalitat <\/span><b>dual, <\/b><span style=\"font-weight: 400;\">en la majoria d\u2019ensenyaments.<\/span><\/li>\n<li style=\"font-weight: 400;\" aria-level=\"1\"><span style=\"font-weight: 400;\">Tenir un equip hum\u00e0 altament motivat i qualificat.<\/span><\/li>\n<li style=\"font-weight: 400;\" aria-level=\"1\"><span style=\"font-weight: 400;\">Apropar el centre a l\u2019empresa i l\u2019empresa al centre, estem oberts a la col\u00b7laboraci\u00f3.<\/span><\/li>\n<\/ul>\n<p><b>Una ubicaci\u00f3 privilegiada<\/b><\/p>\n<p><span style=\"font-weight: 400;\">El nostre centre inicia la seva traject\u00f2ria al <\/span><a href=\"https:\/\/www.portdebarcelona.cat\/es\/home_apb\"><span style=\"font-weight: 400;\">Port de Barcelona<\/span><\/a><span style=\"font-weight: 400;\"> a les instal\u00b7lacions del <\/span><a href=\"https:\/\/www.youtube.com\/watch?reload=9&amp;v=QC61PDc0kBA&amp;feature=youtu.be\"><span style=\"font-weight: 400;\">World Trade Center<\/span><\/a><span style=\"font-weight: 400;\">. Aquesta ser\u00e0 la nostra ubicaci\u00f3 inicial i en els pr\u00f2xims cursos ens traslladarem a una nova seu al <\/span><a href=\"https:\/\/www.portdebarcelona.cat\/es\/home_apb\"><span style=\"font-weight: 400;\">Moll de Sant Bertran<\/span><\/a><span style=\"font-weight: 400;\">. En aquest entorn el nostre alumnat es troba immers en un espai professional i professionalitzador.<\/span><\/p>\n<p>&nbsp;<\/p>\n<p style=\"text-align: right;\"><span style=\"color: #3366ff;\">Rumb al teu futur<\/span><\/p>\n<p style=\"text-align: right;\"><span style=\"color: #3366ff;\"><b><i>ILB \u2013 connected to change<\/i><\/b><\/span><\/p>\n","protected":false},"excerpt":{"rendered":"<p>L\u2019ILB \u00e9s un centre p\u00fablic de Formaci\u00f3 Professional especialitzat en la log\u00edstica i internacionalitzaci\u00f3 de l\u2019empresa, per donar servei a la Ind\u00fastria 4.0 que inicia la seva activitat en el curs 2022-2023 al Port de Barcelona. Qu\u00e8 ens caracteritza? Centre de nova generaci\u00f3 referent en la formaci\u00f3 professional en l\u2019\u00e0mbit de la log\u00edstica i el [&hellip;]<\/p>\n","protected":false},"author":1,"featured_media":0,"parent":0,"menu_order":0,"comment_status":"closed","ping_status":"closed","template":"page-templates\/side-menu.php","meta":{"_bbp_topic_count":0,"_bbp_reply_count":0,"_bbp_total_topic_count":0,"_bbp_total_reply_count":0,"_bbp_voice_count":0,"_bbp_anonymous_reply_count":0,"_bbp_topic_count_hidden":0,"_bbp_reply_count_hidden":0,"_bbp_forum_subforum_count":0,"site-sidebar-layout":"default","site-content-layout":"","ast-site-content-layout":"","site-content-style":"default","site-sidebar-style":"default","ast-global-header-display":"","ast-banner-title-visibility":"","ast-main-header-display":"","ast-hfb-above-header-display":"","ast-hfb-below-header-display":"","ast-hfb-mobile-header-display":"","site-post-title":"","ast-breadcrumbs-content":"","ast-featured-img":"","footer-sml-layout":"","theme-transparent-header-meta":"","adv-header-id-meta":"","stick-header-meta":"","header-above-stick-meta":"","header-main-stick-meta":"","header-below-stick-meta":"","astra-migrate-meta-layouts":"default","ast-page-background-enabled":"default","ast-page-background-meta":{"desktop":{"background-color":"var(--ast-global-color-4)","background-image":"","background-repeat":"repeat","background-position":"center center","background-size":"auto","background-attachment":"scroll","background-type":"","background-media":"","overlay-type":"","overlay-color":"","overlay-opacity":"","overlay-gradient":""},"tablet":{"background-color":"","background-image":"","background-repeat":"repeat","background-position":"center center","background-size":"auto","background-attachment":"scroll","background-type":"","background-media":"","overlay-type":"","overlay-color":"","overlay-opacity":"","overlay-gradient":""},"mobile":{"background-color":"","background-image":"","background-repeat":"repeat","background-position":"center center","background-size":"auto","background-attachment":"scroll","background-type":"","background-media":"","overlay-type":"","overlay-color":"","overlay-opacity":"","overlay-gradient":""}},"ast-content-background-meta":{"desktop":{"background-color":"var(--ast-global-color-5)","background-image":"","background-repeat":"repeat","background-position":"center center","background-size":"auto","background-attachment":"scroll","background-type":"","background-media":"","overlay-type":"","overlay-color":"","overlay-opacity":"","overlay-gradient":""},"tablet":{"background-color":"var(--ast-global-color-5)","background-image":"","background-repeat":"repeat","background-position":"center center","background-size":"auto","background-attachment":"scroll","background-type":"","background-media":"","overlay-type":"","overlay-color":"","overlay-opacity":"","overlay-gradient":""},"mobile":{"background-color":"var(--ast-global-color-5)","background-image":"","background-repeat":"repeat","background-position":"center center","background-size":"auto","background-attachment":"scroll","background-type":"","background-media":"","overlay-type":"","overlay-color":"","overlay-opacity":"","overlay-gradient":""}},"footnotes":""},"class_list":["post-19","page","type-page","status-publish","hentry"],"post_mailing_queue_ids":[],"_links":{"self":[{"href":"https:\/\/agora.xtec.cat\/ilb\/wp-json\/wp\/v2\/pages\/19","targetHints":{"allow":["GET"]}}],"collection":[{"href":"https:\/\/agora.xtec.cat\/ilb\/wp-json\/wp\/v2\/pages"}],"about":[{"href":"https:\/\/agora.xtec.cat\/ilb\/wp-json\/wp\/v2\/types\/page"}],"author":[{"embeddable":true,"href":"https:\/\/agora.xtec.cat\/ilb\/wp-json\/wp\/v2\/users\/1"}],"replies":[{"embeddable":true,"href":"https:\/\/agora.xtec.cat\/ilb\/wp-json\/wp\/v2\/comments?post=19"}],"version-history":[{"count":4,"href":"https:\/\/agora.xtec.cat\/ilb\/wp-json\/wp\/v2\/pages\/19\/revisions"}],"predecessor-version":[{"id":1706,"href":"https:\/\/agora.xtec.cat\/ilb\/wp-json\/wp\/v2\/pages\/19\/revisions\/1706"}],"wp:attachment":[{"href":"https:\/\/agora.xtec.cat\/ilb\/wp-json\/wp\/v2\/media?parent=19"}],"curies":[{"name":"wp","href":"https:\/\/api.w.org\/{rel}","templated":true}]}}