{"id":1898,"date":"2023-03-02T21:11:24","date_gmt":"2023-03-02T20:11:24","guid":{"rendered":"https:\/\/agora.xtec.cat\/ilb\/?page_id=1898"},"modified":"2025-12-17T17:11:01","modified_gmt":"2025-12-17T16:11:01","slug":"preinscripcio-cfgm-23-24","status":"publish","type":"page","link":"https:\/\/agora.xtec.cat\/ilb\/preinscripcio-cfgm-23-24\/","title":{"rendered":"Preinscripci\u00f3 CFGM curs 2025-2026"},"content":{"rendered":"<p><strong><a href=\"https:\/\/preinscripcio.gencat.cat\/ca\/estudis\/fp-grau-mitja\/inici\/\">Informaci\u00f3 de la preinscripci\u00f3 per a cicles de formaci\u00f3 professional de grau mitj\u00e0<\/a><\/strong><\/p>\n<p>En aquest espai s&#8217;anir\u00e0 penjant la informaci\u00f3 i llistes de cada una de les fases de preinscripci\u00f3 tal com us marca el mapa de l&#8217;enlla\u00e7 anterior:<\/p>\n<p><strong><a href=\"https:\/\/drive.google.com\/file\/d\/1K_VflFfYfpT0ib6pCBAmm74HIrWuzGC_\/view?usp=sharing\" target=\"_blank\" rel=\"noopener\"><img loading=\"lazy\" decoding=\"async\" class=\"aligncenter size-large wp-image-4237\" src=\"https:\/\/agora.xtec.cat\/ilb\/wp-content\/uploads\/usu2296\/2025\/05\/Captura-de-pantalla-2025-05-23-120937_01-1024x710.png\" alt=\"\" width=\"1024\" height=\"710\" srcset=\"https:\/\/agora.xtec.cat\/ilb\/wp-content\/uploads\/usu2296\/2025\/05\/Captura-de-pantalla-2025-05-23-120937_01-1024x710.png 1024w, https:\/\/agora.xtec.cat\/ilb\/wp-content\/uploads\/usu2296\/2025\/05\/Captura-de-pantalla-2025-05-23-120937_01-300x208.png 300w, https:\/\/agora.xtec.cat\/ilb\/wp-content\/uploads\/usu2296\/2025\/05\/Captura-de-pantalla-2025-05-23-120937_01-768x533.png 768w, https:\/\/agora.xtec.cat\/ilb\/wp-content\/uploads\/usu2296\/2025\/05\/Captura-de-pantalla-2025-05-23-120937_01.png 1273w\" sizes=\"auto, (max-width: 1024px) 100vw, 1024px\" \/><\/a><a href=\"https:\/\/drive.google.com\/file\/d\/1K_VflFfYfpT0ib6pCBAmm74HIrWuzGC_\/view?usp=sharing\" target=\"_blank\" rel=\"noopener\"><img loading=\"lazy\" decoding=\"async\" class=\"aligncenter size-large wp-image-4238\" src=\"https:\/\/agora.xtec.cat\/ilb\/wp-content\/uploads\/usu2296\/2025\/05\/Captura-de-pantalla-2025-05-23-120937_02-1024x713.png\" alt=\"\" width=\"1024\" height=\"713\" srcset=\"https:\/\/agora.xtec.cat\/ilb\/wp-content\/uploads\/usu2296\/2025\/05\/Captura-de-pantalla-2025-05-23-120937_02-1024x713.png 1024w, https:\/\/agora.xtec.cat\/ilb\/wp-content\/uploads\/usu2296\/2025\/05\/Captura-de-pantalla-2025-05-23-120937_02-300x209.png 300w, https:\/\/agora.xtec.cat\/ilb\/wp-content\/uploads\/usu2296\/2025\/05\/Captura-de-pantalla-2025-05-23-120937_02-768x535.png 768w, https:\/\/agora.xtec.cat\/ilb\/wp-content\/uploads\/usu2296\/2025\/05\/Captura-de-pantalla-2025-05-23-120937_02.png 1258w\" sizes=\"auto, (max-width: 1024px) 100vw, 1024px\" \/><\/a><a href=\"https:\/\/drive.google.com\/file\/d\/1K_VflFfYfpT0ib6pCBAmm74HIrWuzGC_\/view?usp=sharing\" target=\"_blank\" rel=\"noopener\"><img loading=\"lazy\" decoding=\"async\" class=\"aligncenter size-large wp-image-4239\" src=\"https:\/\/agora.xtec.cat\/ilb\/wp-content\/uploads\/usu2296\/2025\/05\/Captura-de-pantalla-2025-05-23-120937_03-1024x712.png\" alt=\"\" width=\"1024\" height=\"712\" srcset=\"https:\/\/agora.xtec.cat\/ilb\/wp-content\/uploads\/usu2296\/2025\/05\/Captura-de-pantalla-2025-05-23-120937_03-1024x712.png 1024w, https:\/\/agora.xtec.cat\/ilb\/wp-content\/uploads\/usu2296\/2025\/05\/Captura-de-pantalla-2025-05-23-120937_03-300x209.png 300w, https:\/\/agora.xtec.cat\/ilb\/wp-content\/uploads\/usu2296\/2025\/05\/Captura-de-pantalla-2025-05-23-120937_03-768x534.png 768w, https:\/\/agora.xtec.cat\/ilb\/wp-content\/uploads\/usu2296\/2025\/05\/Captura-de-pantalla-2025-05-23-120937_03.png 1261w\" sizes=\"auto, (max-width: 1024px) 100vw, 1024px\" \/><\/a>Publicaci\u00f3 de l&#8217;oferta inicial de places alumnat formaci\u00f3 professional grau mitj\u00e0<\/strong><\/p>\n<ul>\n<li style=\"list-style-type: none;\">\n<ul>\n<li><a href=\"https:\/\/agora.xtec.cat\/ilb\/wp-content\/uploads\/usu2296\/2025\/05\/Preinscripcio_2526_INFORME_OFERTA_OME_CFGM.pdf\">Oferta inicial de places en format PDF<\/a><\/li>\n<li><a href=\"https:\/\/agora.xtec.cat\/ilb\/wp-content\/uploads\/usu2296\/2025\/06\/INFORME_BAREM_PROVISIONAL_BAREM_CFGM.pdf\" target=\"_blank\" rel=\"noopener\">Publicaci\u00f3 de la llista de sol\u00b7licituds que han demanat el centre i l&#8217;ensenyament en primera petici\u00f3 amb la puntuaci\u00f3 provisional en format PDF<\/a><\/li>\n<li><a href=\"https:\/\/agora.xtec.cat\/ilb\/wp-content\/uploads\/usu2296\/2025\/07\/INFORME_BAREM_RESOLTES_BAREM_CFGM.pdf\">Publicaci\u00f3 de la llista de sol\u00b7licituds que han demanat el centre i l&#8217;ensenyament en primera petici\u00f3 amb la puntuaci\u00f3 resoltes les reclamacions en format PDF<\/a><\/li>\n<li><a href=\"https:\/\/agora.xtec.cat\/ilb\/wp-content\/uploads\/usu2296\/2025\/07\/1aTANDA_CFGM_INFORME_ASSIGNADES.pdf\">Publicaci\u00f3 de l&#8217;alumnat assignat al centre en primera tanda en format PDF<\/a><\/li>\n<li><a href=\"https:\/\/agora.xtec.cat\/ilb\/wp-content\/uploads\/usu2296\/2025\/07\/INFORME_OFERTA_OME_INFORME_OFERTA_CFGM.pdf\" target=\"_blank\" rel=\"noopener\">Publicaci\u00f3 de l&#8217;oferta definitiva de places en format PDF<\/a><\/li>\n<li>IMPORTANT! El per\u00edode de confirmaci\u00f3 de matr\u00edcula en l\u00ednia per a l&#8217;alumnat als quals se&#8217;ls ha assignat la primera opci\u00f3 \u00e9s de l&#8217;11 al 14 de juliol de 2025, ambd\u00f3s inclosos. Aquest alumnat durant aquest per\u00edode podr\u00e0 optar per:\n<ul>\n<li>Confirmar la matr\u00edcula en l\u00ednia si t\u00e9 assignada<strong> la primera opci\u00f3<\/strong>; o<\/li>\n<li>Renunciar a la pla\u00e7a. Si l&#8217;alumne\/a renuncia a la pla\u00e7a quedar\u00e0 excl\u00f2s del proc\u00e9s de preinscripci\u00f3.<\/li>\n<li>L&#8217;alumnat que ha confirmat pla\u00e7a, rebr\u00e0 el dia 15 de juliol un missatge a l&#8217;adre\u00e7a electr\u00f2nica associada al codi de sol\u00b7licitud amb les instruccions de matr\u00edcula que ser\u00e0 en l\u00ednia, no cal venir al centre.<\/li>\n<\/ul>\n<\/li>\n<li><a href=\"https:\/\/agora.xtec.cat\/ilb\/wp-content\/uploads\/usu2296\/2025\/07\/2aTANDA_INFORME_ASSIGNADES_CFGM.pdf\">Publicaci\u00f3 de l&#8217;alumnat assignat al centre en segona tanda en format PDF<\/a><\/li>\n<li><a href=\"https:\/\/agora.xtec.cat\/ilb\/wp-content\/uploads\/usu2296\/2025\/07\/2aTANDA_INFORME_PREINSCRITES_CFGM.pdf\">Publicaci\u00f3 de l&#8217;alumnat preinscrit al centre amb indicaci\u00f3 de l&#8217;assignaci\u00f3 i l&#8217;ordre de petici\u00f3 de la segona tanda en format PDF<\/a><\/li>\n<li><a href=\"https:\/\/agora.xtec.cat\/ilb\/wp-content\/uploads\/usu2296\/2025\/07\/INFORME_ASSIGNADES_INFORME_ASSIGNADES_3T_CFGM.pdf\" target=\"_blank\" rel=\"noopener\">Publicaci\u00f3 de l&#8217;alumnat assignat al centre en tercera tanda en format PDF<\/a><\/li>\n<li><a href=\"https:\/\/agora.xtec.cat\/ilb\/wp-content\/uploads\/usu2296\/2025\/07\/INFORME_PREINSCRITES_OME_INFORME_PREINSCRITES_3T_CFGM.pdf\" target=\"_blank\" rel=\"noopener\">Publicaci\u00f3 de l&#8217;alumnat preinscrit al centre en tercera tanda en format PDF\u00a0\u00a0<\/a>\n<ul>\n<li>IMPORTANT! El 30 i 31 de juliol de 2025, ambd\u00f3s inclosos ser\u00e0 el per\u00edode de confirmaci\u00f3 de matr\u00edcula en l\u00ednia. Tindreu un enlla\u00e7 dins del vostre apartat de la sol\u00b7licitud de preinscripci\u00f3 o des de l&#8217;enlla\u00e7 que us envi\u00ef el Departament d&#8217;Educaci\u00f3.<\/li>\n<li>NO HEU DE VENIR AL CENTRE A MATRICULAR-VOS perqu\u00e8 se us enviar\u00e0 a l&#8217;alumnat que heu confirmat pla\u00e7a un missatge a la vostra adre\u00e7a electr\u00f2nica associada a la vostra sol\u00b7licitud les indicacions de com fer la matr\u00edcula en l\u00ednia. RECORDEU que el formulari que rebeu de matr\u00edcula, com a m\u00e0xim podeu omplir-lo el 4 de setembre. Encara que s&#8217;hagi confirmat pla\u00e7a, si no es presenta la documentaci\u00f3, es perd la pla\u00e7a assignada.<\/li>\n<\/ul>\n<\/li>\n<\/ul>\n<\/li>\n<\/ul>\n<p>&nbsp;<\/p>\n<p style=\"text-align: right;\"><em><span style=\"color: #0000ff;\"><strong>Rumb al teu futur<\/strong><\/span><\/em><\/p>\n<p style=\"text-align: right;\"><em><span style=\"color: #0000ff;\"><strong>ILB \u2013 connected to change<\/strong><\/span><\/em><\/p>\n","protected":false},"excerpt":{"rendered":"<p><a href=\"https:\/\/preinscripcio.gencat.cat\/ca\/estudis\/fp-grau-mitja\/inici\/\">Informaci\u00f3 de la preinscripci\u00f3 per a cicles de formaci\u00f3 professional de grau mitj\u00e0<\/a><br \/>\nEn aquest espai s&#8217;anir\u00e0 penjant la informaci\u00f3 i llistes de cada una de les fases de preinscripci\u00f3 tal com us marca el mapa de l&#8217;enlla\u00e7 anterior:<br \/>\n<a href=\"https:\/\/drive.google.com\/file\/d\/1K_VflFfYfpT0ib6pCBAmm74HIrWuzGC_\/view?usp=sharing\" target=\"_blank\" rel=\"noopener\"><\/a><a href=\"https:\/\/drive.google.com\/file\/d\/1K_VflFfYfpT0ib6pCBAmm74HIrWuzGC_\/view?usp=sharing\" target=\"_blank\" rel=\"noopener\"><\/a><a&hellip;  <a href=\"https:\/\/agora.xtec.cat\/ilb\/preinscripcio-cfgm-23-24\/\" title=\"Read Preinscripci\u00f3 CFGM curs 2025-2026\">Llegeix m\u00e9s\u00bb<\/a><\/p>\n","protected":false},"author":1,"featured_media":0,"parent":0,"menu_order":0,"comment_status":"closed","ping_status":"closed","template":"","meta":{"_bbp_topic_count":0,"_bbp_reply_count":0,"_bbp_total_topic_count":0,"_bbp_total_reply_count":0,"_bbp_voice_count":0,"_bbp_anonymous_reply_count":0,"_bbp_topic_count_hidden":0,"_bbp_reply_count_hidden":0,"_bbp_forum_subforum_count":0,"footnotes":""},"class_list":["post-1898","page","type-page","status-publish","hentry"],"post_mailing_queue_ids":[],"_links":{"self":[{"href":"https:\/\/agora.xtec.cat\/ilb\/wp-json\/wp\/v2\/pages\/1898","targetHints":{"allow":["GET"]}}],"collection":[{"href":"https:\/\/agora.xtec.cat\/ilb\/wp-json\/wp\/v2\/pages"}],"about":[{"href":"https:\/\/agora.xtec.cat\/ilb\/wp-json\/wp\/v2\/types\/page"}],"author":[{"embeddable":true,"href":"https:\/\/agora.xtec.cat\/ilb\/wp-json\/wp\/v2\/users\/1"}],"replies":[{"embeddable":true,"href":"https:\/\/agora.xtec.cat\/ilb\/wp-json\/wp\/v2\/comments?post=1898"}],"version-history":[{"count":6,"href":"https:\/\/agora.xtec.cat\/ilb\/wp-json\/wp\/v2\/pages\/1898\/revisions"}],"predecessor-version":[{"id":4421,"href":"https:\/\/agora.xtec.cat\/ilb\/wp-json\/wp\/v2\/pages\/1898\/revisions\/4421"}],"wp:attachment":[{"href":"https:\/\/agora.xtec.cat\/ilb\/wp-json\/wp\/v2\/media?parent=1898"}],"curies":[{"name":"wp","href":"https:\/\/api.w.org\/{rel}","templated":true}]}}