{"id":898,"date":"2025-10-28T18:31:32","date_gmt":"2025-10-28T17:31:32","guid":{"rendered":"https:\/\/agora.xtec.cat\/ifpsantpau\/?page_id=898"},"modified":"2026-02-09T13:03:10","modified_gmt":"2026-02-09T12:03:10","slug":"cures-auxiliars-dinfermeria-cai","status":"publish","type":"page","link":"https:\/\/agora.xtec.cat\/ifpsantpau\/projecte-educatiu\/projecte-2\/cures-auxiliars-dinfermeria-cai\/","title":{"rendered":"CFGM Cures Auxiliars d&#8217;Infermeria (CAI)"},"content":{"rendered":"\n<p>El&nbsp;<strong>Cicle Formatiu de Grau Mitj\u00e0 en Cures Auxiliars d\u2019Infermeria<\/strong>&nbsp;prepara professionals per&nbsp;<strong>aplicar cures b\u00e0siques al pacient<\/strong>,&nbsp;<strong>mantenir les condicions higi\u00e8niques<\/strong>&nbsp;de l\u2019entorn sanitari i&nbsp;<strong>col\u00b7laborar en l\u2019atenci\u00f3 f\u00edsica i ps\u00edquica<\/strong>. Tamb\u00e9 poden&nbsp;<strong>participar en tasques d\u2019instrumentaci\u00f3 bucodental<\/strong>, donant suport al personal sanitari i contribuint a una&nbsp;<strong>atenci\u00f3 segura i de qualitat<\/strong>.<\/p>\n\n\n\n<p>T\u00e9 una durada d&#8217;<strong>un curs acad\u00e8mic<\/strong>&nbsp;distribu\u00efts en<strong>&nbsp;1400 hores<\/strong>, de les quals&nbsp;<strong>410<\/strong>&nbsp;<strong>hores<\/strong>&nbsp;s\u00f3n de formaci\u00f3 en centres de treball.<\/p>\n\n\n<h3><strong><span style=\"color: #e04b35;\">Horari<\/span><\/strong><\/h3>\n\n\n<p><strong>Mat\u00ed:<\/strong>&nbsp;De 08:00 a 14:30 (3 grups)<\/p>\n\n\n\n<p><strong>Tarda:<\/strong>&nbsp;De 15:00 a 21:30 (3 grups)<\/p>\n\n\n<h3><strong><span style=\"color: #e04b35;\">Pla d&#8217;estudis<\/span><\/strong><\/h3>\n<p>Relaci\u00f3 de cr\u00e8dits que s\u2019imparteixen al cicle amb el total d\u2019hores per cr\u00e8dit.<\/p>\n\n\n<div class=\"wp-block-columns alignfull are-vertically-aligned-top is-layout-flex wp-container-core-columns-is-layout-1 wp-block-columns-is-layout-flex\">\n<div class=\"wp-block-column is-vertically-aligned-top is-layout-flow wp-block-column-is-layout-flow\" style=\"flex-basis:100%\">\n<figure class=\"wp-block-table\"><table class=\"has-fixed-layout\"><tbody><tr><td class=\"has-text-align-center\" data-align=\"center\"><strong><mark style=\"background-color:rgba(0, 0, 0, 0)\" class=\"has-inline-color has-ast-global-color-1-color\">Cr\u00e8dits<\/mark><\/strong><\/td><td class=\"has-text-align-center\" data-align=\"center\"><mark style=\"background-color:rgba(0, 0, 0, 0)\" class=\"has-inline-color has-ast-global-color-1-color\"><strong>Hores<\/strong> <strong>centre<\/strong> <strong>educatiu<\/strong><\/mark><\/td><\/tr><tr><td class=\"has-text-align-center\" data-align=\"center\"><strong>Operacions administratives i documentaci\u00f3 sanit\u00e0ria<\/strong><\/td><td class=\"has-text-align-center\" data-align=\"center\">66<\/td><\/tr><tr><td class=\"has-text-align-center\" data-align=\"center\"><strong>L\u2019\u00e9sser hum\u00e0 davant la malaltia<\/strong><\/td><td class=\"has-text-align-center\" data-align=\"center\">66<\/td><\/tr><tr><td class=\"has-text-align-center\" data-align=\"center\"><strong>Benestar del pacient: necessitats d\u2019higiene, rep\u00f2s i moviments<\/strong><\/td><td class=\"has-text-align-center\" data-align=\"center\">66<\/td><\/tr><tr><td class=\"has-text-align-center\" data-align=\"center\"><strong>Cures auxiliars d\u2019infermeria aplicades a l\u2019\u00e9sser hum\u00e0<\/strong><\/td><td class=\"has-text-align-center\" data-align=\"center\">264<\/td><\/tr><tr><td class=\"has-text-align-center\" data-align=\"center\"><strong>Primers auxilis<\/strong><\/td><td class=\"has-text-align-center\" data-align=\"center\">33<\/td><\/tr><tr><td class=\"has-text-align-center\" data-align=\"center\"><strong>Higiene del medi hospitalari i neteja del material<\/strong><\/td><td class=\"has-text-align-center\" data-align=\"center\">99<\/td><\/tr><tr><td class=\"has-text-align-center\" data-align=\"center\"><strong>Recolzament psicol\u00f2gic al pacient<\/strong><\/td><td class=\"has-text-align-center\" data-align=\"center\">33<\/td><\/tr><tr><td class=\"has-text-align-center\" data-align=\"center\"><strong>Educaci\u00f3 per a la salut<\/strong><\/td><td class=\"has-text-align-center\" data-align=\"center\">33<\/td><\/tr><tr><td class=\"has-text-align-center\" data-align=\"center\"><strong>T\u00e8cniques d\u2019ajuda odontol\u00f2gica\/estomatol\u00f2gica<\/strong><\/td><td class=\"has-text-align-center\" data-align=\"center\">99<\/td><\/tr><tr><td class=\"has-text-align-center\" data-align=\"center\"><strong>Relaci\u00f3 en l\u2019equip de Treball (RET)<\/strong><\/td><td class=\"has-text-align-center\" data-align=\"center\">66<\/td><\/tr><tr><td class=\"has-text-align-center\" data-align=\"center\"><strong>Formaci\u00f3 i orientaci\u00f3 laboral (FOL)<\/strong><\/td><td class=\"has-text-align-center\" data-align=\"center\">66<\/td><\/tr><tr><td class=\"has-text-align-center\" data-align=\"center\"><strong>Formaci\u00f3 a centres de treball (FCT)<\/strong><\/td><td class=\"has-text-align-center\" data-align=\"center\">410<\/td><\/tr><tr><td class=\"has-text-align-center\" data-align=\"center\"><strong>S\u00edntesi<\/strong><\/td><td class=\"has-text-align-center\" data-align=\"center\">66<\/td><\/tr><\/tbody><\/table><\/figure>\n<\/div>\n<\/div>\n\n\n<h3><strong><span style=\"color: #e04b35;\">Sortides professionals\u00a0<\/span><\/strong><\/h3>\n\n\n<ul class=\"wp-block-list\">\n<li>Atenci\u00f3 prim\u00e0ria i comunit\u00e0ria: domicili\u00e0ria, promoci\u00f3 de la salut, salut bucodental, consultes i resid\u00e8ncies de gent gran.<\/li>\n\n\n\n<li>Atenci\u00f3 especialitzada: consultes, hospitalitzaci\u00f3, urg\u00e8ncies, pediatria, unitats especials (UVI, UCI, etc.), geriatria, etc.<\/li>\n\n\n\n<li>Centres sanitaris p\u00fablics i privats, centres balneoterap\u00e8utics, departaments d\u2019assumptes socials dels ministeris, comunitats aut\u00f2nomes i ajuntaments.<\/li>\n<\/ul>\n\n\n<h3><strong><span style=\"color: #e04b35;\">Continu\u00eftat formativa<\/span><\/strong><\/h3>\n\n\n<ul class=\"wp-block-list\">\n<li>Cursos d\u2019especialitzaci\u00f3 professional.<\/li>\n\n\n\n<li>Un altre Cicle de Formaci\u00f3 Professional de Grau Mitj\u00e0 o Superior amb la possibilitat d\u2019establir convalidacions de m\u00f2duls professionals d\u2019acord amb la normativa vigent.<\/li>\n\n\n\n<li>El Batxillerat en qualsevol de les seves modalitats.<\/li>\n\n\n\n<li>Preparaci\u00f3 de les Proves d\u2019Avaluaci\u00f3 de Batxillerat (nom\u00e9s les mat\u00e8ries troncals).<\/li>\n<\/ul>\n\n\n\n<p><\/p>\n","protected":false},"excerpt":{"rendered":"<p>El&nbsp;Cicle Formatiu de Grau Mitj\u00e0 en Cures Auxiliars d\u2019Infermeria&nbsp;prepara professionals per&nbsp;aplicar cures b\u00e0siques al pacient,&nbsp;mantenir les condicions higi\u00e8niques&nbsp;de l\u2019entorn sanitari i&nbsp;col\u00b7laborar en l\u2019atenci\u00f3 f\u00edsica i ps\u00edquica. Tamb\u00e9 poden&nbsp;participar en tasques d\u2019instrumentaci\u00f3 bucodental, donant suport al personal sanitari i contribuint a una&nbsp;atenci\u00f3 segura i de qualitat. T\u00e9 una durada d&#8217;un curs acad\u00e8mic&nbsp;distribu\u00efts en&nbsp;1400 hores, de les [&hellip;]<\/p>\n","protected":false},"author":1,"featured_media":0,"parent":617,"menu_order":2,"comment_status":"closed","ping_status":"closed","template":"","meta":{"site-sidebar-layout":"default","site-content-layout":"","ast-site-content-layout":"default","site-content-style":"default","site-sidebar-style":"default","ast-global-header-display":"","ast-banner-title-visibility":"","ast-main-header-display":"","ast-hfb-above-header-display":"","ast-hfb-below-header-display":"","ast-hfb-mobile-header-display":"","site-post-title":"","ast-breadcrumbs-content":"","ast-featured-img":"","footer-sml-layout":"","theme-transparent-header-meta":"","adv-header-id-meta":"","stick-header-meta":"","header-above-stick-meta":"","header-main-stick-meta":"","header-below-stick-meta":"","astra-migrate-meta-layouts":"set","ast-page-background-enabled":"default","ast-page-background-meta":{"desktop":{"background-color":"var(--ast-global-color-4)","background-image":"","background-repeat":"repeat","background-position":"center center","background-size":"auto","background-attachment":"scroll","background-type":"","background-media":"","overlay-type":"","overlay-color":"","overlay-opacity":"","overlay-gradient":""},"tablet":{"background-color":"","background-image":"","background-repeat":"repeat","background-position":"center center","background-size":"auto","background-attachment":"scroll","background-type":"","background-media":"","overlay-type":"","overlay-color":"","overlay-opacity":"","overlay-gradient":""},"mobile":{"background-color":"","background-image":"","background-repeat":"repeat","background-position":"center center","background-size":"auto","background-attachment":"scroll","background-type":"","background-media":"","overlay-type":"","overlay-color":"","overlay-opacity":"","overlay-gradient":""}},"ast-content-background-meta":{"desktop":{"background-color":"var(--ast-global-color-5)","background-image":"","background-repeat":"repeat","background-position":"center center","background-size":"auto","background-attachment":"scroll","background-type":"","background-media":"","overlay-type":"","overlay-color":"","overlay-opacity":"","overlay-gradient":""},"tablet":{"background-color":"var(--ast-global-color-5)","background-image":"","background-repeat":"repeat","background-position":"center center","background-size":"auto","background-attachment":"scroll","background-type":"","background-media":"","overlay-type":"","overlay-color":"","overlay-opacity":"","overlay-gradient":""},"mobile":{"background-color":"var(--ast-global-color-5)","background-image":"","background-repeat":"repeat","background-position":"center center","background-size":"auto","background-attachment":"scroll","background-type":"","background-media":"","overlay-type":"","overlay-color":"","overlay-opacity":"","overlay-gradient":""}},"footnotes":""},"class_list":["post-898","page","type-page","status-publish","hentry"],"post_mailing_queue_ids":[],"_links":{"self":[{"href":"https:\/\/agora.xtec.cat\/ifpsantpau\/wp-json\/wp\/v2\/pages\/898","targetHints":{"allow":["GET"]}}],"collection":[{"href":"https:\/\/agora.xtec.cat\/ifpsantpau\/wp-json\/wp\/v2\/pages"}],"about":[{"href":"https:\/\/agora.xtec.cat\/ifpsantpau\/wp-json\/wp\/v2\/types\/page"}],"author":[{"embeddable":true,"href":"https:\/\/agora.xtec.cat\/ifpsantpau\/wp-json\/wp\/v2\/users\/1"}],"replies":[{"embeddable":true,"href":"https:\/\/agora.xtec.cat\/ifpsantpau\/wp-json\/wp\/v2\/comments?post=898"}],"version-history":[{"count":6,"href":"https:\/\/agora.xtec.cat\/ifpsantpau\/wp-json\/wp\/v2\/pages\/898\/revisions"}],"predecessor-version":[{"id":1078,"href":"https:\/\/agora.xtec.cat\/ifpsantpau\/wp-json\/wp\/v2\/pages\/898\/revisions\/1078"}],"up":[{"embeddable":true,"href":"https:\/\/agora.xtec.cat\/ifpsantpau\/wp-json\/wp\/v2\/pages\/617"}],"wp:attachment":[{"href":"https:\/\/agora.xtec.cat\/ifpsantpau\/wp-json\/wp\/v2\/media?parent=898"}],"curies":[{"name":"wp","href":"https:\/\/api.w.org\/{rel}","templated":true}]}}