{"id":1493,"date":"2026-04-07T14:41:04","date_gmt":"2026-04-07T12:41:04","guid":{"rendered":"https:\/\/agora.xtec.cat\/ifpsantpau\/?page_id=1493"},"modified":"2026-04-07T17:29:40","modified_gmt":"2026-04-07T15:29:40","slug":"novetats","status":"publish","type":"page","link":"https:\/\/agora.xtec.cat\/ifpsantpau\/novetats\/","title":{"rendered":"Novetats"},"content":{"rendered":"\n<p class=\"has-medium-font-size\"><strong>Beques per a ensenyaments postobligatoris no universitaris: convocat\u00f2ria oberta<\/strong><\/p>\n\n\n\n<p>S&#8217;ha publicat la <a href=\"https:\/\/portaldogc.gencat.cat\/utilsEADOP\/PDF\/9635\/2142952.pdf\">convocat\u00f2ria de beques<\/a> per a ensenyaments postobligatoris no universitaris pel curs 2026-2027.<br><strong>Qui pot demanar la beca?<\/strong><br>Els alumnes que durant el curs acad\u00e8mic 2026-2027 tinguin previst fer algun d&#8217;aquests estudis no universitaris:<\/p>\n\n\n\n<ul class=\"wp-block-list\">\n<li>Batxillerat.<\/li>\n\n\n\n<li>Formaci\u00f3 professional de grau mitj\u00e0 i de grau superior.<\/li>\n\n\n\n<li>Ensenyaments art\u00edstics professionals.<\/li>\n\n\n\n<li>Ensenyaments esportius.<\/li>\n\n\n\n<li>Ensenyaments art\u00edstics superiors.<\/li>\n\n\n\n<li>Estudis religiosos superiors.<\/li>\n\n\n\n<li>Estudis d&#8217;idiomes en escoles oficials (inclosa la modalitat de dist\u00e0ncia).<\/li>\n\n\n\n<li>Cursos d&#8217;acc\u00e9s i cursos de preparaci\u00f3 per a les proves d&#8217;acc\u00e9s a la formaci\u00f3 professional i cursos de formaci\u00f3 espec\u00edfics per a l&#8217;acc\u00e9s als cicles de grau mitj\u00e0 i de grau superior impartits en centres p\u00fablics i en centres privats.<\/li>\n\n\n\n<li>Cicles formatius de grau b\u00e0sic.<br><strong>Per\u00edode de sol\u00b7licituds<\/strong><br>El termini per sol\u00b7licitar les beques \u00e9s del 7 d\u2019abril a les 8 hores fins al 18 de maig de 2026 a les 15 hores.<br><strong>Novetats<\/strong><\/li>\n\n\n\n<li>A partir del curs 2026-2027, la sol\u00b7licitud s\u2019ha de realitzar on estigui el domicili familiar de l\u2019alumnat sol\u00b7licitant. En el cas de Catalunya, s\u2019ha de sol\u00b7licitar a trav\u00e9s d\u2019<a href=\"https:\/\/tramits.gencat.cat\/ca\/tramits\/tramits-temes\/beques-estudis-no-universitaris?moda=1\">aquest enlla\u00e7<\/a> i el Departament gestionar\u00e0 la sol\u00b7licitud. <strong>Atenci\u00f3!<\/strong> No se sol\u00b7licita a la seu del Ministeri d\u2019Educaci\u00f3 com en convocat\u00f2ries anteriors.<\/li>\n\n\n\n<li>Per accedir al formulari de sol\u00b7licitud cal identificar-se digitalment (idCAT M\u00f2bil, l&#8217;idCAT Certificat, el sistema Cl@ve, el DNI electr\u00f2nic, el certificat FNMT, la T-CAT, el Camefirma, etc.). Si l\u2019estudiant t\u00e9 18 anys o els compleix aquest any, podr\u00e0 tramitar-la ell mateix. Si \u00e9s menor de 18 anys i no els compleix aquest any, cal que el pare, mare o el tutor\/a legal faci el tr\u00e0mit amb una eina d\u2019identificaci\u00f3 digital.<\/li>\n\n\n\n<li>El <a href=\"https:\/\/web.gencat.cat\/ca\/atenem\/telefon-012\">012<\/a> pot atendre les consultes de dubtes generals sobre el tr\u00e0mit.<\/li>\n\n\n\n<li><strong>Important<\/strong><\/li>\n\n\n\n<li>Cal sol\u00b7licitar la beca dins d&#8217;aquest termini, encara que l&#8217;alumnat no s\u00e0piga qu\u00e8 estudiar\u00e0 o, fins i tot, encara que no s\u00e0piga si estudiar\u00e0 o no el curs vinent. En cas de dubtes sobre els estudis a fer, recomanem indicar els que es considerin m\u00e9s probables i al setembre, si s\u2019escau, ja els modificaran.<\/li>\n\n\n\n<li><strong>info?<\/strong><\/li>\n\n\n\n<li>Disposeu de tot el detall informatiu <a href=\"https:\/\/web.gencat.cat\/ca\/ciutadania\/serveis\/educacio-formacio\/beques-estudis-no-universitaris\">aqu\u00ed<\/a>.<\/li>\n\n\n\n<li>Per dubtes adreceu-vos a <a href=\"mailto:beques.ceb@gencat.cat\">beques.ceb@gencat.cat<\/a>.<\/li>\n<\/ul>\n\n\n\n<p><\/p>\n","protected":false},"excerpt":{"rendered":"<p>Beques per a ensenyaments postobligatoris no universitaris: convocat\u00f2ria oberta S&#8217;ha publicat la convocat\u00f2ria de beques per a ensenyaments postobligatoris no universitaris pel curs 2026-2027.Qui pot demanar la beca?Els alumnes que durant el curs acad\u00e8mic 2026-2027 tinguin previst fer algun d&#8217;aquests estudis no universitaris:<\/p>\n","protected":false},"author":1,"featured_media":0,"parent":0,"menu_order":0,"comment_status":"closed","ping_status":"close","template":"","meta":{"site-sidebar-layout":"default","site-content-layout":"","ast-site-content-layout":"default","site-content-style":"default","site-sidebar-style":"default","ast-global-header-display":"","ast-banner-title-visibility":"","ast-main-header-display":"","ast-hfb-above-header-display":"","ast-hfb-below-header-display":"","ast-hfb-mobile-header-display":"","site-post-title":"","ast-breadcrumbs-content":"","ast-featured-img":"","footer-sml-layout":"","theme-transparent-header-meta":"","adv-header-id-meta":"","stick-header-meta":"","header-above-stick-meta":"","header-main-stick-meta":"","header-below-stick-meta":"","astra-migrate-meta-layouts":"set","ast-page-background-enabled":"default","ast-page-background-meta":{"desktop":{"background-color":"var(--ast-global-color-4)","background-image":"","background-repeat":"repeat","background-position":"center center","background-size":"auto","background-attachment":"scroll","background-type":"","background-media":"","overlay-type":"","overlay-color":"","overlay-opacity":"","overlay-gradient":""},"tablet":{"background-color":"","background-image":"","background-repeat":"repeat","background-position":"center center","background-size":"auto","background-attachment":"scroll","background-type":"","background-media":"","overlay-type":"","overlay-color":"","overlay-opacity":"","overlay-gradient":""},"mobile":{"background-color":"","background-image":"","background-repeat":"repeat","background-position":"center center","background-size":"auto","background-attachment":"scroll","background-type":"","background-media":"","overlay-type":"","overlay-color":"","overlay-opacity":"","overlay-gradient":""}},"ast-content-background-meta":{"desktop":{"background-color":"var(--ast-global-color-5)","background-image":"","background-repeat":"repeat","background-position":"center center","background-size":"auto","background-attachment":"scroll","background-type":"","background-media":"","overlay-type":"","overlay-color":"","overlay-opacity":"","overlay-gradient":""},"tablet":{"background-color":"var(--ast-global-color-5)","background-image":"","background-repeat":"repeat","background-position":"center center","background-size":"auto","background-attachment":"scroll","background-type":"","background-media":"","overlay-type":"","overlay-color":"","overlay-opacity":"","overlay-gradient":""},"mobile":{"background-color":"var(--ast-global-color-5)","background-image":"","background-repeat":"repeat","background-position":"center center","background-size":"auto","background-attachment":"scroll","background-type":"","background-media":"","overlay-type":"","overlay-color":"","overlay-opacity":"","overlay-gradient":""}},"footnotes":""},"class_list":["post-1493","page","type-page","status-publish","hentry"],"post_mailing_queue_ids":[],"_links":{"self":[{"href":"https:\/\/agora.xtec.cat\/ifpsantpau\/wp-json\/wp\/v2\/pages\/1493","targetHints":{"allow":["GET"]}}],"collection":[{"href":"https:\/\/agora.xtec.cat\/ifpsantpau\/wp-json\/wp\/v2\/pages"}],"about":[{"href":"https:\/\/agora.xtec.cat\/ifpsantpau\/wp-json\/wp\/v2\/types\/page"}],"author":[{"embeddable":true,"href":"https:\/\/agora.xtec.cat\/ifpsantpau\/wp-json\/wp\/v2\/users\/1"}],"replies":[{"embeddable":true,"href":"https:\/\/agora.xtec.cat\/ifpsantpau\/wp-json\/wp\/v2\/comments?post=1493"}],"version-history":[{"count":3,"href":"https:\/\/agora.xtec.cat\/ifpsantpau\/wp-json\/wp\/v2\/pages\/1493\/revisions"}],"predecessor-version":[{"id":1502,"href":"https:\/\/agora.xtec.cat\/ifpsantpau\/wp-json\/wp\/v2\/pages\/1493\/revisions\/1502"}],"wp:attachment":[{"href":"https:\/\/agora.xtec.cat\/ifpsantpau\/wp-json\/wp\/v2\/media?parent=1493"}],"curies":[{"name":"wp","href":"https:\/\/api.w.org\/{rel}","templated":true}]}}