{"id":895,"date":"2022-02-07T12:03:03","date_gmt":"2022-02-07T11:03:03","guid":{"rendered":"https:\/\/agora.xtec.cat\/ifp-alguero\/?page_id=895"},"modified":"2023-04-20T20:45:16","modified_gmt":"2023-04-20T18:45:16","slug":"jornades-de-portes-obertes","status":"publish","type":"page","link":"https:\/\/agora.xtec.cat\/ifp-alguero\/estudis\/jornades-de-portes-obertes\/","title":{"rendered":"Jornades de Portes Obertes  curs 2023-24"},"content":{"rendered":"<table style=\"width: 100%; border-collapse: collapse; border-style: hidden; height: 907px;\" cellspacing=\"0\" cellpadding=\"0\">\n<tbody>\n<tr style=\"height: 907px;\">\n<td style=\"width: 50%; height: 907px;\"><img loading=\"lazy\" decoding=\"async\" class=\"alignnone wp-image-2075\" src=\"https:\/\/agora.xtec.cat\/ifp-alguero\/wp-content\/uploads\/usu2575\/2023\/03\/Portes_obertes_post_GM.jpg\" alt=\"\" width=\"612\" height=\"612\" srcset=\"https:\/\/agora.xtec.cat\/ifp-alguero\/wp-content\/uploads\/usu2575\/2023\/03\/Portes_obertes_post_GM.jpg 1080w, https:\/\/agora.xtec.cat\/ifp-alguero\/wp-content\/uploads\/usu2575\/2023\/03\/Portes_obertes_post_GM-300x300.jpg 300w, https:\/\/agora.xtec.cat\/ifp-alguero\/wp-content\/uploads\/usu2575\/2023\/03\/Portes_obertes_post_GM-1024x1024.jpg 1024w, https:\/\/agora.xtec.cat\/ifp-alguero\/wp-content\/uploads\/usu2575\/2023\/03\/Portes_obertes_post_GM-150x150.jpg 150w, https:\/\/agora.xtec.cat\/ifp-alguero\/wp-content\/uploads\/usu2575\/2023\/03\/Portes_obertes_post_GM-768x768.jpg 768w\" sizes=\"auto, (max-width: 612px) 100vw, 612px\" \/><\/p>\n<h4><b>CICLES FORMATIUS DE GRAU MITJ\u00c0<\/b><\/h4>\n<p><strong>Sessi\u00f3 presencial: Dijous 30 de mar\u00e7 a les 19.00h.<\/strong><\/p>\n<h6><strong>CICLES FORMATIUS D&#8217;ARTS GR\u00c0FIQUES<\/strong><\/h6>\n<ul>\n<li style=\"list-style-type: none;\">\n<ul>\n<li><a href=\"https:\/\/agora.xtec.cat\/ifp-alguero\/wp-content\/uploads\/usu2575\/2023\/03\/Flyer_Preimpressio.pdf\" target=\"_blank\" rel=\"noopener\"><span style=\"font-weight: 400;\">CFGM PREIMPRESSI\u00d3 DIGITAL\u00a0<\/span><\/a><\/li>\n<li><a href=\"https:\/\/agora.xtec.cat\/ifp-alguero\/wp-content\/uploads\/usu2575\/2023\/03\/Flyer_Impressio.pdf\" target=\"_blank\" rel=\"noopener\"><span style=\"font-weight: 400;\">CFGM IMPRESSI\u00d3 GR\u00c0FICA<\/span><\/a><\/li>\n<li><a href=\"https:\/\/agora.xtec.cat\/ifp-alguero\/wp-content\/uploads\/usu2575\/2023\/03\/Flyer_postimpressio.pdf\" target=\"_blank\" rel=\"noopener\"><span style=\"font-weight: 400;\">CFGM POSTIMPRESSI\u00d3 I ACABATS GR\u00c0FICS\u00a0<\/span><\/a><\/li>\n<\/ul>\n<\/li>\n<\/ul>\n<h6><strong>CICLES FORMATIUS D\u2019ARTS PL\u00c0STIQUES I DISSENY<\/strong><\/h6>\n<ul>\n<li style=\"list-style-type: none;\">\n<ul>\n<li><a href=\"https:\/\/agora.xtec.cat\/ifp-alguero\/wp-content\/uploads\/usu2575\/2023\/03\/Flyer_interactiu.pdf\" target=\"_blank\" rel=\"noopener\"><span style=\"font-weight: 400;\">CFAM ASSIST\u00c8NCIA AL PRODUCTE GR\u00c0FIC INTERACTIU\u00a0<\/span><\/a><\/li>\n<\/ul>\n<\/li>\n<\/ul>\n<\/td>\n<td style=\"width: 50%; height: 907px;\"><img loading=\"lazy\" decoding=\"async\" class=\"wp-image-2076 alignnone\" src=\"https:\/\/agora.xtec.cat\/ifp-alguero\/wp-content\/uploads\/usu2575\/2023\/03\/Portes_obertes_post_SUP.jpg\" alt=\"\" width=\"612\" height=\"612\" srcset=\"https:\/\/agora.xtec.cat\/ifp-alguero\/wp-content\/uploads\/usu2575\/2023\/03\/Portes_obertes_post_SUP.jpg 1080w, https:\/\/agora.xtec.cat\/ifp-alguero\/wp-content\/uploads\/usu2575\/2023\/03\/Portes_obertes_post_SUP-300x300.jpg 300w, https:\/\/agora.xtec.cat\/ifp-alguero\/wp-content\/uploads\/usu2575\/2023\/03\/Portes_obertes_post_SUP-1024x1024.jpg 1024w, https:\/\/agora.xtec.cat\/ifp-alguero\/wp-content\/uploads\/usu2575\/2023\/03\/Portes_obertes_post_SUP-150x150.jpg 150w, https:\/\/agora.xtec.cat\/ifp-alguero\/wp-content\/uploads\/usu2575\/2023\/03\/Portes_obertes_post_SUP-768x768.jpg 768w\" sizes=\"auto, (max-width: 612px) 100vw, 612px\" \/><\/p>\n<h4><b>CICLES FORMATIUS DE GRAU SUPERIOR<\/b><\/h4>\n<p><strong>Sessi\u00f3 presencial: Dijous 20 d&#8217;abril a les 19.00h.<\/strong><\/p>\n<h6><strong>CICLES FORMATIUS D&#8217;ARTS GR\u00c0FIQUES<\/strong><\/h6>\n<ul>\n<li style=\"list-style-type: none;\">\n<ul style=\"list-style-type: circle;\">\n<li style=\"font-weight: 400;\" aria-level=\"1\"><a href=\"https:\/\/agora.xtec.cat\/ifp-alguero\/wp-content\/uploads\/usu2575\/2023\/03\/Flyer_disseny.pdf\" target=\"_blank\" rel=\"noopener\"><span style=\"font-weight: 400;\">CFGS DISSENY I EDICI\u00d3 DE PUBLICACIONS IMPRESES I MULTIM\u00c8DIA<\/span><\/a><\/li>\n<li><a href=\"https:\/\/agora.xtec.cat\/ifp-alguero\/wp-content\/uploads\/usu2575\/2023\/03\/Flyer_produccio.pdf\" target=\"_blank\" rel=\"noopener\"><span style=\"font-weight: 400;\">CFGS DISSENY I GESTI\u00d3 DE LA PRODUCCI\u00d3 GR\u00c0FICA<\/span><\/a><\/li>\n<\/ul>\n<\/li>\n<\/ul>\n<h6><strong>CICLES FORMATIUS D\u2019ARTS PL\u00c0STIQUES I DISSENY <\/strong><\/h6>\n<ul>\n<li style=\"list-style-type: none;\">\n<ul style=\"list-style-type: circle;\">\n<li><a href=\"https:\/\/agora.xtec.cat\/ifp-alguero\/wp-content\/uploads\/usu2575\/2023\/03\/Flyer_grafica.pdf\" target=\"_blank\" rel=\"noopener\"><span style=\"font-weight: 400;\">CFAS GR\u00c0FICA PUBLICIT\u00c0RIA<\/span><\/a><\/li>\n<\/ul>\n<\/li>\n<\/ul>\n<\/td>\n<\/tr>\n<\/tbody>\n<\/table>\n<table style=\"width: 100%; border-collapse: collapse; background-color: #d2d3d5;\">\n<tbody>\n<tr>\n<td style=\"width: 100%;\">\n<h2><a href=\"https:\/\/agora.xtec.cat\/ifp-alguero\/wp-content\/uploads\/usu2575\/2023\/03\/IFP_ANTONIALGUERO.pdf\" target=\"_blank\" rel=\"noopener\"><img loading=\"lazy\" decoding=\"async\" class=\"size-full wp-image-2135 aligncenter\" src=\"https:\/\/agora.xtec.cat\/ifp-alguero\/wp-content\/uploads\/usu2575\/2023\/03\/descarrega_cataleg.jpg\" alt=\"\" width=\"724\" height=\"455\" srcset=\"https:\/\/agora.xtec.cat\/ifp-alguero\/wp-content\/uploads\/usu2575\/2023\/03\/descarrega_cataleg.jpg 724w, https:\/\/agora.xtec.cat\/ifp-alguero\/wp-content\/uploads\/usu2575\/2023\/03\/descarrega_cataleg-300x189.jpg 300w\" sizes=\"auto, (max-width: 724px) 100vw, 724px\" \/><\/a><\/h2>\n<\/td>\n<\/tr>\n<\/tbody>\n<\/table>\n<div style=\"padding: 56.25% 0 0 0; position: relative;\"><iframe style=\"position: absolute; top: 0; left: 0; width: 100%; height: 100%;\" title=\"PORTES OBERTES GRAU SUPERIOR\" src=\"https:\/\/player.vimeo.com\/video\/819608949?h=912cee3138&amp;badge=0&amp;autopause=0&amp;player_id=0&amp;app_id=58479\" frameborder=\"0\" allowfullscreen=\"allowfullscreen\"><\/iframe><\/div>\n<p><script src=\"https:\/\/player.vimeo.com\/api\/player.js\"><\/script><\/p>\n<div style=\"padding: 75% 0 0 0; position: relative;\"><iframe loading=\"lazy\" style=\"position: absolute; top: 0; left: 0; width: 100%; height: 100%;\" title=\"PORTES_GM_23\" src=\"\/\/player.vimeo.com\/video\/813159471?title=0&amp;amp;byline=0\" width=\"425\" height=\"350\" frameborder=\"0\" allowfullscreen=\"allowfullscreen\"><\/iframe><\/div>\n<p><script src=\"https:\/\/player.vimeo.com\/api\/player.js\"><\/script><\/p>\n","protected":false},"excerpt":{"rendered":"<p>CICLES FORMATIUS DE GRAU MITJ\u00c0<br \/>\nSessi\u00f3 presencial: Dijous 30 de mar\u00e7 a les 19.00h.<br \/>\nCICLES FORMATIUS D&#8217;ARTS GR\u00c0FIQUES<\/p>\n<ul>\n<li style=\"list-style-type: none;\">\n<ul>\n<li><a href=\"https:\/\/agora.xtec.cat\/ifp-alguero\/wp-content\/uploads\/usu2575\/2023\/03\/Flyer_Preimpressio.pdf\" target=\"_blank\" rel=\"noopener\">CFGM PREIMPRESSI\u00d3 DIGITAL\u00a0<\/a><\/li>\n<li><a href=\"https:\/\/agora.xtec.cat\/ifp-alguero\/wp-content\/uploads\/usu2575\/2023\/03\/Flyer_Impressio.pdf\" target=\"_blank\" rel=\"noopener\">CFGM IMPRESSI\u00d3 GR\u00c0FICA<\/a><\/li>\n<li><a href=\"https:\/\/agora.xtec.cat\/ifp-alguero\/wp-content\/uploads\/usu2575\/2023\/03\/Flyer_postimpressio.pdf\" target=\"_blank\" rel=\"noopener\">CFGM POSTIMPRESSI\u00d3 I ACABATS GR\u00c0FICS\u00a0<\/a><\/li>\n<\/ul>\n<\/li>\n<\/ul>\n<p>CICLES FORMATIUS D\u2019ARTS PL\u00c0STIQUES I DISSENY<\/p>\n<ul>\n<li style=\"list-style-type: none;\">\n<ul>\n<li><a href=\"https:\/\/agora.xtec.cat\/ifp-alguero\/wp-content\/uploads\/usu2575\/2023\/03\/Flyer_interactiu.pdf\" target=\"_blank\" rel=\"noopener\">CFAM&hellip;  <a href=\"https:\/\/agora.xtec.cat\/ifp-alguero\/estudis\/jornades-de-portes-obertes\/\" title=\"Read Jornades de Portes Obertes  curs 2023-24\">Llegeix m\u00e9s\u00bb<\/a><br \/>\n","protected":false},"author":1,"featured_media":0,"parent":195,"menu_order":0,"comment_status":"closed","ping_status":"closed","template":"page-templates\/side-menu.php","meta":{"_bbp_topic_count":0,"_bbp_reply_count":0,"_bbp_total_topic_count":0,"_bbp_total_reply_count":0,"_bbp_voice_count":0,"_bbp_anonymous_reply_count":0,"_bbp_topic_count_hidden":0,"_bbp_reply_count_hidden":0,"_bbp_forum_subforum_count":0,"footnotes":""},"class_list":["post-895","page","type-page","status-publish","hentry"],"post_mailing_queue_ids":[],"_links":{"self":[{"href":"https:\/\/agora.xtec.cat\/ifp-alguero\/wp-json\/wp\/v2\/pages\/895","targetHints":{"allow":["GET"]}}],"collection":[{"href":"https:\/\/agora.xtec.cat\/ifp-alguero\/wp-json\/wp\/v2\/pages"}],"about":[{"href":"https:\/\/agora.xtec.cat\/ifp-alguero\/wp-json\/wp\/v2\/types\/page"}],"author":[{"embeddable":true,"href":"https:\/\/agora.xtec.cat\/ifp-alguero\/wp-json\/wp\/v2\/users\/1"}],"replies":[{"embeddable":true,"href":"https:\/\/agora.xtec.cat\/ifp-alguero\/wp-json\/wp\/v2\/comments?post=895"}],"version-history":[{"count":4,"href":"https:\/\/agora.xtec.cat\/ifp-alguero\/wp-json\/wp\/v2\/pages\/895\/revisions"}],"predecessor-version":[{"id":2162,"href":"https:\/\/agora.xtec.cat\/ifp-alguero\/wp-json\/wp\/v2\/pages\/895\/revisions\/2162"}],"up":[{"embeddable":true,"href":"https:\/\/agora.xtec.cat\/ifp-alguero\/wp-json\/wp\/v2\/pages\/195"}],"wp:attachment":[{"href":"https:\/\/agora.xtec.cat\/ifp-alguero\/wp-json\/wp\/v2\/media?parent=895"}],"curies":[{"name":"wp","href":"https:\/\/api.w.org\/{rel}","templated":true}]}}