{"id":873,"date":"2022-02-07T11:19:28","date_gmt":"2022-02-07T10:19:28","guid":{"rendered":"https:\/\/agora.xtec.cat\/ifp-alguero\/?page_id=873"},"modified":"2025-06-29T12:46:05","modified_gmt":"2025-06-29T10:46:05","slug":"preinscripcio-i-matricula","status":"publish","type":"page","link":"https:\/\/agora.xtec.cat\/ifp-alguero\/secretaria\/preinscripcio-i-matricula\/","title":{"rendered":"Preinscripci\u00f3 i matr\u00edcula (curs 2025-2026)"},"content":{"rendered":"<p>&nbsp;<\/p>\n<table style=\"border-collapse: collapse; width: 100%;\">\n<tbody>\n<tr>\n<td style=\"width: 33.3333%; background-color: #ff0000; height: 70px; text-align: center;\" colspan=\"3\"><span style=\"color: #ffffff;\"><strong><span style=\"font-size: 200%;\">Preinscripci\u00f3 i matr\u00edcula del curs 2025-2026<\/span><\/strong><\/span><\/td>\n<\/tr>\n<tr>\n<td style=\"width: 33.3333%; text-align: center;\"><a href=\"https:\/\/agora.xtec.cat\/ifp-alguero\/estudis\/publicacio-de-loferta-de-places-pel-curs-2025-2026\/\"><strong><span style=\"font-size: 125%;\">Oferta inicial de places<\/span><\/strong><\/a><\/td>\n<td style=\"width: 33.3333%; text-align: center;\"><a href=\"https:\/\/agora.xtec.cat\/ifp-alguero\/publicacio-de-llistes-de-preinscripcio\/\"><span style=\"font-size: 125%;\"><strong>Llistes de preinscripci\u00f3<\/strong><\/span><\/a><\/td>\n<td style=\"width: 33.3333%; text-align: center;\"><strong><span style=\"font-size: 125%;\">Places vacants<\/span><\/strong><br \/>\n(pendent de publicaci\u00f3)<\/td>\n<\/tr>\n<\/tbody>\n<\/table>\n<hr \/>\n<h2 style=\"text-align: center;\"><a href=\"https:\/\/preinscripcio.gencat.cat\/ca\/inici\/index.html\">Informaci\u00f3 general del proc\u00e9s de preinscripci\u00f3<\/a><\/h2>\n<h2 style=\"text-align: center;\"><strong>Informaci\u00f3 espec\u00edfica del proc\u00e9s de preinscripci\u00f3<\/strong><br \/>\n<strong>pels estudis que s&#8217;imparteixen al nostre centre<\/strong><\/h2>\n<table style=\"border-collapse: collapse; width: 100%;\">\n<tbody>\n<tr>\n<td style=\"width: 29.732%;\" rowspan=\"2\"><strong><a href=\"https:\/\/preinscripcio.gencat.cat\/ca\/estudis\/pfi\/inici\/\">Programes de formaci\u00f3 i inserci\u00f3<\/a><a href=\"https:\/\/preinscripcio.gencat.cat\/ca\/estudis\/pfi\/inici\/\"> (PFI)<\/a><\/strong><\/td>\n<td style=\"width: 35.0053%;\"><strong>Formaci\u00f3 professional (FP)<\/strong><\/td>\n<td style=\"width: 35.2626%;\"><strong>Arts pl\u00e0stiques i disseny (APD)<\/strong><\/td>\n<\/tr>\n<tr>\n<td style=\"width: 35.0053%;\"><a href=\"https:\/\/preinscripcio.gencat.cat\/ca\/estudis\/fp-grau-mitja\/inici\/\">Cicles formatius de grau mitj\u00e0 (FP)<\/a><br \/>\n<a href=\"https:\/\/preinscripcio.gencat.cat\/ca\/estudis\/fp-grau-superior\/inici\/\">Cicles formatius de grau superior (<\/a><a href=\"https:\/\/preinscripcio.gencat.cat\/ca\/estudis\/fp-grau-superior\/inici\/\">FP)<\/a><\/td>\n<td style=\"width: 35.2626%;\"><a href=\"https:\/\/preinscripcio.gencat.cat\/ca\/estudis\/apd-grau-mitja\/inici\/\">Cicles formatius de grau mitj\u00e0 (APD)<\/a><br \/>\n<a href=\"https:\/\/preinscripcio.gencat.cat\/ca\/estudis\/apd-grau-superior\/inici\/\">Cicles formatius de grau superior (APD)<\/a><\/td>\n<\/tr>\n<\/tbody>\n<\/table>\n<h2 style=\"text-align: center;\"><strong>Dates clau de proc\u00e9s incial de preinscripci\u00f3 pel curs 2025-2026<\/strong><\/h2>\n<table style=\"height: 192px; width: 100%; border-collapse: collapse; font-size: small; border-color: #6e6e6e;\">\n<tbody>\n<tr style=\"height: 64px; font-size: small;\">\n<td style=\"width: 17.6856%; height: 64px; font-size: small; background-color: #d2d2d2; border-color: #6e6e6e;\"><\/td>\n<td style=\"width: 11.0972%; height: 64px; font-size: small; background-color: #d2d2d1; border-color: #6e6e6e;\"><strong>Proves d&#8217;acc\u00e9s<\/strong><\/td>\n<td style=\"width: 11.3921%; height: 64px; font-size: small; background-color: #d2d2d1; border-color: #6e6e6e;\"><strong>Publicaci\u00f3 oferta de places<\/strong><\/td>\n<td style=\"width: 13.3096%; height: 64px; font-size: small; background-color: #d2d2d1; border-color: #6e6e6e;\"><strong>Presentaci\u00f3 de sol\u00b7licituds<\/strong><\/td>\n<td style=\"width: 11.1846%; height: 64px; font-size: small; background-color: #d2d2d1; border-color: #6e6e6e;\"><strong>Publicaci\u00f3 llista provisional<\/strong><\/td>\n<td style=\"width: 16.8607%; height: 64px; font-size: small; background-color: #d2d2d1; border-color: #6e6e6e;\"><strong>Termini per presentar reclamacions<\/strong><\/td>\n<td style=\"width: 18.4701%; font-size: small; background-color: #d2d2d1; border-color: #6e6e6e;\"><strong>Calendari detallat<\/strong><\/td>\n<\/tr>\n<tr style=\"height: 48px; font-size: small;\">\n<td style=\"width: 17.6856%; height: 48px; font-size: small; background-color: #d2d2d2; border-color: #6e6e6e;\"><strong>Programes de formaci\u00f3 i inserci\u00f3 (PFI)<\/strong><\/td>\n<td style=\"width: 11.0972%; height: 48px; font-size: small; border-color: #6e6e6e;\">No calen<\/td>\n<td style=\"width: 11.3921%; height: 48px; font-size: small; border-color: #6e6e6e;\">02 de maig<\/td>\n<td style=\"width: 13.3096%; height: 48px; font-size: small; border-color: #6e6e6e;\">Del 06 al 13 de maig<\/td>\n<td style=\"width: 11.1846%; height: 48px; font-size: small; border-color: #6e6e6e;\">28 de maig<\/td>\n<td style=\"width: 16.8607%; height: 48px; font-size: small; border-color: #6e6e6e;\">Del 28 de maig al 3 de juny<\/td>\n<td style=\"width: 18.4701%; font-size: small; border-color: #6e6e6e;\"><a href=\"https:\/\/preinscripcio.gencat.cat\/ca\/estudis\/pfi\/informat\/calendari\/\">Calendari PFI<\/a><\/td>\n<\/tr>\n<tr style=\"height: 32px; font-size: small;\">\n<td style=\"width: 17.6856%; height: 32px; font-size: small; background-color: #d2d2d2; border-color: #6e6e6e;\"><strong>Formaci\u00f3 professional (FP)<\/strong><\/td>\n<td style=\"width: 11.0972%; height: 32px; font-size: small; border-color: #6e6e6e;\">No calen<\/td>\n<td style=\"width: 11.3921%; height: 32px; font-size: small; border-color: #6e6e6e;\">22 de maig<\/td>\n<td style=\"width: 13.3096%; height: 32px; font-size: small; border-color: #6e6e6e;\">Del 23 al 29 de maig<\/td>\n<td style=\"width: 11.1846%; height: 32px; font-size: small; border-color: #6e6e6e;\">30 de juny<\/td>\n<td style=\"width: 16.8607%; height: 32px; font-size: small; border-color: #6e6e6e;\">Del 30 de juny al 4 de juliol<\/td>\n<td style=\"width: 18.4701%; font-size: small; border-color: #6e6e6e;\">\u2022 <a href=\"https:\/\/preinscripcio.gencat.cat\/ca\/estudis\/fp-grau-mitja\/informat\/calendari\/\">Calendari FP grau mitj\u00e0<\/a><br \/>\n\u2022 <a href=\"https:\/\/preinscripcio.gencat.cat\/ca\/estudis\/fp-grau-superior\/informat\/calendari\/\">Calendari FP grau superior<\/a><\/td>\n<\/tr>\n<tr style=\"height: 48px;\">\n<td style=\"width: 17.6856%; height: 48px; font-size: small; background-color: #d2d2d2; border-color: #6e6e6e;\"><strong>Arts pl\u00e0stiques i disseny (APD)<\/strong><\/td>\n<td style=\"width: 11.0972%; height: 48px; font-size: small; border-color: #6e6e6e;\">Veure en detall a l&#8217;apartat inferior<\/td>\n<td style=\"width: 11.3921%; height: 48px; font-size: small; border-color: #6e6e6e;\">22 de maig<\/td>\n<td style=\"width: 13.3096%; height: 48px; font-size: small; border-color: #6e6e6e;\">Del 23 al 29 de maig<\/td>\n<td style=\"width: 11.1846%; height: 48px; font-size: small; border-color: #6e6e6e;\">30 de juny<\/td>\n<td style=\"width: 16.8607%; height: 48px; font-size: small; border-color: #6e6e6e;\">Del 30 de juny al 4 de juliol<\/td>\n<td style=\"width: 18.4701%; font-size: small; border-color: #6e6e6e;\">\u2022 <a href=\"https:\/\/preinscripcio.gencat.cat\/ca\/estudis\/apd-grau-mitja\/informat\/calendari\/\">Calendari APD grau mitj\u00e0<\/a><br \/>\n\u2022 <a href=\"https:\/\/preinscripcio.gencat.cat\/ca\/estudis\/apd-grau-superior\/informat\/calendari\/\">Calendari APD grau superior<\/a><\/td>\n<\/tr>\n<\/tbody>\n<\/table>\n<div><\/div>\n<p>&nbsp;<\/p>\n<h3><strong>Webs generals per a la preinscripci\u00f3 en l\u00ednia\u200b\u200b<\/strong><\/h3>\n<ul>\n<li style=\"list-style-type: none;\">\n<ul>\n<li style=\"list-style-type: none;\">\n<ul style=\"list-style-type: disc;\">\n<li><a href=\"http:\/\/preinscripcio.gencat.cat\">preinscripcio.gencat.cat<\/a><\/li>\n<li><a href=\"http:\/\/triaeducativa.gencat.cat\">triaeducativa.gencat.cat\u200b<\/a><\/li>\n<\/ul>\n<\/li>\n<\/ul>\n<\/li>\n<\/ul>\n<p>&nbsp;<\/p>\n","protected":false},"excerpt":{"rendered":"<p>&nbsp;<\/p>\n<p>Preinscripci\u00f3 i matr\u00edcula del curs 2025-2026<\/p>\n<p><a href=\"https:\/\/agora.xtec.cat\/ifp-alguero\/estudis\/publicacio-de-loferta-de-places-pel-curs-2025-2026\/\">Oferta inicial de places<\/a><br \/>\n<a href=\"https:\/\/agora.xtec.cat\/ifp-alguero\/publicacio-de-llistes-de-preinscripcio\/\">Llistes de preinscripci\u00f3<\/a><br \/>\nPlaces vacants<br \/>\n(pendent de publicaci\u00f3)<\/p>\n<p><a href=\"https:\/\/preinscripcio.gencat.cat\/ca\/inici\/index.html\">Informaci\u00f3 general del proc\u00e9s de preinscripci\u00f3<\/a><br \/>\nInformaci\u00f3 espec\u00edfica del proc\u00e9s de preinscripci\u00f3<br \/>\npels estudis que s&#8217;imparteixen al nostre centre<\/p>\n<p><a href=\"https:\/\/preinscripcio.gencat.cat\/ca\/estudis\/pfi\/inici\/\">Programes de formaci\u00f3 i inserci\u00f3<\/a><a href=\"https:\/\/preinscripcio.gencat.cat\/ca\/estudis\/pfi\/inici\/\"> (PFI)<\/a><br \/>\nFormaci\u00f3 professional (FP)<br \/>\nArts pl\u00e0stiques i disseny&hellip;  <a href=\"https:\/\/agora.xtec.cat\/ifp-alguero\/secretaria\/preinscripcio-i-matricula\/\" title=\"Read Preinscripci\u00f3 i matr\u00edcula (curs 2025-2026)\">Llegeix m\u00e9s\u00bb<\/a><\/p>\n","protected":false},"author":1,"featured_media":0,"parent":81,"menu_order":0,"comment_status":"closed","ping_status":"closed","template":"page-templates\/side-menu.php","meta":{"_bbp_topic_count":0,"_bbp_reply_count":0,"_bbp_total_topic_count":0,"_bbp_total_reply_count":0,"_bbp_voice_count":0,"_bbp_anonymous_reply_count":0,"_bbp_topic_count_hidden":0,"_bbp_reply_count_hidden":0,"_bbp_forum_subforum_count":0,"footnotes":""},"class_list":["post-873","page","type-page","status-publish","hentry"],"post_mailing_queue_ids":[],"_links":{"self":[{"href":"https:\/\/agora.xtec.cat\/ifp-alguero\/wp-json\/wp\/v2\/pages\/873","targetHints":{"allow":["GET"]}}],"collection":[{"href":"https:\/\/agora.xtec.cat\/ifp-alguero\/wp-json\/wp\/v2\/pages"}],"about":[{"href":"https:\/\/agora.xtec.cat\/ifp-alguero\/wp-json\/wp\/v2\/types\/page"}],"author":[{"embeddable":true,"href":"https:\/\/agora.xtec.cat\/ifp-alguero\/wp-json\/wp\/v2\/users\/1"}],"replies":[{"embeddable":true,"href":"https:\/\/agora.xtec.cat\/ifp-alguero\/wp-json\/wp\/v2\/comments?post=873"}],"version-history":[{"count":5,"href":"https:\/\/agora.xtec.cat\/ifp-alguero\/wp-json\/wp\/v2\/pages\/873\/revisions"}],"predecessor-version":[{"id":4477,"href":"https:\/\/agora.xtec.cat\/ifp-alguero\/wp-json\/wp\/v2\/pages\/873\/revisions\/4477"}],"up":[{"embeddable":true,"href":"https:\/\/agora.xtec.cat\/ifp-alguero\/wp-json\/wp\/v2\/pages\/81"}],"wp:attachment":[{"href":"https:\/\/agora.xtec.cat\/ifp-alguero\/wp-json\/wp\/v2\/media?parent=873"}],"curies":[{"name":"wp","href":"https:\/\/api.w.org\/{rel}","templated":true}]}}