{"id":27,"date":"2014-09-17T16:24:03","date_gmt":"2014-09-17T16:24:03","guid":{"rendered":"http:\/\/agora.xtec.cat\/ifp-alguero\/?page_id=27"},"modified":"2026-03-19T13:53:54","modified_gmt":"2026-03-19T12:53:54","slug":"historia","status":"publish","type":"page","link":"https:\/\/agora.xtec.cat\/ifp-alguero\/linstitut\/historia\/","title":{"rendered":"L&#8217;IFP Antoni Alguer\u00f3"},"content":{"rendered":"<h3>L\u2019IFP Antoni Alguer\u00f3 \u00e9s l\u2019\u00fanic institut p\u00fablic de formaci\u00f3 professional especialitzat en la fam\u00edlia d\u2019estudis de les arts gr\u00e0fiques.<\/h3>\n<p>L\u2019IFP Antoni Alguer\u00f3 \u00e9s un institut p\u00fablic, de nova creaci\u00f3, d\u2019ensenyaments de formaci\u00f3 professional postobligat\u00f2ris, que neix amb la vocaci\u00f3 de ser el referent de la formaci\u00f3 professional de les Arts Gr\u00e0fiques i el Disseny.<\/p>\n<p>El nostre centre, ubicat a la poblaci\u00f3 de Sant Just Desvern, disposa d\u2019unes instal\u00b7lacions amb els mitjans t\u00e8cnics adients &#8211; en constant actualitzaci\u00f3 de totes aquelles tecnologies del sector gr\u00e0fic i del disseny d\u2019avui dia &#8211; al servei del nostre alumnat, com a futur professional del sector i coneixedor de tots els processos de les arts gr\u00e0fiques, des del disseny fins els acabats finals del producte.<\/p>\n<p><img loading=\"lazy\" decoding=\"async\" class=\"aligncenter wp-image-3986 size-full\" src=\"https:\/\/agora.xtec.cat\/ifp-alguero\/wp-content\/uploads\/usu2575\/2025\/02\/Escola_web.jpg\" alt=\"\" width=\"621\" height=\"425\" srcset=\"https:\/\/agora.xtec.cat\/ifp-alguero\/wp-content\/uploads\/usu2575\/2025\/02\/Escola_web.jpg 621w, https:\/\/agora.xtec.cat\/ifp-alguero\/wp-content\/uploads\/usu2575\/2025\/02\/Escola_web-300x205.jpg 300w\" sizes=\"auto, (max-width: 621px) 100vw, 621px\" \/><\/p>\n<p>El nostre projecte educatiu s\u2019ha dissenyat pensant en el nostre alumnat, com a centre d\u2019atenci\u00f3 i acci\u00f3, on el seu \u00e8xit acad\u00e8mic i professional \u00e9s el reflex del nostre \u00e8xit.<br \/>\nAcompanyem, orientem i assessorem a l\u2019alumnat, de la m\u00e0 de professionals docents, especialitzats en els diferents \u00e0mbits del sector professional de les arts gr\u00e0fiques i el disseny, amb el clar objectiu d\u2019oferir un itinerari formatiu professional i de projecte de vida, alhora que garanteixi una formaci\u00f3 professional acad\u00e8mica de qualitat.<\/p>\n<p>Situem als i les alumnes com a protagonistes actius del seu proc\u00e9s d\u2019aprenentatge, a partir d\u2019un treball competencial i amb capacitat d\u2019adaptaci\u00f3 als canvis. Fomentem la participaci\u00f3 en diferents projectes, accions i activitats acad\u00e8miques i socials, que afavoreixen el desenvolupament de les capacitats transversals de tot l\u2019alumnat.<\/p>\n<p>En contacte directe amb empreses del sector, a trav\u00e9s de col\u00b7laboracions directes per la realitzaci\u00f3 de pr\u00e0ctiques a l\u2019empresa, en projectes d\u2019innovaci\u00f3 i de transfer\u00e8ncia del coneixement&#8230; Per tot aix\u00f2 i molt m\u00e9s, us animem a qu\u00e8 contacteu amb nosaltres i conegueu, de primera m\u00e0, tot el que l\u2019IFP Antoni Alguer\u00f3 pot fer per vosaltres&#8230;<\/p>\n","protected":false},"excerpt":{"rendered":"<p>L\u2019IFP Antoni Alguer\u00f3 \u00e9s l\u2019\u00fanic institut p\u00fablic de formaci\u00f3 professional especialitzat en la fam\u00edlia d\u2019estudis de les arts gr\u00e0fiques.<br \/>\nL\u2019IFP Antoni Alguer\u00f3 \u00e9s un institut p\u00fablic, de nova creaci\u00f3, d\u2019ensenyaments de formaci\u00f3 professional postobligat\u00f2ris, que neix amb la vocaci\u00f3 de ser el referent de la formaci\u00f3&hellip;  <a href=\"https:\/\/agora.xtec.cat\/ifp-alguero\/linstitut\/historia\/\" title=\"Read L&#8217;IFP Antoni Alguer\u00f3\">Llegeix m\u00e9s\u00bb<\/a><\/p>\n","protected":false},"author":1,"featured_media":0,"parent":19,"menu_order":0,"comment_status":"closed","ping_status":"closed","template":"page-templates\/side-menu.php","meta":{"_bbp_topic_count":0,"_bbp_reply_count":0,"_bbp_total_topic_count":0,"_bbp_total_reply_count":0,"_bbp_voice_count":0,"_bbp_anonymous_reply_count":0,"_bbp_topic_count_hidden":0,"_bbp_reply_count_hidden":0,"_bbp_forum_subforum_count":0,"footnotes":""},"class_list":["post-27","page","type-page","status-publish","hentry"],"post_mailing_queue_ids":[],"_links":{"self":[{"href":"https:\/\/agora.xtec.cat\/ifp-alguero\/wp-json\/wp\/v2\/pages\/27","targetHints":{"allow":["GET"]}}],"collection":[{"href":"https:\/\/agora.xtec.cat\/ifp-alguero\/wp-json\/wp\/v2\/pages"}],"about":[{"href":"https:\/\/agora.xtec.cat\/ifp-alguero\/wp-json\/wp\/v2\/types\/page"}],"author":[{"embeddable":true,"href":"https:\/\/agora.xtec.cat\/ifp-alguero\/wp-json\/wp\/v2\/users\/1"}],"replies":[{"embeddable":true,"href":"https:\/\/agora.xtec.cat\/ifp-alguero\/wp-json\/wp\/v2\/comments?post=27"}],"version-history":[{"count":5,"href":"https:\/\/agora.xtec.cat\/ifp-alguero\/wp-json\/wp\/v2\/pages\/27\/revisions"}],"predecessor-version":[{"id":3991,"href":"https:\/\/agora.xtec.cat\/ifp-alguero\/wp-json\/wp\/v2\/pages\/27\/revisions\/3991"}],"up":[{"embeddable":true,"href":"https:\/\/agora.xtec.cat\/ifp-alguero\/wp-json\/wp\/v2\/pages\/19"}],"wp:attachment":[{"href":"https:\/\/agora.xtec.cat\/ifp-alguero\/wp-json\/wp\/v2\/media?parent=27"}],"curies":[{"name":"wp","href":"https:\/\/api.w.org\/{rel}","templated":true}]}}