{"id":1266,"date":"2022-04-13T12:47:07","date_gmt":"2022-04-13T10:47:07","guid":{"rendered":"https:\/\/agora.xtec.cat\/ifp-alguero\/?page_id=1266"},"modified":"2025-07-07T18:56:03","modified_gmt":"2025-07-07T16:56:03","slug":"moduls-cfas-grafica-publicitaria-2n-curs-gp2","status":"publish","type":"page","link":"https:\/\/agora.xtec.cat\/ifp-alguero\/estudis\/distribucio-de-moduls-pel-curs-2025-2026\/moduls-cfas-grafica-publicitaria-2n-curs-gp2\/","title":{"rendered":"M\u00f2duls CFAS Gr\u00e0fica Publicit\u00e0ria 2n curs (GP2)"},"content":{"rendered":"<h3>M\u00f2duls, unitats formatives i hores<br \/>\nCurs 2025-2026<\/h3>\n<p><span style=\"color: #ff0000;\"><strong>NOU DISSENY CURRICULAR<\/strong><\/span><\/p>\n<table dir=\"ltr\" border=\"1\" cellspacing=\"0\" cellpadding=\"0\">\n<thead>\n<tr>\n<td style=\"background-color: #dcdcdc;\" colspan=\"2\" data-sheets-value=\"{&quot;1&quot;:2,&quot;2&quot;:&quot;M\u00f2dul \/ UF&quot;}\">M\u00f2dul \/ UF<\/td>\n<td style=\"width: 80px; text-align: center; background-color: #dcdcdc;\" data-sheets-value=\"{&quot;1&quot;:2,&quot;2&quot;:&quot;Hores m\u00ednimes&quot;}\">Hores m\u00ednimes<\/td>\n<td style=\"width: 80px; text-align: center; background-color: #dcdcdc;\" data-sheets-value=\"{&quot;1&quot;:2,&quot;2&quot;:&quot;HLLD&quot;}\">HLLD<\/td>\n<td style=\"width: 80px; text-align: center; background-color: #dcdcdc;\" data-sheets-value=\"{&quot;1&quot;:2,&quot;2&quot;:&quot;Hores totals&quot;}\">Hores totals<\/td>\n<td style=\"width: 80px; text-align: center; background-color: #dcdcdc;\" data-sheets-value=\"{&quot;1&quot;:2,&quot;2&quot;:&quot;Cr\u00e8dits ECTS&quot;}\">Cr\u00e8dits<br \/>\nECTS<\/td>\n<\/tr>\n<\/thead>\n<colgroup>\n<col width=\"80\" \/>\n<col width=\"500\" \/>\n<col width=\"80\" \/>\n<col width=\"80\" \/>\n<col width=\"80\" \/>\n<col width=\"80\" \/><\/colgroup>\n<tbody>\n<tr>\n<td style=\"text-align: center; width: 80px;\" colspan=\"6\"><\/td>\n<\/tr>\n<tr>\n<td><strong>MP04<\/strong><\/td>\n<td><strong>Projectes de gr\u00e0fica publicit\u00e0ria<\/strong><\/td>\n<td style=\"text-align: center;\"><strong>231 h<\/strong><\/td>\n<td style=\"text-align: center;\"><strong>0 h<\/strong><\/td>\n<td style=\"text-align: center;\"><strong>231 h<\/strong><\/td>\n<td style=\"text-align: center;\"><strong>14<\/strong><\/td>\n<\/tr>\n<tr>\n<td>UF1<\/td>\n<td>Introducci\u00f3 als projectes: objectius i requisits base del projecte.<\/td>\n<td style=\"text-align: center;\">33 h<\/td>\n<td style=\"text-align: center;\"><\/td>\n<td style=\"text-align: center;\">33 h<\/td>\n<td style=\"text-align: center;\">2<\/td>\n<\/tr>\n<tr>\n<td>UF2<\/td>\n<td>Metodologia i planificaci\u00f3 de projectes<\/td>\n<td style=\"text-align: center;\">83 h<\/td>\n<td style=\"text-align: center;\"><\/td>\n<td style=\"text-align: center;\">83 h<\/td>\n<td style=\"text-align: center;\">5<\/td>\n<\/tr>\n<tr>\n<td>UF3<\/td>\n<td>Execuci\u00f3 dels projectes<\/td>\n<td style=\"text-align: center;\">83 h<\/td>\n<td style=\"text-align: center;\"><\/td>\n<td style=\"text-align: center;\">83 h<\/td>\n<td style=\"text-align: center;\">5<\/td>\n<\/tr>\n<tr>\n<td>UF4<\/td>\n<td>Avaluaci\u00f3 i presentaci\u00f3 de projectes<\/td>\n<td style=\"text-align: center;\">33 h<\/td>\n<td style=\"text-align: center;\"><\/td>\n<td style=\"text-align: center;\">33 h<\/td>\n<td style=\"text-align: center;\">2<\/td>\n<\/tr>\n<tr>\n<td style=\"text-align: center;\" colspan=\"6\"><\/td>\n<\/tr>\n<tr>\n<td><strong>MP05<\/strong><\/td>\n<td><strong>Projecte integrat<\/strong><\/td>\n<td style=\"text-align: center;\"><strong>99 h<\/strong><\/td>\n<td style=\"text-align: center;\"><strong>132 h<\/strong><\/td>\n<td style=\"text-align: center;\"><strong>231 h<\/strong><\/td>\n<td style=\"text-align: center;\"><strong>18<\/strong><\/td>\n<\/tr>\n<tr>\n<td>UF1<\/td>\n<td>Projecte integrat<\/td>\n<td style=\"text-align: center;\">99 h<\/td>\n<td style=\"text-align: center;\">132 h<\/td>\n<td style=\"text-align: center;\">231 h<\/td>\n<td style=\"text-align: center;\">18<\/td>\n<\/tr>\n<tr>\n<td style=\"text-align: center;\" colspan=\"6\"><\/td>\n<\/tr>\n<tr>\n<td><strong>MP06<\/strong><\/td>\n<td><strong>Gesti\u00f3 del projecte professional<\/strong><\/td>\n<td style=\"text-align: center;\"><strong>165 h<\/strong><\/td>\n<td style=\"text-align: center;\"><strong>0 h<\/strong><\/td>\n<td style=\"text-align: center;\"><strong>165 h<\/strong><\/td>\n<td style=\"text-align: center;\"><strong>12<\/strong><\/td>\n<\/tr>\n<tr>\n<td>UF1<\/td>\n<td>Gesti\u00f3 del projecte professional<\/td>\n<td style=\"text-align: center;\">165 h<\/td>\n<td style=\"text-align: center;\"><\/td>\n<td style=\"text-align: center;\">165 h<\/td>\n<td style=\"text-align: center;\">12<\/td>\n<\/tr>\n<tr>\n<td style=\"text-align: center;\" colspan=\"6\"><\/td>\n<\/tr>\n<tr>\n<td><strong>MP12<\/strong><\/td>\n<td><strong>Llenguatge i tecnologia audiovisual<\/strong><\/td>\n<td style=\"text-align: center;\"><strong>132 h<\/strong><\/td>\n<td style=\"text-align: center;\"><strong>0 h<\/strong><\/td>\n<td style=\"text-align: center;\"><strong>132 h<\/strong><\/td>\n<td style=\"text-align: center;\"><strong>8<\/strong><\/td>\n<\/tr>\n<tr>\n<td>UF1<\/td>\n<td>Introducci\u00f3 als mitjans audiovisuals. Comunicaci\u00f3 i llenguatge audiovisual: Recursos expressius.<\/td>\n<td style=\"text-align: center;\">33 h<\/td>\n<td style=\"text-align: center;\"><\/td>\n<td style=\"text-align: center;\">33 h<\/td>\n<td style=\"text-align: center;\">2<\/td>\n<\/tr>\n<tr>\n<td>UF2<\/td>\n<td>T\u00e8cniques i tecnologies de realitzaci\u00f3 i postproducci\u00f3 audiovisual.<\/td>\n<td style=\"text-align: center;\">50 h<\/td>\n<td style=\"text-align: center;\"><\/td>\n<td style=\"text-align: center;\">50 h<\/td>\n<td style=\"text-align: center;\">3<\/td>\n<\/tr>\n<tr>\n<td>UF3<\/td>\n<td>Disseny audiovisual<\/td>\n<td style=\"text-align: center;\">50 h<\/td>\n<td style=\"text-align: center;\"><\/td>\n<td style=\"text-align: center;\">50 h<\/td>\n<td style=\"text-align: center;\">3<\/td>\n<\/tr>\n<tr>\n<td style=\"text-align: center;\" colspan=\"6\"><\/td>\n<\/tr>\n<tr>\n<td><strong>MP13<\/strong><\/td>\n<td><strong>Teoria de la publicitat i el m\u00e0rqueting<\/strong><\/td>\n<td style=\"text-align: center;\"><strong>99 h<\/strong><\/td>\n<td style=\"text-align: center;\"><strong>0 h<\/strong><\/td>\n<td style=\"text-align: center;\"><strong>99 h<\/strong><\/td>\n<td style=\"text-align: center;\"><strong>6<\/strong><\/td>\n<\/tr>\n<tr>\n<td>UF1<\/td>\n<td>M\u00e0rqueting. Estrat\u00e8gia i planificaci\u00f3<\/td>\n<td style=\"text-align: center;\">33 h<\/td>\n<td style=\"text-align: center;\"><\/td>\n<td style=\"text-align: center;\">33 h<\/td>\n<td style=\"text-align: center;\">2<\/td>\n<\/tr>\n<tr>\n<td>UF2<\/td>\n<td>Publicitat. Comercialitzaci\u00f3 i disseny<\/td>\n<td style=\"text-align: center;\">33 h<\/td>\n<td style=\"text-align: center;\"><\/td>\n<td style=\"text-align: center;\">33 h<\/td>\n<td style=\"text-align: center;\">2<\/td>\n<\/tr>\n<tr>\n<td>UF3<\/td>\n<td>Publicitat i m\u00e0rqueting digital<\/td>\n<td style=\"text-align: center;\">33 h<\/td>\n<td style=\"text-align: center;\"><\/td>\n<td style=\"text-align: center;\">33 h<\/td>\n<td style=\"text-align: center;\">2<\/td>\n<\/tr>\n<tr>\n<td style=\"text-align: center;\" colspan=\"6\"><\/td>\n<\/tr>\n<tr>\n<td><strong>MP14<\/strong><\/td>\n<td><strong>Fase de pr\u00e0ctiques en empreses, estudis o tallers<\/strong><\/td>\n<td style=\"text-align: center;\"><strong>284 h<\/strong><\/td>\n<td style=\"text-align: center;\"><strong>0 h<\/strong><\/td>\n<td style=\"text-align: center;\"><strong>284 h<\/strong><\/td>\n<td style=\"text-align: center;\"><strong>12<\/strong><\/td>\n<\/tr>\n<tr>\n<td>UF1<\/td>\n<td>Fase de pr\u00e0ctiques en empreses, estudis o tallers<\/td>\n<td style=\"text-align: center;\">284 h<\/td>\n<td style=\"text-align: center;\"><\/td>\n<td style=\"text-align: center;\">284 h<\/td>\n<td style=\"text-align: center;\">12<\/td>\n<\/tr>\n<\/tbody>\n<\/table>\n<p><em>HLLD &#8211; Hores de lliure disposici\u00f3<\/em><\/p>\n<ul>\n<li><a href=\"https:\/\/xtec.gencat.cat\/ca\/curriculum\/professionals\/artistics\/artsplastdis\/titols\/\">Web XTEC on trobar els disseny curriculars dels ensenyaments professionals art\u00edstics<\/a><\/li>\n<\/ul>\n<p>&nbsp;<\/p>\n","protected":false},"excerpt":{"rendered":"<p>M\u00f2duls, unitats formatives i hores<br \/>\nCurs 2025-2026<br \/>\nNOU DISSENY CURRICULAR<\/p>\n<p>M\u00f2dul \/ UF<br \/>\nHores m\u00ednimes<br \/>\nHLLD<br \/>\nHores totals<br \/>\nCr\u00e8dits<br \/>\nECTS<\/p>\n<p>MP04<br \/>\nProjectes de gr\u00e0fica publicit\u00e0ria<br \/>\n231 h<br \/>\n0 h<br \/>\n231 h<br \/>\n14<\/p>\n<p>UF1<br \/>\nIntroducci\u00f3 als projectes: objectius i requisits base del projecte.<br \/>\n33 h<\/p>\n<p>33 h<br \/>\n2<\/p>\n<p>UF2<br \/>\nMetodologia i planificaci\u00f3 de projectes<br \/>\n83 h<\/p>\n<p>83 h<br \/>\n5<\/p>\n<p>UF3<br \/>\nExecuci\u00f3 dels projectes<br \/>\n83 h<\/p>\n<p>83 h<br \/>\n5<\/p>\n<p>UF4<br \/>\nAvaluaci\u00f3 i presentaci\u00f3 de projectes<br \/>\n33 h<\/p>\n<p>33 h<br \/>\n2<\/p>\n<p>MP05<br \/>\nProjecte integrat<br \/>\n99&hellip;  <a href=\"https:\/\/agora.xtec.cat\/ifp-alguero\/estudis\/distribucio-de-moduls-pel-curs-2025-2026\/moduls-cfas-grafica-publicitaria-2n-curs-gp2\/\" title=\"Read M\u00f2duls CFAS Gr\u00e0fica Publicit\u00e0ria 2n curs (GP2)\">Llegeix m\u00e9s\u00bb<\/a><\/p>\n","protected":false},"author":1,"featured_media":0,"parent":4458,"menu_order":14,"comment_status":"closed","ping_status":"closed","template":"page-templates\/side-menu.php","meta":{"_bbp_topic_count":0,"_bbp_reply_count":0,"_bbp_total_topic_count":0,"_bbp_total_reply_count":0,"_bbp_voice_count":0,"_bbp_anonymous_reply_count":0,"_bbp_topic_count_hidden":0,"_bbp_reply_count_hidden":0,"_bbp_forum_subforum_count":0,"footnotes":""},"class_list":["post-1266","page","type-page","status-publish","hentry"],"post_mailing_queue_ids":[],"_links":{"self":[{"href":"https:\/\/agora.xtec.cat\/ifp-alguero\/wp-json\/wp\/v2\/pages\/1266","targetHints":{"allow":["GET"]}}],"collection":[{"href":"https:\/\/agora.xtec.cat\/ifp-alguero\/wp-json\/wp\/v2\/pages"}],"about":[{"href":"https:\/\/agora.xtec.cat\/ifp-alguero\/wp-json\/wp\/v2\/types\/page"}],"author":[{"embeddable":true,"href":"https:\/\/agora.xtec.cat\/ifp-alguero\/wp-json\/wp\/v2\/users\/1"}],"replies":[{"embeddable":true,"href":"https:\/\/agora.xtec.cat\/ifp-alguero\/wp-json\/wp\/v2\/comments?post=1266"}],"version-history":[{"count":7,"href":"https:\/\/agora.xtec.cat\/ifp-alguero\/wp-json\/wp\/v2\/pages\/1266\/revisions"}],"predecessor-version":[{"id":4539,"href":"https:\/\/agora.xtec.cat\/ifp-alguero\/wp-json\/wp\/v2\/pages\/1266\/revisions\/4539"}],"up":[{"embeddable":true,"href":"https:\/\/agora.xtec.cat\/ifp-alguero\/wp-json\/wp\/v2\/pages\/4458"}],"wp:attachment":[{"href":"https:\/\/agora.xtec.cat\/ifp-alguero\/wp-json\/wp\/v2\/media?parent=1266"}],"curies":[{"name":"wp","href":"https:\/\/api.w.org\/{rel}","templated":true}]}}