{"id":1254,"date":"2022-04-13T12:46:12","date_gmt":"2022-04-13T10:46:12","guid":{"rendered":"https:\/\/agora.xtec.cat\/ifp-alguero\/?page_id=1254"},"modified":"2025-07-07T18:40:50","modified_gmt":"2025-07-07T16:40:50","slug":"moduls-cfam-assistencia-al-producte-grafic-interactiu-2n-curs-ap2-al-curs-2023-2024","status":"publish","type":"page","link":"https:\/\/agora.xtec.cat\/ifp-alguero\/estudis\/distribucio-de-moduls-pel-curs-2025-2026\/moduls-cfam-assistencia-al-producte-grafic-interactiu-2n-curs-ap2-al-curs-2023-2024\/","title":{"rendered":"M\u00f2duls CFAM Assist\u00e8ncia al Producte Gr\u00e0fic Interactiu 2n curs (AP2)"},"content":{"rendered":"<h3>M\u00f2duls, unitats formatives i hores<br \/>\nCurs 2025-2026<\/h3>\n<p><span style=\"color: #ff0000;\"><strong>NOU DISSENY CURRICULAR<\/strong><\/span><\/p>\n<table dir=\"ltr\" border=\"1\" cellspacing=\"0\" cellpadding=\"0\">\n<thead>\n<tr>\n<td style=\"background-color: #dcdcdc;\" colspan=\"2\" data-sheets-value=\"{&quot;1&quot;:2,&quot;2&quot;:&quot;M\u00f2dul \/ UF&quot;}\">M\u00f2dul \/ UF<\/td>\n<td style=\"width: 75px; text-align: center; background-color: #dcdcdc;\" data-sheets-value=\"{&quot;1&quot;:2,&quot;2&quot;:&quot;Hores m\u00ednimes&quot;}\">Hores m\u00ednimes<\/td>\n<td style=\"width: 75px; text-align: center; background-color: #dcdcdc;\" data-sheets-value=\"{&quot;1&quot;:2,&quot;2&quot;:&quot;HLLD&quot;}\">HLLD<\/td>\n<td style=\"width: 75px; text-align: center; background-color: #dcdcdc;\" data-sheets-value=\"{&quot;1&quot;:2,&quot;2&quot;:&quot;Hores totals&quot;}\">Hores totals<\/td>\n<\/tr>\n<\/thead>\n<colgroup>\n<col width=\"45\" \/>\n<col width=\"400\" \/>\n<col width=\"50\" \/>\n<col width=\"50\" \/>\n<col width=\"50\" \/><\/colgroup>\n<tbody>\n<tr>\n<td style=\"text-align: center;\" colspan=\"5\"><\/td>\n<\/tr>\n<tr style=\"height: 33px;\">\n<td style=\"height: 33px; width: 8.75576%;\"><strong>MP08<\/strong><\/td>\n<td style=\"height: 33px; width: 600px;\"><strong>Obra final\u00a0<\/strong><\/td>\n<td style=\"height: 33px; text-align: center; width: 11.6743%;\"><strong>66 h<\/strong><\/td>\n<td style=\"height: 33px; text-align: center; width: 9.21659%;\"><strong>66 h<\/strong><\/td>\n<td style=\"height: 33px; text-align: center; width: 9.21659%;\"><strong>132 h<\/strong><\/td>\n<\/tr>\n<tr style=\"height: 33px;\">\n<td style=\"height: 33px; width: 8.75576%;\">UF1<\/td>\n<td style=\"height: 33px; width: 60.8295%;\">Obra final<\/td>\n<td style=\"height: 33px; text-align: center; width: 11.6743%;\">66 h<\/td>\n<td style=\"height: 33px; text-align: center; width: 9.21659%;\">66 h<\/td>\n<td style=\"height: 33px; text-align: center; width: 9.21659%;\">132 h<\/td>\n<\/tr>\n<tr style=\"height: 33px;\">\n<td style=\"height: 33px; text-align: center; width: 99.6928%;\" colspan=\"5\"><\/td>\n<\/tr>\n<tr style=\"height: 33px;\">\n<td style=\"height: 33px; width: 8.75576%;\"><strong>MP09<\/strong><\/td>\n<td style=\"height: 33px; width: 60.8295%;\"><strong>Gesti\u00f3 de projectes professionals<\/strong><\/td>\n<td style=\"height: 33px; text-align: center; width: 11.6743%;\"><strong>99 h<\/strong><\/td>\n<td style=\"height: 33px; text-align: center; width: 9.21659%;\"><strong>0 h<\/strong><\/td>\n<td style=\"height: 33px; text-align: center; width: 9.21659%;\"><strong>99 h<\/strong><\/td>\n<\/tr>\n<tr style=\"height: 33px;\">\n<td style=\"height: 33px; width: 8.75576%;\">UF1<\/td>\n<td style=\"height: 33px; width: 60.8295%;\">Gesti\u00f3 de projectes professionals<\/td>\n<td style=\"height: 33px; text-align: center; width: 11.6743%;\">99 h<\/td>\n<td style=\"height: 33px; text-align: center; width: 9.21659%;\"><\/td>\n<td style=\"height: 33px; text-align: center; width: 9.21659%;\">99 h<\/td>\n<\/tr>\n<tr style=\"height: 33px;\">\n<td style=\"height: 33px; width: 99.6928%; background-color: #ffffff; text-align: center;\" colspan=\"5\"><\/td>\n<\/tr>\n<tr style=\"height: 33px;\">\n<td style=\"height: 33px; width: 8.75576%;\"><strong>MP12<\/strong><\/td>\n<td style=\"height: 33px; width: 60.8295%;\"><strong>Edici\u00f3 web<\/strong><\/td>\n<td style=\"height: 33px; text-align: center; width: 11.6743%;\"><strong>215 h<\/strong><\/td>\n<td style=\"height: 33px; text-align: center; width: 9.21659%;\"><strong>0 h<\/strong><\/td>\n<td style=\"height: 33px; text-align: center; width: 9.21659%;\"><strong>215 h<\/strong><\/td>\n<\/tr>\n<tr style=\"height: 33px;\">\n<td style=\"height: 33px; width: 8.75576%;\">UF1<\/td>\n<td style=\"height: 33px; width: 60.8295%;\">Iniciaci\u00f3 al llenguatge de programaci\u00f3<\/td>\n<td style=\"height: 33px; text-align: center; width: 11.6743%;\">33 h<\/td>\n<td style=\"height: 33px; text-align: center; width: 9.21659%;\"><\/td>\n<td style=\"height: 33px; text-align: center; width: 9.21659%;\">33 h<\/td>\n<\/tr>\n<tr style=\"height: 33px;\">\n<td style=\"height: 33px; width: 8.75576%;\">UF2<\/td>\n<td style=\"height: 33px; width: 60.8295%;\">Introducci\u00f3 al disseny web<\/td>\n<td style=\"height: 33px; text-align: center; width: 11.6743%;\">83 h<\/td>\n<td style=\"height: 33px; text-align: center; width: 9.21659%;\"><\/td>\n<td style=\"height: 33px; text-align: center; width: 9.21659%;\">83 h<\/td>\n<\/tr>\n<tr style=\"height: 33px;\">\n<td style=\"height: 33px; width: 8.75576%;\">UF3<\/td>\n<td style=\"height: 33px; width: 60.8295%;\">Manteniment i publicaci\u00f3 a la xarxa<\/td>\n<td style=\"height: 33px; text-align: center; width: 11.6743%;\">66 h<\/td>\n<td style=\"height: 33px; text-align: center; width: 9.21659%;\"><\/td>\n<td style=\"height: 33px; text-align: center; width: 9.21659%;\">66 h<\/td>\n<\/tr>\n<tr style=\"height: 33px;\">\n<td style=\"height: 33px; width: 8.75576%;\">UF4<\/td>\n<td style=\"height: 33px; width: 60.8295%;\">An\u00e0lisi, valoraci\u00f3 i presentaci\u00f3 del disseny web<\/td>\n<td style=\"height: 33px; text-align: center; width: 11.6743%;\">33 h<\/td>\n<td style=\"height: 33px; text-align: center; width: 9.21659%;\"><\/td>\n<td style=\"height: 33px; text-align: center; width: 9.21659%;\">33 h<\/td>\n<\/tr>\n<tr style=\"height: 33px;\">\n<td style=\"height: 33px; width: 99.6928%; background-color: #ffffff; text-align: center;\" colspan=\"5\"><\/td>\n<\/tr>\n<tr style=\"height: 33px;\">\n<td style=\"height: 33px; width: 8.75576%;\"><strong>MP13<\/strong><\/td>\n<td style=\"height: 33px; width: 60.8295%;\"><strong>Multim\u00e8dia<\/strong><\/td>\n<td style=\"height: 33px; text-align: center; width: 11.6743%;\"><strong>215 h<\/strong><\/td>\n<td style=\"height: 33px; text-align: center; width: 9.21659%;\"><strong>0 h<\/strong><\/td>\n<td style=\"height: 33px; text-align: center; width: 9.21659%;\"><strong>215 h<\/strong><\/td>\n<\/tr>\n<tr style=\"height: 33px;\">\n<td style=\"height: 33px; width: 8.75576%;\">UF1<\/td>\n<td style=\"height: 33px; width: 60.8295%;\">Introducci\u00f3 a les publicacions multim\u00e8dia<\/td>\n<td style=\"height: 33px; text-align: center; width: 11.6743%;\">33 h<\/td>\n<td style=\"height: 33px; text-align: center; width: 9.21659%;\"><\/td>\n<td style=\"height: 33px; text-align: center; width: 9.21659%;\">33 h<\/td>\n<\/tr>\n<tr style=\"height: 33px;\">\n<td style=\"height: 33px; width: 8.75576%;\">UF2<\/td>\n<td style=\"height: 33px; width: 60.8295%;\">Iniciaci\u00f3 a la producci\u00f3 audiovisual multim\u00e8dia<\/td>\n<td style=\"height: 33px; text-align: center; width: 11.6743%;\">83 h<\/td>\n<td style=\"height: 33px; text-align: center; width: 9.21659%;\"><\/td>\n<td style=\"height: 33px; text-align: center; width: 9.21659%;\">83 h<\/td>\n<\/tr>\n<tr style=\"height: 33px;\">\n<td style=\"height: 33px; width: 8.75576%;\">UF3<\/td>\n<td style=\"height: 33px; width: 60.8295%;\">Edici\u00f3, publicaci\u00f3 i manteniment de productes multim\u00e8dia<\/td>\n<td style=\"height: 33px; text-align: center; width: 11.6743%;\">66 h<\/td>\n<td style=\"height: 33px; text-align: center; width: 9.21659%;\"><\/td>\n<td style=\"height: 33px; text-align: center; width: 9.21659%;\">66 h<\/td>\n<\/tr>\n<tr style=\"height: 33px;\">\n<td style=\"height: 33px; width: 8.75576%;\">UF4<\/td>\n<td style=\"height: 33px; width: 60.8295%;\">Verificaci\u00f3 i presentaci\u00f3 de productes multim\u00e8dia<\/td>\n<td style=\"height: 33px; text-align: center; width: 11.6743%;\">33 h<\/td>\n<td style=\"height: 33px; text-align: center; width: 9.21659%;\"><\/td>\n<td style=\"height: 33px; text-align: center; width: 9.21659%;\">33 h<\/td>\n<\/tr>\n<tr style=\"height: 33px;\">\n<td style=\"height: 33px; width: 99.6928%; background-color: #ffffff; text-align: center;\" colspan=\"5\"><\/td>\n<\/tr>\n<tr style=\"height: 33px;\">\n<td style=\"height: 33px; width: 8.75576%;\"><strong>MP14<\/strong><\/td>\n<td style=\"height: 33px; width: 60.8295%;\"><strong>Fase de formaci\u00f3 pr\u00e0ctica en empreses, estudis o tallers<\/strong><\/td>\n<td style=\"height: 33px; text-align: center; width: 11.6743%;\"><strong>180 h<\/strong><\/td>\n<td style=\"height: 33px; text-align: center; width: 9.21659%;\"><strong>0 h<\/strong><\/td>\n<td style=\"height: 33px; text-align: center; width: 9.21659%;\"><strong>180 h<\/strong><\/td>\n<\/tr>\n<tr style=\"height: 33px;\">\n<td style=\"height: 33px; width: 8.75576%;\">UF1<\/td>\n<td style=\"height: 33px; width: 60.8295%;\">Fase de formaci\u00f3 pr\u00e0ctica en empreses, estudis o tallers<\/td>\n<td style=\"height: 33px; text-align: center; width: 11.6743%;\">180 h<\/td>\n<td style=\"height: 33px; text-align: center; width: 9.21659%;\"><\/td>\n<td style=\"height: 33px; text-align: center; width: 9.21659%;\">180 h<\/td>\n<\/tr>\n<\/tbody>\n<\/table>\n<p><em>HLLD &#8211; Hores de lliure disposici\u00f3<\/em><\/p>\n<ul>\n<li><a href=\"https:\/\/xtec.gencat.cat\/ca\/curriculum\/professionals\/artistics\/artsplastdis\/titols\/\">Web XTEC on trobar els disseny curriculars dels ensenyaments professionals art\u00edstics<\/a><\/li>\n<\/ul>\n<p>&nbsp;<\/p>\n","protected":false},"excerpt":{"rendered":"<p>M\u00f2duls, unitats formatives i hores<br \/>\nCurs 2025-2026<br \/>\nNOU DISSENY CURRICULAR<\/p>\n<p>M\u00f2dul \/ UF<br \/>\nHores m\u00ednimes<br \/>\nHLLD<br \/>\nHores totals<\/p>\n<p>MP08<br \/>\nObra final\u00a0<br \/>\n66 h<br \/>\n66 h<br \/>\n132 h<\/p>\n<p>UF1<br \/>\nObra final<br \/>\n66 h<br \/>\n66 h<br \/>\n132 h<\/p>\n<p>MP09<br \/>\nGesti\u00f3 de projectes professionals<br \/>\n99 h<br \/>\n0 h<br \/>\n99 h<\/p>\n<p>UF1<br \/>\nGesti\u00f3 de projectes professionals<br \/>\n99 h<\/p>\n<p>99 h<\/p>\n<p>MP12<br \/>\nEdici\u00f3 web<br \/>\n215 h<br \/>\n0 h<br \/>\n215 h<\/p>\n<p>UF1<br \/>\nIniciaci\u00f3 al llenguatge de programaci\u00f3<br \/>\n33 h<\/p>\n<p>33 h<\/p>\n<p>UF2<br \/>\nIntroducci\u00f3 al disseny web<br \/>\n83 h<\/p>\n<p>83&hellip;  <a href=\"https:\/\/agora.xtec.cat\/ifp-alguero\/estudis\/distribucio-de-moduls-pel-curs-2025-2026\/moduls-cfam-assistencia-al-producte-grafic-interactiu-2n-curs-ap2-al-curs-2023-2024\/\" title=\"Read M\u00f2duls CFAM Assist\u00e8ncia al Producte Gr\u00e0fic Interactiu 2n curs (AP2)\">Llegeix m\u00e9s\u00bb<\/a><\/p>\n","protected":false},"author":1,"featured_media":0,"parent":4458,"menu_order":8,"comment_status":"closed","ping_status":"closed","template":"page-templates\/side-menu.php","meta":{"_bbp_topic_count":0,"_bbp_reply_count":0,"_bbp_total_topic_count":0,"_bbp_total_reply_count":0,"_bbp_voice_count":0,"_bbp_anonymous_reply_count":0,"_bbp_topic_count_hidden":0,"_bbp_reply_count_hidden":0,"_bbp_forum_subforum_count":0,"footnotes":""},"class_list":["post-1254","page","type-page","status-publish","hentry"],"post_mailing_queue_ids":[],"_links":{"self":[{"href":"https:\/\/agora.xtec.cat\/ifp-alguero\/wp-json\/wp\/v2\/pages\/1254","targetHints":{"allow":["GET"]}}],"collection":[{"href":"https:\/\/agora.xtec.cat\/ifp-alguero\/wp-json\/wp\/v2\/pages"}],"about":[{"href":"https:\/\/agora.xtec.cat\/ifp-alguero\/wp-json\/wp\/v2\/types\/page"}],"author":[{"embeddable":true,"href":"https:\/\/agora.xtec.cat\/ifp-alguero\/wp-json\/wp\/v2\/users\/1"}],"replies":[{"embeddable":true,"href":"https:\/\/agora.xtec.cat\/ifp-alguero\/wp-json\/wp\/v2\/comments?post=1254"}],"version-history":[{"count":6,"href":"https:\/\/agora.xtec.cat\/ifp-alguero\/wp-json\/wp\/v2\/pages\/1254\/revisions"}],"predecessor-version":[{"id":4524,"href":"https:\/\/agora.xtec.cat\/ifp-alguero\/wp-json\/wp\/v2\/pages\/1254\/revisions\/4524"}],"up":[{"embeddable":true,"href":"https:\/\/agora.xtec.cat\/ifp-alguero\/wp-json\/wp\/v2\/pages\/4458"}],"wp:attachment":[{"href":"https:\/\/agora.xtec.cat\/ifp-alguero\/wp-json\/wp\/v2\/media?parent=1254"}],"curies":[{"name":"wp","href":"https:\/\/api.w.org\/{rel}","templated":true}]}}