{"id":2223,"date":"2026-01-29T09:02:27","date_gmt":"2026-01-29T08:02:27","guid":{"rendered":"https:\/\/agora.xtec.cat\/ifeb\/?page_id=2223"},"modified":"2026-02-04T21:08:41","modified_gmt":"2026-02-04T20:08:41","slug":"portes-obertes-curs-2025-2026","status":"publish","type":"page","link":"https:\/\/agora.xtec.cat\/ifeb\/portes-obertes-curs-2025-2026\/","title":{"rendered":"Portes obertes curs 2025-2026"},"content":{"rendered":"\n<div class=\"wp-block-media-text is-stacked-on-mobile\" style=\"grid-template-columns:15% auto\"><figure class=\"wp-block-media-text__media\"><img loading=\"lazy\" decoding=\"async\" width=\"1563\" height=\"1563\" src=\"https:\/\/agora.xtec.cat\/ifeb\/wp-content\/uploads\/usu3035\/2025\/06\/Diseno-sin-titulo.png\" alt=\"\" class=\"wp-image-1818 size-full\" srcset=\"https:\/\/agora.xtec.cat\/ifeb\/wp-content\/uploads\/usu3035\/2025\/06\/Diseno-sin-titulo.png 1563w, https:\/\/agora.xtec.cat\/ifeb\/wp-content\/uploads\/usu3035\/2025\/06\/Diseno-sin-titulo-300x300.png 300w, https:\/\/agora.xtec.cat\/ifeb\/wp-content\/uploads\/usu3035\/2025\/06\/Diseno-sin-titulo-150x150.png 150w, https:\/\/agora.xtec.cat\/ifeb\/wp-content\/uploads\/usu3035\/2025\/06\/Diseno-sin-titulo-768x768.png 768w, https:\/\/agora.xtec.cat\/ifeb\/wp-content\/uploads\/usu3035\/2025\/06\/Diseno-sin-titulo-1536x1536.png 1536w\" sizes=\"auto, (max-width: 1563px) 100vw, 1563px\" \/><\/figure><div class=\"wp-block-media-text__content\">\n<div class=\"wp-block-group is-content-justification-left is-layout-constrained wp-container-core-group-is-layout-1 wp-block-group-is-layout-constrained\">\n<p>L\u2019Institut de Formaci\u00f3 Empresarial de Barcelona (IFEB) organitza les <strong>Jornades de Portes Obertes<\/strong> adre\u00e7ades a totes les persones interessades a con\u00e8ixer la nostra oferta de <strong>Formaci\u00f3 Professional<\/strong> per al proper curs.<\/p>\n\n\n\n<p>Durant les sessions podr\u00e0s:<\/p>\n\n\n\n<ul class=\"wp-block-list\">\n<li>Con\u00e8ixer els diferents cicles i cursos que oferim<\/li>\n\n\n\n<li>Resoldre dubtes sobre continguts, sortides professionals i acc\u00e9s<\/li>\n\n\n\n<li>Parlar amb el professorat del centre<\/li>\n<\/ul>\n<\/div>\n<\/div><\/div>\n\n\n\n<p><br><\/p>\n\n\n\n<div style=\"height:26px\" aria-hidden=\"true\" class=\"wp-block-spacer\"><\/div>\n\n\n\n<h2 class=\"wp-block-heading\"><strong><mark style=\"background-color:rgba(0, 0, 0, 0)\" class=\"has-inline-color has-ast-global-color-0-color\">Horaris de les sessions<\/mark><\/strong><\/h2>\n\n\n\n<h2 class=\"wp-block-heading\"><mark style=\"background-color:#daff71\" class=\"has-inline-color\"><mark><strong>Inscripci\u00f3 pr\u00e8via obligat\u00f2ria per a qualsevol sessi\u00f3:<\/strong> <a href=\"https:\/\/forms.gle\/MszY9EC7XYDVVVNp9\" data-type=\"link\" data-id=\"https:\/\/forms.gle\/MszY9EC7XYDVVVNp9\"><strong>Enlla\u00e7<\/strong><\/a><\/mark><\/mark><\/h2>\n\n\n\n<h2 class=\"wp-block-heading\"><\/h2>\n\n\n\n<h5 class=\"wp-block-heading\"><strong><mark>PFI<\/mark><\/strong><\/h5>\n\n\n\n<ul class=\"wp-block-list\">\n<li>PFI Auxiliar de vendes, oficina i atenci\u00f3 al p\u00fablic &#8211; Dilluns 20 d\u2019abril, a les 18:00 h<\/li>\n<\/ul>\n\n\n\n<h5 class=\"wp-block-heading\"><mark>CFGB (Grau B\u00e0sic)<\/mark><\/h5>\n\n\n\n<ul class=\"wp-block-list\">\n<li>Serveis Comercials &#8211; Dimecres 15 d\u2019abril, a les 18:00 h<\/li>\n\n\n\n<li>Serveis Administratius &#8211; Dimecres 15 d\u2019abril, a les 18:00 h<\/li>\n<\/ul>\n\n\n\n<h5 class=\"wp-block-heading\"><strong><mark>CFGM (Grau Mitj\u00e0)<\/mark><\/strong><\/h5>\n\n\n\n<ul class=\"wp-block-list\">\n<li>Gesti\u00f3 Administrativa &#8211; Dimarts 14 d\u2019abril, a les 18:00 h<\/li>\n\n\n\n<li>Gesti\u00f3 Administrativa (\u00c0mbit jur\u00eddic) &#8211; Dimarts 14 d\u2019abril, a les 18:00 h<\/li>\n\n\n\n<li>Activitats Comercials &#8211; Dimecres 15 d\u2019abril, a les 18:00 h<\/li>\n\n\n\n<li>Activitats Comercials (Moda) &#8211; Dimecres 15 d\u2019abril, a les 18:00 h<\/li>\n<\/ul>\n\n\n\n<h5 class=\"wp-block-heading\"><strong><mark>CFGS (Grau Superior)<\/mark><\/strong><\/h5>\n\n\n\n<ul class=\"wp-block-list\">\n<li>Assist\u00e8ncia a la Direcci\u00f3 &#8211; Dimarts 21 d\u2019abril, a les 18:00 h<\/li>\n\n\n\n<li>Administraci\u00f3 i Finances &#8211; Dimecres 22 d\u2019abril, a les 18:00 h<\/li>\n\n\n\n<li>Gesti\u00f3 de Vendes i Espais Comercials &#8211; Dimecres 29 d\u2019abril, a les 18:00 h<\/li>\n\n\n\n<li>M\u00e0rqueting i Publicitat &#8211; Dimecres 29 d\u2019abril, a les 18:00 h<\/li>\n<\/ul>\n\n\n\n<h5 class=\"wp-block-heading\"><strong><mark>CE (Curs d\u2019Especialitzaci\u00f3 \u2013 EFPS)<\/mark><\/strong><\/h5>\n\n\n\n<ul class=\"wp-block-list\">\n<li>Redacci\u00f3 de Continguts Digitals per a M\u00e0rqueting i Vendes &#8211; Dimarts 28 d\u2019abril, a les 18:00 h<\/li>\n<\/ul>\n","protected":false},"excerpt":{"rendered":"<p>Horaris de les sessions Inscripci\u00f3 pr\u00e8via obligat\u00f2ria per a qualsevol sessi\u00f3: Enlla\u00e7 PFI CFGB (Grau B\u00e0sic) CFGM (Grau Mitj\u00e0) CFGS (Grau Superior) CE (Curs d\u2019Especialitzaci\u00f3 \u2013 EFPS)<\/p>\n","protected":false},"author":8,"featured_media":0,"parent":0,"menu_order":0,"comment_status":"closed","ping_status":"close","template":"","meta":{"site-sidebar-layout":"default","site-content-layout":"","ast-site-content-layout":"default","site-content-style":"default","site-sidebar-style":"default","ast-global-header-display":"","ast-banner-title-visibility":"","ast-main-header-display":"","ast-hfb-above-header-display":"","ast-hfb-below-header-display":"","ast-hfb-mobile-header-display":"","site-post-title":"","ast-breadcrumbs-content":"","ast-featured-img":"","footer-sml-layout":"","theme-transparent-header-meta":"","adv-header-id-meta":"","stick-header-meta":"","header-above-stick-meta":"","header-main-stick-meta":"","header-below-stick-meta":"","astra-migrate-meta-layouts":"set","ast-page-background-enabled":"default","ast-page-background-meta":{"desktop":{"background-color":"var(--ast-global-color-4)","background-image":"","background-repeat":"repeat","background-position":"center center","background-size":"auto","background-attachment":"scroll","background-type":"","background-media":"","overlay-type":"","overlay-color":"","overlay-opacity":"","overlay-gradient":""},"tablet":{"background-color":"","background-image":"","background-repeat":"repeat","background-position":"center center","background-size":"auto","background-attachment":"scroll","background-type":"","background-media":"","overlay-type":"","overlay-color":"","overlay-opacity":"","overlay-gradient":""},"mobile":{"background-color":"","background-image":"","background-repeat":"repeat","background-position":"center center","background-size":"auto","background-attachment":"scroll","background-type":"","background-media":"","overlay-type":"","overlay-color":"","overlay-opacity":"","overlay-gradient":""}},"ast-content-background-meta":{"desktop":{"background-color":"var(--ast-global-color-5)","background-image":"","background-repeat":"repeat","background-position":"center center","background-size":"auto","background-attachment":"scroll","background-type":"","background-media":"","overlay-type":"","overlay-color":"","overlay-opacity":"","overlay-gradient":""},"tablet":{"background-color":"var(--ast-global-color-5)","background-image":"","background-repeat":"repeat","background-position":"center center","background-size":"auto","background-attachment":"scroll","background-type":"","background-media":"","overlay-type":"","overlay-color":"","overlay-opacity":"","overlay-gradient":""},"mobile":{"background-color":"var(--ast-global-color-5)","background-image":"","background-repeat":"repeat","background-position":"center center","background-size":"auto","background-attachment":"scroll","background-type":"","background-media":"","overlay-type":"","overlay-color":"","overlay-opacity":"","overlay-gradient":""}},"footnotes":""},"class_list":["post-2223","page","type-page","status-publish","hentry"],"post_mailing_queue_ids":[],"_links":{"self":[{"href":"https:\/\/agora.xtec.cat\/ifeb\/wp-json\/wp\/v2\/pages\/2223","targetHints":{"allow":["GET"]}}],"collection":[{"href":"https:\/\/agora.xtec.cat\/ifeb\/wp-json\/wp\/v2\/pages"}],"about":[{"href":"https:\/\/agora.xtec.cat\/ifeb\/wp-json\/wp\/v2\/types\/page"}],"author":[{"embeddable":true,"href":"https:\/\/agora.xtec.cat\/ifeb\/wp-json\/wp\/v2\/users\/8"}],"replies":[{"embeddable":true,"href":"https:\/\/agora.xtec.cat\/ifeb\/wp-json\/wp\/v2\/comments?post=2223"}],"version-history":[{"count":7,"href":"https:\/\/agora.xtec.cat\/ifeb\/wp-json\/wp\/v2\/pages\/2223\/revisions"}],"predecessor-version":[{"id":2318,"href":"https:\/\/agora.xtec.cat\/ifeb\/wp-json\/wp\/v2\/pages\/2223\/revisions\/2318"}],"wp:attachment":[{"href":"https:\/\/agora.xtec.cat\/ifeb\/wp-json\/wp\/v2\/media?parent=2223"}],"curies":[{"name":"wp","href":"https:\/\/api.w.org\/{rel}","templated":true}]}}

<div class="wp-block-media-text is-stacked-on-mobile" style="grid-template-columns:15% auto"><figure class="wp-block-media-text__media"><img loading="lazy" decoding="async" width="1563" height="1563" src="https://agora.xtec.cat/ifeb/wp-content/uploads/usu3035/2025/06/Diseno-sin-titulo.png" alt="" class="wp-image-1818 size-full" srcset="https://agora.xtec.cat/ifeb/wp-content/uploads/usu3035/2025/06/Diseno-sin-titulo.png 1563w, https://agora.xtec.cat/ifeb/wp-content/uploads/usu3035/2025/06/Diseno-sin-titulo-300x300.png 300w, https://agora.xtec.cat/ifeb/wp-content/uploads/usu3035/2025/06/Diseno-sin-titulo-150x150.png 150w, https://agora.xtec.cat/ifeb/wp-content/uploads/usu3035/2025/06/Diseno-sin-titulo-768x768.png 768w, https://agora.xtec.cat/ifeb/wp-content/uploads/usu3035/2025/06/Diseno-sin-titulo-1536x1536.png 1536w" sizes="auto, (max-width: 1563px) 100vw, 1563px" /></figure><div class="wp-block-media-text__content">
<div class="wp-block-group is-content-justification-left is-layout-constrained wp-container-core-group-is-layout-1 wp-block-group-is-layout-constrained">
<p>L’Institut de Formació Empresarial de Barcelona (IFEB) organitza les <strong>Jornades de Portes Obertes</strong> adreçades a totes les persones interessades a conèixer la nostra oferta de <strong>Formació Professional</strong> per al proper curs.</p>



<p>Durant les sessions podràs:</p>



<ul class="wp-block-list">
<li>Conèixer els diferents cicles i cursos que oferim</li>



<li>Resoldre dubtes sobre continguts, sortides professionals i accés</li>



<li>Parlar amb el professorat del centre</li>
</ul>
</div>
</div></div>



<p><br></p>



<div style="height:26px" aria-hidden="true" class="wp-block-spacer"></div>



<h2 class="wp-block-heading"><strong><mark style="background-color:rgba(0, 0, 0, 0)" class="has-inline-color has-ast-global-color-0-color">Horaris de les sessions</mark></strong></h2>



<h2 class="wp-block-heading"><mark style="background-color:#daff71" class="has-inline-color"><mark><strong>Inscripció prèvia obligatòria per a qualsevol sessió:</strong> <a href="https://forms.gle/MszY9EC7XYDVVVNp9" data-type="link" data-id="https://forms.gle/MszY9EC7XYDVVVNp9"><strong>Enllaç</strong></a></mark></mark></h2>



<h2 class="wp-block-heading"></h2>



<h5 class="wp-block-heading"><strong><mark>PFI</mark></strong></h5>



<ul class="wp-block-list">
<li>PFI Auxiliar de vendes, oficina i atenció al públic &#8211; Dilluns 20 d’abril, a les 18:00 h</li>
</ul>



<h5 class="wp-block-heading"><mark>CFGB (Grau Bàsic)</mark></h5>



<ul class="wp-block-list">
<li>Serveis Comercials &#8211; Dimecres 15 d’abril, a les 18:00 h</li>



<li>Serveis Administratius &#8211; Dimecres 15 d’abril, a les 18:00 h</li>
</ul>



<h5 class="wp-block-heading"><strong><mark>CFGM (Grau Mitjà)</mark></strong></h5>



<ul class="wp-block-list">
<li>Gestió Administrativa &#8211; Dimarts 14 d’abril, a les 18:00 h</li>



<li>Gestió Administrativa (Àmbit jurídic) &#8211; Dimarts 14 d’abril, a les 18:00 h</li>



<li>Activitats Comercials &#8211; Dimecres 15 d’abril, a les 18:00 h</li>



<li>Activitats Comercials (Moda) &#8211; Dimecres 15 d’abril, a les 18:00 h</li>
</ul>



<h5 class="wp-block-heading"><strong><mark>CFGS (Grau Superior)</mark></strong></h5>



<ul class="wp-block-list">
<li>Assistència a la Direcció &#8211; Dimarts 21 d’abril, a les 18:00 h</li>



<li>Administració i Finances &#8211; Dimecres 22 d’abril, a les 18:00 h</li>



<li>Gestió de Vendes i Espais Comercials &#8211; Dimecres 29 d’abril, a les 18:00 h</li>



<li>Màrqueting i Publicitat &#8211; Dimecres 29 d’abril, a les 18:00 h</li>
</ul>



<h5 class="wp-block-heading"><strong><mark>CE (Curs d’Especialització – EFPS)</mark></strong></h5>



<ul class="wp-block-list">
<li>Redacció de Continguts Digitals per a Màrqueting i Vendes &#8211; Dimarts 28 d’abril, a les 18:00 h</li>
</ul>

<p>Horaris de les sessions Inscripció prèvia obligatòria per a qualsevol sessió: Enllaç PFI CFGB (Grau Bàsic) CFGM (Grau Mitjà) CFGS (Grau Superior) CE (Curs d’Especialització – EFPS)</p>
