{"id":2149,"date":"2025-11-13T11:06:53","date_gmt":"2025-11-13T10:06:53","guid":{"rendered":"https:\/\/agora.xtec.cat\/ifeb\/?page_id=2149"},"modified":"2025-11-13T15:47:32","modified_gmt":"2025-11-13T14:47:32","slug":"qualitat","status":"publish","type":"page","link":"https:\/\/agora.xtec.cat\/ifeb\/qualitat\/","title":{"rendered":"QUALITAT"},"content":{"rendered":"\n<h1 class=\"wp-block-heading\">Pilars estrat\u00e8gics<\/h1>\n\n\n\n<h2 class=\"wp-block-heading has-medium-font-size\">Missi\u00f3<\/h2>\n\n\n\n<p class=\"has-text-align-left\">La nostra missi\u00f3 \u00e9s formar professionals amb una mentalitat emprenedora, capa\u00e7os d&#8217;identificar oportunitats, resoldre problemes i liderar amb efic\u00e0cia. L\u2019IFEB ofereix una formaci\u00f3 que combina teoria i pr\u00e0ctica, ajudant els estudiants a desenvolupar compet\u00e8ncies que els permetin destacar en un entorn laboral en constant evoluci\u00f3.<\/p>\n\n\n\n<p class=\"has-text-align-left\">Impulsem l&#8217;autonomia, la creativitat i el pensament cr\u00edtic, assegurant que els nostres alumnes estiguin preparats per contribuir positivament a la societat.<\/p>\n\n\n\n<h2 class=\"wp-block-heading has-medium-font-size\">Visi\u00f3<\/h2>\n\n\n\n<p>Volem ser un referent en la formaci\u00f3 professional i l&#8217;emprenedoria a Barcelona, destacant per la nostra qualitat educativa i el nostre comprom\u00eds amb l&#8217;excel\u00b7l\u00e8ncia. A l\u2019IFEB, treballem per respondre a les necessitats del mercat laboral i per oferir als estudiants les eines i recursos necessaris per aconseguir l&#8217;\u00e8xit en els seus \u00e0mbits d\u2019inter\u00e8s. <\/p>\n\n\n\n<p>Ens esforcem per mantenir una estreta col\u00b7laboraci\u00f3 amb empreses i institucions, proporcionant als estudiants experi\u00e8ncies reals que els ajudin a integrar-se amb \u00e8xit al m\u00f3n laboral.<\/p>\n\n\n\n<h2 class=\"wp-block-heading has-medium-font-size\">Trets d&#8217;identitat<\/h2>\n\n\n\n<p>L\u2019IFEB es caracteritza per una formaci\u00f3 de qualitat, enfocada en el desenvolupament personal i professional dels estudiants. Creiem en una educaci\u00f3 que fomenti la iniciativa i l&#8217;autonomia, dotant els alumnes de les habilitats necess\u00e0ries per emprendre i innovar. <\/p>\n\n\n\n<p>La nostra metodologia d&#8217;aprenentatge inclou pr\u00e0ctiques professionals, projectes col\u00b7laboratius i un enfocament personalitzat que s\u2019adapta a les necessitats de cada alumne. Estem compromesos amb la creaci\u00f3 d&#8217;un entorn educatiu que promogui la igualtat d&#8217;oportunitats i la diversitat, assegurant que cada estudiant pugui assolir el seu m\u00e0xim potencial. Fomentem una cultura de col\u00b7laboraci\u00f3 i respecte entre tots els membres de la comunitat educativa, proporcionant un espai on el di\u00e0leg i la participaci\u00f3 s\u00f3n clau per a l&#8217;\u00e8xit col\u00b7lectiu.<\/p>\n\n\n\n<p>L\u2019Institut de Formaci\u00f3 Empresarial de Barcelona (IFEB) aposta per un model educatiu que prioritzi la qualitat i l\u2019emprenedoria, capacitant els estudiants per afrontar els desafiaments del futur i liderar amb \u00e8xit en els seus respectius camps professionals.<\/p>\n\n\n\n<h1 class=\"wp-block-heading\">Pol\u00edtica de qualitat<\/h1>\n\n\n\n<p>L\u2019institut de Formaci\u00f3 Empresarial de Barcelona (d\u2019ara endavant IFEB) disposa d\u2019un Sistema de Gesti\u00f3 de la Qualitat d\u2019acord amb la norma ISO 9001 vigent i els requisits disposats per l\u2019administraci\u00f3 educativa. Aquest sistema garanteix la millora cont\u00ednua de tots els processos formatius i organitzatius, assegurant una educaci\u00f3 d\u2019excel\u00b7l\u00e8ncia i orientada al desenvolupament integral de les persones.<\/p>\n\n\n\n<p>L\u2019objectiu principal del Sistema de Gesti\u00f3 de Qualitat \u00e9s garantir la satisfacci\u00f3 de tots els grups d\u2019inter\u00e8s: alumnat, fam\u00edlies, professorat, personal d\u2019administraci\u00f3 i serveis, empreses col\u00b7laboradores i administracions p\u00fabliques, assegurant una formaci\u00f3 que impulsi l\u2019emprenedoria, la innovaci\u00f3 i la inserci\u00f3 professional de l\u2019alumnat.<\/p>\n\n\n\n<p>Les l\u00ednies d\u2019actuaci\u00f3 d\u2019aquesta Pol\u00edtica estan d\u2019acord amb el Projecte Educatiu de Centre i s\u00f3n les seg\u00fcents:<\/p>\n\n\n\n<ul class=\"wp-block-list\">\n<li>Garantir una educaci\u00f3 de qualitat, inclusiva i equitativa que promogui oportunitats d\u2019aprenentatge permanents per a tots, en coher\u00e8ncia amb l\u2019Objectiu de Desenvolupament Sostenible 4 de l\u2019Agenda 2030.<\/li>\n\n\n\n<li>Comprom\u00eds a complir les expectatives i requisits de tots els nostres grups d\u2019inter\u00e8s, respectant sempre els preceptes legals i normatius, i mantenint una comunicaci\u00f3 transparent i bidireccional.<\/li>\n\n\n\n<li>Promoure una cultura d\u2019innovaci\u00f3 i esperit emprenedor en tots els \u00e0mbits del centre, fomentant la creativitat, el pensament cr\u00edtic i la capacitat d\u2019adaptaci\u00f3 davant els reptes d\u2019un entorn laboral en constant canvi.<\/li>\n\n\n\n<li>Treballar estretament amb empreses, institucions i organitzacions per oferir una formaci\u00f3 pr\u00e0ctica i actualitzada, que faciliti la inserci\u00f3 laboral i la participaci\u00f3 activa dels nostres estudiants en la societat, sent responsable la totalitat de l\u2019equip professional del centre.&nbsp;<\/li>\n\n\n\n<li>Informar de tots els objectius i criteris de Qualitat a tots els grups d\u2019inter\u00e8s mitjan\u00e7ant aquest document i la seva publicaci\u00f3 a la p\u00e0gina web del centre.<\/li>\n\n\n\n<li>Implementar un sistema d\u2019indicadors de qualitat que permet mesurar, analitzar i avaluar el progr\u00e9s de les nostres accions. D\u2019aquesta manera, impulsem un proc\u00e9s de millora cont\u00ednua orientat a assolir els objectius estrat\u00e8gics del centre.<\/li>\n\n\n\n<li>Vetllar per garantir la seguretat, la salut i el benestar de totes les persones que formen part de la comunitat educativa, fomentant un entorn de treball saludable, respectu\u00f3s i col\u00b7laboratiu.<\/li>\n\n\n\n<li>Reduir i prevenir la contaminaci\u00f3 derivada de les nostres activitats, contribuint a la lluita contra el canvi clim\u00e0tic (ODS 13) i promovent pr\u00e0ctiques sostenibles dins i fora de l\u2019aula.<\/li>\n<\/ul>\n\n\n\n<p>Per acabar, la Pol\u00edtica de Qualitat que \u00e9s un comprom\u00eds que afecta a tota la comunitat educativa, es mant\u00e9 actualitzada mitjan\u00e7ant revisions peri\u00f2diques per part de la direcci\u00f3, per tal d\u2019incloure els canvis que es produeixin a la comunitat educativa i al seu entorn. A m\u00e9s, l\u2019equip directiu en vetllar\u00e0 i garantir\u00e0 l\u2019assoliment d\u2019aquesta Pol\u00edtica a trav\u00e9s de la gesti\u00f3 i la millora continuada, amb els mitjans de qu\u00e8 disposi.<\/p>\n\n\n\n<p><\/p>\n","protected":false},"excerpt":{"rendered":"<p>Pilars estrat\u00e8gics Missi\u00f3 La nostra missi\u00f3 \u00e9s formar professionals amb una mentalitat emprenedora, capa\u00e7os d&#8217;identificar oportunitats, resoldre problemes i liderar amb efic\u00e0cia. L\u2019IFEB ofereix una formaci\u00f3 que combina teoria i pr\u00e0ctica, ajudant els estudiants a desenvolupar compet\u00e8ncies que els permetin destacar en un entorn laboral en constant evoluci\u00f3. Impulsem l&#8217;autonomia, la creativitat i el pensament [&hellip;]<\/p>\n","protected":false},"author":1,"featured_media":0,"parent":0,"menu_order":0,"comment_status":"closed","ping_status":"close","template":"","meta":{"site-sidebar-layout":"default","site-content-layout":"","ast-site-content-layout":"default","site-content-style":"default","site-sidebar-style":"default","ast-global-header-display":"","ast-banner-title-visibility":"","ast-main-header-display":"","ast-hfb-above-header-display":"","ast-hfb-below-header-display":"","ast-hfb-mobile-header-display":"","site-post-title":"","ast-breadcrumbs-content":"","ast-featured-img":"","footer-sml-layout":"","theme-transparent-header-meta":"","adv-header-id-meta":"","stick-header-meta":"","header-above-stick-meta":"","header-main-stick-meta":"","header-below-stick-meta":"","astra-migrate-meta-layouts":"set","ast-page-background-enabled":"default","ast-page-background-meta":{"desktop":{"background-color":"var(--ast-global-color-4)","background-image":"","background-repeat":"repeat","background-position":"center center","background-size":"auto","background-attachment":"scroll","background-type":"","background-media":"","overlay-type":"","overlay-color":"","overlay-opacity":"","overlay-gradient":""},"tablet":{"background-color":"","background-image":"","background-repeat":"repeat","background-position":"center center","background-size":"auto","background-attachment":"scroll","background-type":"","background-media":"","overlay-type":"","overlay-color":"","overlay-opacity":"","overlay-gradient":""},"mobile":{"background-color":"","background-image":"","background-repeat":"repeat","background-position":"center center","background-size":"auto","background-attachment":"scroll","background-type":"","background-media":"","overlay-type":"","overlay-color":"","overlay-opacity":"","overlay-gradient":""}},"ast-content-background-meta":{"desktop":{"background-color":"var(--ast-global-color-5)","background-image":"","background-repeat":"repeat","background-position":"center center","background-size":"auto","background-attachment":"scroll","background-type":"","background-media":"","overlay-type":"","overlay-color":"","overlay-opacity":"","overlay-gradient":""},"tablet":{"background-color":"var(--ast-global-color-5)","background-image":"","background-repeat":"repeat","background-position":"center center","background-size":"auto","background-attachment":"scroll","background-type":"","background-media":"","overlay-type":"","overlay-color":"","overlay-opacity":"","overlay-gradient":""},"mobile":{"background-color":"var(--ast-global-color-5)","background-image":"","background-repeat":"repeat","background-position":"center center","background-size":"auto","background-attachment":"scroll","background-type":"","background-media":"","overlay-type":"","overlay-color":"","overlay-opacity":"","overlay-gradient":""}},"footnotes":""},"class_list":["post-2149","page","type-page","status-publish","hentry"],"post_mailing_queue_ids":[],"_links":{"self":[{"href":"https:\/\/agora.xtec.cat\/ifeb\/wp-json\/wp\/v2\/pages\/2149","targetHints":{"allow":["GET"]}}],"collection":[{"href":"https:\/\/agora.xtec.cat\/ifeb\/wp-json\/wp\/v2\/pages"}],"about":[{"href":"https:\/\/agora.xtec.cat\/ifeb\/wp-json\/wp\/v2\/types\/page"}],"author":[{"embeddable":true,"href":"https:\/\/agora.xtec.cat\/ifeb\/wp-json\/wp\/v2\/users\/1"}],"replies":[{"embeddable":true,"href":"https:\/\/agora.xtec.cat\/ifeb\/wp-json\/wp\/v2\/comments?post=2149"}],"version-history":[{"count":3,"href":"https:\/\/agora.xtec.cat\/ifeb\/wp-json\/wp\/v2\/pages\/2149\/revisions"}],"predecessor-version":[{"id":2155,"href":"https:\/\/agora.xtec.cat\/ifeb\/wp-json\/wp\/v2\/pages\/2149\/revisions\/2155"}],"wp:attachment":[{"href":"https:\/\/agora.xtec.cat\/ifeb\/wp-json\/wp\/v2\/media?parent=2149"}],"curies":[{"name":"wp","href":"https:\/\/api.w.org\/{rel}","templated":true}]}}

<h1 class="wp-block-heading">Pilars estratègics</h1>



<h2 class="wp-block-heading has-medium-font-size">Missió</h2>



<p class="has-text-align-left">La nostra missió és formar professionals amb una mentalitat emprenedora, capaços d&#8217;identificar oportunitats, resoldre problemes i liderar amb eficàcia. L’IFEB ofereix una formació que combina teoria i pràctica, ajudant els estudiants a desenvolupar competències que els permetin destacar en un entorn laboral en constant evolució.</p>



<p class="has-text-align-left">Impulsem l&#8217;autonomia, la creativitat i el pensament crític, assegurant que els nostres alumnes estiguin preparats per contribuir positivament a la societat.</p>



<h2 class="wp-block-heading has-medium-font-size">Visió</h2>



<p>Volem ser un referent en la formació professional i l&#8217;emprenedoria a Barcelona, destacant per la nostra qualitat educativa i el nostre compromís amb l&#8217;excel·lència. A l’IFEB, treballem per respondre a les necessitats del mercat laboral i per oferir als estudiants les eines i recursos necessaris per aconseguir l&#8217;èxit en els seus àmbits d’interès. </p>



<p>Ens esforcem per mantenir una estreta col·laboració amb empreses i institucions, proporcionant als estudiants experiències reals que els ajudin a integrar-se amb èxit al món laboral.</p>



<h2 class="wp-block-heading has-medium-font-size">Trets d&#8217;identitat</h2>



<p>L’IFEB es caracteritza per una formació de qualitat, enfocada en el desenvolupament personal i professional dels estudiants. Creiem en una educació que fomenti la iniciativa i l&#8217;autonomia, dotant els alumnes de les habilitats necessàries per emprendre i innovar. </p>



<p>La nostra metodologia d&#8217;aprenentatge inclou pràctiques professionals, projectes col·laboratius i un enfocament personalitzat que s’adapta a les necessitats de cada alumne. Estem compromesos amb la creació d&#8217;un entorn educatiu que promogui la igualtat d&#8217;oportunitats i la diversitat, assegurant que cada estudiant pugui assolir el seu màxim potencial. Fomentem una cultura de col·laboració i respecte entre tots els membres de la comunitat educativa, proporcionant un espai on el diàleg i la participació són clau per a l&#8217;èxit col·lectiu.</p>



<p>L’Institut de Formació Empresarial de Barcelona (IFEB) aposta per un model educatiu que prioritzi la qualitat i l’emprenedoria, capacitant els estudiants per afrontar els desafiaments del futur i liderar amb èxit en els seus respectius camps professionals.</p>



<h1 class="wp-block-heading">Política de qualitat</h1>



<p>L’institut de Formació Empresarial de Barcelona (d’ara endavant IFEB) disposa d’un Sistema de Gestió de la Qualitat d’acord amb la norma ISO 9001 vigent i els requisits disposats per l’administració educativa. Aquest sistema garanteix la millora contínua de tots els processos formatius i organitzatius, assegurant una educació d’excel·lència i orientada al desenvolupament integral de les persones.</p>



<p>L’objectiu principal del Sistema de Gestió de Qualitat és garantir la satisfacció de tots els grups d’interès: alumnat, famílies, professorat, personal d’administració i serveis, empreses col·laboradores i administracions públiques, assegurant una formació que impulsi l’emprenedoria, la innovació i la inserció professional de l’alumnat.</p>



<p>Les línies d’actuació d’aquesta Política estan d’acord amb el Projecte Educatiu de Centre i són les següents:</p>



<ul class="wp-block-list">
<li>Garantir una educació de qualitat, inclusiva i equitativa que promogui oportunitats d’aprenentatge permanents per a tots, en coherència amb l’Objectiu de Desenvolupament Sostenible 4 de l’Agenda 2030.</li>



<li>Compromís a complir les expectatives i requisits de tots els nostres grups d’interès, respectant sempre els preceptes legals i normatius, i mantenint una comunicació transparent i bidireccional.</li>



<li>Promoure una cultura d’innovació i esperit emprenedor en tots els àmbits del centre, fomentant la creativitat, el pensament crític i la capacitat d’adaptació davant els reptes d’un entorn laboral en constant canvi.</li>



<li>Treballar estretament amb empreses, institucions i organitzacions per oferir una formació pràctica i actualitzada, que faciliti la inserció laboral i la participació activa dels nostres estudiants en la societat, sent responsable la totalitat de l’equip professional del centre.&nbsp;</li>



<li>Informar de tots els objectius i criteris de Qualitat a tots els grups d’interès mitjançant aquest document i la seva publicació a la pàgina web del centre.</li>



<li>Implementar un sistema d’indicadors de qualitat que permet mesurar, analitzar i avaluar el progrés de les nostres accions. D’aquesta manera, impulsem un procés de millora contínua orientat a assolir els objectius estratègics del centre.</li>



<li>Vetllar per garantir la seguretat, la salut i el benestar de totes les persones que formen part de la comunitat educativa, fomentant un entorn de treball saludable, respectuós i col·laboratiu.</li>



<li>Reduir i prevenir la contaminació derivada de les nostres activitats, contribuint a la lluita contra el canvi climàtic (ODS 13) i promovent pràctiques sostenibles dins i fora de l’aula.</li>
</ul>



<p>Per acabar, la Política de Qualitat que és un compromís que afecta a tota la comunitat educativa, es manté actualitzada mitjançant revisions periòdiques per part de la direcció, per tal d’incloure els canvis que es produeixin a la comunitat educativa i al seu entorn. A més, l’equip directiu en vetllarà i garantirà l’assoliment d’aquesta Política a través de la gestió i la millora continuada, amb els mitjans de què disposi.</p>



<p></p>

<p>Pilars estratègics Missió La nostra missió és formar professionals amb una mentalitat emprenedora, capaços d&#8217;identificar oportunitats, resoldre problemes i liderar amb eficàcia. L’IFEB ofereix una formació que combina teoria i pràctica, ajudant els estudiants a desenvolupar competències que els permetin destacar en un entorn laboral en constant evolució. Impulsem l&#8217;autonomia, la creativitat i el pensament [&hellip;]</p>
