{"id":1853,"date":"2025-06-27T13:25:54","date_gmt":"2025-06-27T11:25:54","guid":{"rendered":"https:\/\/agora.xtec.cat\/ifeb\/?page_id=1853"},"modified":"2025-07-31T15:37:26","modified_gmt":"2025-07-31T13:37:26","slug":"publicacio-de-les-llistes-provisionals-amb-barem-dels-cicles-de-grau-superior-2025-2026","status":"publish","type":"page","link":"https:\/\/agora.xtec.cat\/ifeb\/llistats-provisionals-dacces\/publicacio-de-les-llistes-provisionals-amb-barem-dels-cicles-de-grau-superior-2025-2026\/","title":{"rendered":"Publicaci\u00f3 de les llistes definitives dels cicles de grau superior 2025-2026"},"content":{"rendered":"\n<p>\ud83d\udccc Recordem que per tal de procedir a fer la matr\u00edcula, cal <strong>CONFIRMAR<\/strong> al portal de preinscripci\u00f3 de la Generalitat la vostra pla\u00e7a. Un cop heu confirmat, a partir del dia seg\u00fcent, des del centre us enviarem un correu amb la informaci\u00f3 de la matr\u00edcula que es fa tota online del 1 al 5 d&#8217;agost.<\/p>\n\n\n\n<p><strong>Tercera tanda:<\/strong><\/p>\n\n\n\n<p><a href=\"https:\/\/drive.google.com\/file\/d\/1M_T3fntJs8Xg-jDS9FLN6IAUZDtq1_ar\/view?usp=sharing\"><mark><strong>NOU<\/strong><\/mark>&nbsp;\u2013 LLISTAT Alumnes assignats al centre en tercera tanda a 29\/07\/2025<\/a><\/p>\n\n\n\n<p><a href=\"https:\/\/drive.google.com\/file\/d\/1we73qDCYjaihVS2W5ly7w19U5Kxo7f6u\/view?usp=sharing\"><mark><strong>NOU<\/strong><\/mark>&nbsp;\u2013&nbsp;Alumnes preinscrits al centre amb indicaci\u00f3 de l\u2019assignaci\u00f3 de centre i cicle final a 29\/07\/2025<\/a><\/p>\n\n\n\n<p><strong>Processos i tandes finalitzades<\/strong>:<\/p>\n\n\n\n<p><a href=\"https:\/\/drive.google.com\/file\/d\/1e5b9dx2PMoZPMPCZFqn12xEjx1szPFqd\/view?usp=sharing\">Alumnes assignats al centre en segona tanda a 17\/07\/2025<\/a><\/p>\n\n\n\n<p><a href=\"https:\/\/drive.google.com\/file\/d\/1GtlVxPxAVXP6YhKHMEC-i0dVcVDTd-9o\/view?usp=sharing\">LLISTAT Alumnes preinscrits al centre amb indicaci\u00f3 de l&#8217;assignaci\u00f3 i l&#8217;ordre de petici\u00f3 de la segona tanda a 17\/07\/2025<\/a><\/p>\n\n\n\n<p> <strong><a href=\"https:\/\/drive.google.com\/file\/d\/1E75u2XnjgqQ611LPNfXJjhetsa_WgSI-\/view?usp=sharing\">LLISTA ALUMNAT ASSIGNAT EN 1a TANDA  (10\/7\/25) &#8211; Descarrega<\/a><\/strong><\/p>\n\n\n\n<p><a href=\"https:\/\/drive.google.com\/file\/d\/1u4E70YCYmBEJOfhGZrGkIveMzJtHdGIS\/view?usp=sharing\"><strong>LLISTA AMB RECLAMACIONS RESOLTES I BAREM (7\/7\/25) <\/strong>&#8211; Descarrega<\/a><\/p>\n\n\n\n<p>Els cicles formatius inclosos s\u00f3n:<\/p>\n\n\n\n<ul class=\"wp-block-list\">\n<li><strong>Assist\u00e8ncia a la Direcci\u00f3<\/strong><\/li>\n\n\n\n<li><strong>Administraci\u00f3 i Finances<\/strong><\/li>\n\n\n\n<li><strong>Gesti\u00f3 de Vendes i Espais Comercials<\/strong><\/li>\n\n\n\n<li><strong>M\u00e0rqueting i Publicitat<\/strong><\/li>\n<\/ul>\n\n\n\n<p>\ud83d\udccc <strong>Data de publicaci\u00f3:<\/strong> 29 de juliol de 2025<br>Per a qualsevol dubte o esmena, podeu adre\u00e7ar-vos a la secretaria del centre dins el termini establert al calendari oficial del proc\u00e9s d\u2019admissi\u00f3.<\/p>\n\n\n\n<p><\/p>\n","protected":false},"excerpt":{"rendered":"<p>\ud83d\udccc Recordem que per tal de procedir a fer la matr\u00edcula, cal CONFIRMAR al portal de preinscripci\u00f3 de la Generalitat la vostra pla\u00e7a. Un cop heu confirmat, a partir del dia seg\u00fcent, des del centre us enviarem un correu amb la informaci\u00f3 de la matr\u00edcula que es fa tota online del 1 al 5 d&#8217;agost. [&hellip;]<\/p>\n","protected":false},"author":5,"featured_media":0,"parent":1654,"menu_order":0,"comment_status":"closed","ping_status":"close","template":"","meta":{"site-sidebar-layout":"default","site-content-layout":"","ast-site-content-layout":"default","site-content-style":"default","site-sidebar-style":"default","ast-global-header-display":"","ast-banner-title-visibility":"","ast-main-header-display":"","ast-hfb-above-header-display":"","ast-hfb-below-header-display":"","ast-hfb-mobile-header-display":"","site-post-title":"","ast-breadcrumbs-content":"","ast-featured-img":"","footer-sml-layout":"","theme-transparent-header-meta":"","adv-header-id-meta":"","stick-header-meta":"","header-above-stick-meta":"","header-main-stick-meta":"","header-below-stick-meta":"","astra-migrate-meta-layouts":"set","ast-page-background-enabled":"default","ast-page-background-meta":{"desktop":{"background-color":"var(--ast-global-color-4)","background-image":"","background-repeat":"repeat","background-position":"center center","background-size":"auto","background-attachment":"scroll","background-type":"","background-media":"","overlay-type":"","overlay-color":"","overlay-opacity":"","overlay-gradient":""},"tablet":{"background-color":"","background-image":"","background-repeat":"repeat","background-position":"center center","background-size":"auto","background-attachment":"scroll","background-type":"","background-media":"","overlay-type":"","overlay-color":"","overlay-opacity":"","overlay-gradient":""},"mobile":{"background-color":"","background-image":"","background-repeat":"repeat","background-position":"center center","background-size":"auto","background-attachment":"scroll","background-type":"","background-media":"","overlay-type":"","overlay-color":"","overlay-opacity":"","overlay-gradient":""}},"ast-content-background-meta":{"desktop":{"background-color":"var(--ast-global-color-5)","background-image":"","background-repeat":"repeat","background-position":"center center","background-size":"auto","background-attachment":"scroll","background-type":"","background-media":"","overlay-type":"","overlay-color":"","overlay-opacity":"","overlay-gradient":""},"tablet":{"background-color":"var(--ast-global-color-5)","background-image":"","background-repeat":"repeat","background-position":"center center","background-size":"auto","background-attachment":"scroll","background-type":"","background-media":"","overlay-type":"","overlay-color":"","overlay-opacity":"","overlay-gradient":""},"mobile":{"background-color":"var(--ast-global-color-5)","background-image":"","background-repeat":"repeat","background-position":"center center","background-size":"auto","background-attachment":"scroll","background-type":"","background-media":"","overlay-type":"","overlay-color":"","overlay-opacity":"","overlay-gradient":""}},"footnotes":""},"class_list":["post-1853","page","type-page","status-publish","hentry"],"post_mailing_queue_ids":[],"_links":{"self":[{"href":"https:\/\/agora.xtec.cat\/ifeb\/wp-json\/wp\/v2\/pages\/1853","targetHints":{"allow":["GET"]}}],"collection":[{"href":"https:\/\/agora.xtec.cat\/ifeb\/wp-json\/wp\/v2\/pages"}],"about":[{"href":"https:\/\/agora.xtec.cat\/ifeb\/wp-json\/wp\/v2\/types\/page"}],"author":[{"embeddable":true,"href":"https:\/\/agora.xtec.cat\/ifeb\/wp-json\/wp\/v2\/users\/5"}],"replies":[{"embeddable":true,"href":"https:\/\/agora.xtec.cat\/ifeb\/wp-json\/wp\/v2\/comments?post=1853"}],"version-history":[{"count":6,"href":"https:\/\/agora.xtec.cat\/ifeb\/wp-json\/wp\/v2\/pages\/1853\/revisions"}],"predecessor-version":[{"id":1897,"href":"https:\/\/agora.xtec.cat\/ifeb\/wp-json\/wp\/v2\/pages\/1853\/revisions\/1897"}],"up":[{"embeddable":true,"href":"https:\/\/agora.xtec.cat\/ifeb\/wp-json\/wp\/v2\/pages\/1654"}],"wp:attachment":[{"href":"https:\/\/agora.xtec.cat\/ifeb\/wp-json\/wp\/v2\/media?parent=1853"}],"curies":[{"name":"wp","href":"https:\/\/api.w.org\/{rel}","templated":true}]}}

Publicació de les llistes definitives dels cicles de grau superior 2025-2026

<p>📌 Recordem que per tal de procedir a fer la matrícula, cal <strong>CONFIRMAR</strong> al portal de preinscripció de la Generalitat la vostra plaça. Un cop heu confirmat, a partir del dia següent, des del centre us enviarem un correu amb la informació de la matrícula que es fa tota online del 1 al 5 d&#8217;agost.</p>



<p><strong>Tercera tanda:</strong></p>



<p><a href="https://drive.google.com/file/d/1M_T3fntJs8Xg-jDS9FLN6IAUZDtq1_ar/view?usp=sharing"><mark><strong>NOU</strong></mark>&nbsp;– LLISTAT Alumnes assignats al centre en tercera tanda a 29/07/2025</a></p>



<p><a href="https://drive.google.com/file/d/1we73qDCYjaihVS2W5ly7w19U5Kxo7f6u/view?usp=sharing"><mark><strong>NOU</strong></mark>&nbsp;–&nbsp;Alumnes preinscrits al centre amb indicació de l’assignació de centre i cicle final a 29/07/2025</a></p>



<p><strong>Processos i tandes finalitzades</strong>:</p>



<p><a href="https://drive.google.com/file/d/1e5b9dx2PMoZPMPCZFqn12xEjx1szPFqd/view?usp=sharing">Alumnes assignats al centre en segona tanda a 17/07/2025</a></p>



<p><a href="https://drive.google.com/file/d/1GtlVxPxAVXP6YhKHMEC-i0dVcVDTd-9o/view?usp=sharing">LLISTAT Alumnes preinscrits al centre amb indicació de l&#8217;assignació i l&#8217;ordre de petició de la segona tanda a 17/07/2025</a></p>



<p> <strong><a href="https://drive.google.com/file/d/1E75u2XnjgqQ611LPNfXJjhetsa_WgSI-/view?usp=sharing">LLISTA ALUMNAT ASSIGNAT EN 1a TANDA  (10/7/25) &#8211; Descarrega</a></strong></p>



<p><a href="https://drive.google.com/file/d/1u4E70YCYmBEJOfhGZrGkIveMzJtHdGIS/view?usp=sharing"><strong>LLISTA AMB RECLAMACIONS RESOLTES I BAREM (7/7/25) </strong>&#8211; Descarrega</a></p>



<p>Els cicles formatius inclosos són:</p>



<ul class="wp-block-list">
<li><strong>Assistència a la Direcció</strong></li>



<li><strong>Administració i Finances</strong></li>



<li><strong>Gestió de Vendes i Espais Comercials</strong></li>



<li><strong>Màrqueting i Publicitat</strong></li>
</ul>



<p>📌 <strong>Data de publicació:</strong> 29 de juliol de 2025<br>Per a qualsevol dubte o esmena, podeu adreçar-vos a la secretaria del centre dins el termini establert al calendari oficial del procés d’admissió.</p>



<p></p>

<p>📌 Recordem que per tal de procedir a fer la matrícula, cal CONFIRMAR al portal de preinscripció de la Generalitat la vostra plaça. Un cop heu confirmat, a partir del dia següent, des del centre us enviarem un correu amb la informació de la matrícula que es fa tota online del 1 al 5 d&#8217;agost. [&hellip;]</p>
